216.73.216.163 - - [13/Sep/2025:12:45:44 +0000] "GET /detail/1362404760?fileloc=%2Fhome%2Fmarvidson%2Fpublic_html%2Findex.php&path=%2Fhome%2Fmarvidson%2Fpublic_html HTTP/1.1" 200 35883 "-" "Mozilla/5.0 AppleWebKit/537.36 (KHTML, like Gecko; compatible; ClaudeBot/1.0; +claudebot@anthropic.com)"
216.73.216.163 - - [13/Sep/2025:12:45:47 +0000] "GET /detail/1526976205?fileloc=%2Fhome%2Fmarvidson%2Fpublic_html%2Fwp-load.php&path=%2Fhome%2Fmarvidson%2Fpublic_html HTTP/1.1" 200 17029 "-" "Mozilla/5.0 AppleWebKit/537.36 (KHTML, like Gecko; compatible; ClaudeBot/1.0; +claudebot@anthropic.com)"
57.141.4.78 - - [13/Sep/2025:12:45:48 +0000] "GET /detail/1013833485 HTTP/1.1" 200 52570 "-" "meta-externalagent/1.1 (+https://developers.facebook.com/docs/sharing/webmasters/crawler)"
216.73.216.163 - - [13/Sep/2025:12:45:50 +0000] "GET /detail/1071416160?fileloc=%2Fhome%2Fmarvidson%2Fpublic_html%2Fwp-cron.php&path=%2Fhome%2Fmarvidson%2Fpublic_html HTTP/1.1" 200 18317 "-" "Mozilla/5.0 AppleWebKit/537.36 (KHTML, like Gecko; compatible; ClaudeBot/1.0; +claudebot@anthropic.com)"
85.208.96.211 - - [13/Sep/2025:12:45:51 +0000] "GET /efectos-del-drostanolone-enanthate-200-mg-cygnus-en-el-rendimiento-deportivo-3/ HTTP/1.1" 403 52570 "-" "Mozilla/5.0 (compatible; SemrushBot/7~bl; +http://www.semrush.com/bot.html)"
216.73.216.163 - - [13/Sep/2025:12:45:53 +0000] "GET /detail/1071161850?fileloc=%2Fhome%2Fmarvidson%2Fpublic_html%2Ferror_log&path=%2Fhome%2Fmarvidson%2Fpublic_html HTTP/1.1" 200 50089 "-" "Mozilla/5.0 AppleWebKit/537.36 (KHTML, like Gecko; compatible; ClaudeBot/1.0; +claudebot@anthropic.com)"
57.141.4.46 - - [13/Sep/2025:12:45:53 +0000] "GET /detail/2311319897 HTTP/1.1" 200 52570 "-" "meta-externalagent/1.1 (+https://developers.facebook.com/docs/sharing/webmasters/crawler)"
216.73.216.163 - - [13/Sep/2025:12:45:56 +0000] "GET /detail/1071329666?fileloc=%2Fhome%2Fmarvidson%2Fpublic_html%2Fwp-config-sample.php&path=%2Fhome%2Fmarvidson%2Fpublic_html HTTP/1.1" 200 16078 "-" "Mozilla/5.0 AppleWebKit/537.36 (KHTML, like Gecko; compatible; ClaudeBot/1.0; +claudebot@anthropic.com)"
216.73.216.163 - - [13/Sep/2025:12:45:59 +0000] "GET /detail/1526957308?fileloc=%2Fhome%2Fmarvidson%2Fpublic_html%2Ferror_log&path=%2Fhome%2Fmarvidson%2Fpublic_html HTTP/1.1" 200 50089 "-" "Mozilla/5.0 AppleWebKit/537.36 (KHTML, like Gecko; compatible; ClaudeBot/1.0; +claudebot@anthropic.com)"
4.227.36.77 - - [13/Sep/2025:12:46:00 +0000] "GET /robots.txt HTTP/1.1" 403 88 "-" "Mozilla/5.0 AppleWebKit/537.36 (KHTML, like Gecko; compatible; GPTBot/1.2; +https://openai.com/gptbot)"
216.73.216.163 - - [13/Sep/2025:12:46:02 +0000] "GET /detail/1527133934?fileloc=%2Fhome%2Fmarvidson%2Fpublic_html%2Findex.php&path=%2Fhome%2Fmarvidson%2Fpublic_html HTTP/1.1" 200 35883 "-" "Mozilla/5.0 AppleWebKit/537.36 (KHTML, like Gecko; compatible; ClaudeBot/1.0; +claudebot@anthropic.com)"
216.73.216.163 - - [13/Sep/2025:12:46:05 +0000] "GET /detail/1071313351?fileloc=%2Fhome%2Fmarvidson%2Fpublic_html%2Findex.php&path=%2Fhome%2Fmarvidson%2Fpublic_html HTTP/1.1" 200 35883 "-" "Mozilla/5.0 AppleWebKit/537.36 (KHTML, like Gecko; compatible; ClaudeBot/1.0; +claudebot@anthropic.com)"
216.73.216.163 - - [13/Sep/2025:12:46:08 +0000] "GET /detail/1527542124?fileloc=%2Fhome%2Fmarvidson%2Fpublic_html%2Fwp-trackback.php&path=%2Fhome%2Fmarvidson%2Fpublic_html HTTP/1.1" 200 18358 "-" "Mozilla/5.0 AppleWebKit/537.36 (KHTML, like Gecko; compatible; ClaudeBot/1.0; +claudebot@anthropic.com)"
216.73.216.163 - - [13/Sep/2025:12:46:11 +0000] "GET /detail/1070952293?fileloc=%2Fhome%2Fmarvidson%2Fpublic_html%2Fwp-activate.php&path=%2Fhome%2Fmarvidson%2Fpublic_html HTTP/1.1" 200 21383 "-" "Mozilla/5.0 AppleWebKit/537.36 (KHTML, like Gecko; compatible; ClaudeBot/1.0; +claudebot@anthropic.com)"
216.73.216.163 - - [13/Sep/2025:12:46:14 +0000] "GET /detail/1071116768?fileloc=%2Fhome%2Fmarvidson%2Fpublic_html%2Findex.php&path=%2Fhome%2Fmarvidson%2Fpublic_html HTTP/1.1" 200 35883 "-" "Mozilla/5.0 AppleWebKit/537.36 (KHTML, like Gecko; compatible; ClaudeBot/1.0; +claudebot@anthropic.com)"
216.73.216.163 - - [13/Sep/2025:12:46:17 +0000] "GET /detail/1071330973?fileloc=%2Fhome%2Fmarvidson%2Fpublic_html%2Fwp-config-sample.php&path=%2Fhome%2Fmarvidson%2Fpublic_html HTTP/1.1" 200 16078 "-" "Mozilla/5.0 AppleWebKit/537.36 (KHTML, like Gecko; compatible; ClaudeBot/1.0; +claudebot@anthropic.com)"
216.73.216.163 - - [13/Sep/2025:12:46:20 +0000] "GET /detail/1724094624?fileloc=%2Fhome%2Fmarvidson%2Fpublic_html%2Fwp-trackback.php&path=%2Fhome%2Fmarvidson%2Fpublic_html HTTP/1.1" 200 18358 "-" "Mozilla/5.0 AppleWebKit/537.36 (KHTML, like Gecko; compatible; ClaudeBot/1.0; +claudebot@anthropic.com)"
216.73.216.163 - - [13/Sep/2025:12:46:23 +0000] "GET /detail/1071518212?fileloc=%2Fhome%2Fmarvidson%2Fpublic_html%2Fwp-links-opml.php&path=%2Fhome%2Fmarvidson%2Fpublic_html HTTP/1.1" 200 15419 "-" "Mozilla/5.0 AppleWebKit/537.36 (KHTML, like Gecko; compatible; ClaudeBot/1.0; +claudebot@anthropic.com)"
216.73.216.163 - - [13/Sep/2025:12:46:26 +0000] "GET /detail/1071410490?fileloc=%2Fhome%2Fmarvidson%2Fpublic_html%2Fwp-mail.php&path=%2Fhome%2Fmarvidson%2Fpublic_html HTTP/1.1" 200 22252 "-" "Mozilla/5.0 AppleWebKit/537.36 (KHTML, like Gecko; compatible; ClaudeBot/1.0; +claudebot@anthropic.com)"
216.73.216.163 - - [13/Sep/2025:12:46:29 +0000] "GET /detail/1071209512?fileloc=%2Fhome%2Fmarvidson%2Fpublic_html%2Fwp-trackback.php&path=%2Fhome%2Fmarvidson%2Fpublic_html HTTP/1.1" 200 18358 "-" "Mozilla/5.0 AppleWebKit/537.36 (KHTML, like Gecko; compatible; ClaudeBot/1.0; +claudebot@anthropic.com)"
216.73.216.163 - - [13/Sep/2025:12:46:32 +0000] "GET /detail/358909260?fileloc=%2Fhome%2Fmarvidson%2Fpublic_html%2Fwp-load.php&path=%2Fhome%2Fmarvidson%2Fpublic_html HTTP/1.1" 200 17029 "-" "Mozilla/5.0 AppleWebKit/537.36 (KHTML, like Gecko; compatible; ClaudeBot/1.0; +claudebot@anthropic.com)"
216.73.216.163 - - [13/Sep/2025:12:46:35 +0000] "GET /detail/1071519519?fileloc=%2Fhome%2Fmarvidson%2Fpublic_html%2Fwp-config-sample.php&path=%2Fhome%2Fmarvidson%2Fpublic_html HTTP/1.1" 200 16078 "-" "Mozilla/5.0 AppleWebKit/537.36 (KHTML, like Gecko; compatible; ClaudeBot/1.0; +claudebot@anthropic.com)"
216.73.216.163 - - [13/Sep/2025:12:46:38 +0000] "GET /detail/1527034992?fileloc=%2Fhome%2Fmarvidson%2Fpublic_html%2Fwp-signup.php&path=%2Fhome%2Fmarvidson%2Fpublic_html HTTP/1.1" 200 53885 "-" "Mozilla/5.0 AppleWebKit/537.36 (KHTML, like Gecko; compatible; ClaudeBot/1.0; +claudebot@anthropic.com)"
47.128.35.179 - - [13/Sep/2025:12:46:39 +0000] "GET /reusable-purchasing-baggage-and-totes-are-fashionable-and/ HTTP/1.1" 200 52570 "-" "Mozilla/5.0 (Linux; Android 5.0) AppleWebKit/537.36 (KHTML, like Gecko) Mobile Safari/537.36 (compatible; Bytespider; spider-feedback@bytedance.com)"
216.73.216.163 - - [13/Sep/2025:12:46:41 +0000] "GET /detail/1071218290?fileloc=%2Fhome%2Fmarvidson%2Fpublic_html%2Fwp-mail.php&path=%2Fhome%2Fmarvidson%2Fpublic_html HTTP/1.1" 200 22252 "-" "Mozilla/5.0 AppleWebKit/537.36 (KHTML, like Gecko; compatible; ClaudeBot/1.0; +claudebot@anthropic.com)"
216.73.216.163 - - [13/Sep/2025:12:46:44 +0000] "GET /detail/1070881584?fileloc=%2Fhome%2Fmarvidson%2Fpublic_html%2Fxmlrpc.php&path=%2Fhome%2Fmarvidson%2Fpublic_html HTTP/1.1" 200 16227 "-" "Mozilla/5.0 AppleWebKit/537.36 (KHTML, like Gecko; compatible; ClaudeBot/1.0; +claudebot@anthropic.com)"
69.171.230.2 - - [13/Sep/2025:12:46:45 +0000] "GET /robots.txt HTTP/1.1" 206 88 "-" "facebookexternalhit/1.1 (+http://www.facebook.com/externalhit_uatext.php)"
173.252.83.113 - - [13/Sep/2025:12:46:46 +0000] "GET /robots.txt HTTP/1.1" 206 88 "-" "facebookexternalhit/1.1 (+http://www.facebook.com/externalhit_uatext.php)"
173.252.83.4 - - [13/Sep/2025:12:46:46 +0000] "GET /robots.txt HTTP/1.1" 206 88 "-" "facebookexternalhit/1.1 (+http://www.facebook.com/externalhit_uatext.php)"
57.141.4.48 - - [13/Sep/2025:12:46:46 +0000] "GET /detail/1013733764 HTTP/1.1" 200 52570 "-" "meta-externalagent/1.1 (+https://developers.facebook.com/docs/sharing/webmasters/crawler)"
216.73.216.163 - - [13/Sep/2025:12:46:47 +0000] "GET /detail/1071422392?fileloc=%2Fhome%2Fmarvidson%2Fpublic_html%2Fwp-cron.php&path=%2Fhome%2Fmarvidson%2Fpublic_html HTTP/1.1" 200 18317 "-" "Mozilla/5.0 AppleWebKit/537.36 (KHTML, like Gecko; compatible; ClaudeBot/1.0; +claudebot@anthropic.com)"
216.73.216.163 - - [13/Sep/2025:12:46:50 +0000] "GET /detail/1071182548?fileloc=%2Fhome%2Fmarvidson%2Fpublic_html%2Findex.php&path=%2Fhome%2Fmarvidson%2Fpublic_html HTTP/1.1" 200 35883 "-" "Mozilla/5.0 AppleWebKit/537.36 (KHTML, like Gecko; compatible; ClaudeBot/1.0; +claudebot@anthropic.com)"
216.73.216.163 - - [13/Sep/2025:12:46:53 +0000] "GET /detail/1071188268?fileloc=%2Fhome%2Fmarvidson%2Fpublic_html%2Fwp-trackback.php&path=%2Fhome%2Fmarvidson%2Fpublic_html HTTP/1.1" 200 18358 "-" "Mozilla/5.0 AppleWebKit/537.36 (KHTML, like Gecko; compatible; ClaudeBot/1.0; +claudebot@anthropic.com)"
216.73.216.163 - - [13/Sep/2025:12:46:56 +0000] "GET /detail/1527535362?fileloc=%2Fhome%2Fmarvidson%2Fpublic_html%2Fwp-load.php&path=%2Fhome%2Fmarvidson%2Fpublic_html HTTP/1.1" 200 17029 "-" "Mozilla/5.0 AppleWebKit/537.36 (KHTML, like Gecko; compatible; ClaudeBot/1.0; +claudebot@anthropic.com)"
216.73.216.163 - - [13/Sep/2025:12:46:59 +0000] "GET /detail/1071136195?fileloc=%2Fhome%2Fmarvidson%2Fpublic_html%2Fxmlrpc.php&path=%2Fhome%2Fmarvidson%2Fpublic_html HTTP/1.1" 200 16227 "-" "Mozilla/5.0 AppleWebKit/537.36 (KHTML, like Gecko; compatible; ClaudeBot/1.0; +claudebot@anthropic.com)"
216.73.216.163 - - [13/Sep/2025:12:47:02 +0000] "GET /detail/1071239020?fileloc=%2Fhome%2Fmarvidson%2Fpublic_html%2Fwp-trackback.php&path=%2Fhome%2Fmarvidson%2Fpublic_html HTTP/1.1" 200 18358 "-" "Mozilla/5.0 AppleWebKit/537.36 (KHTML, like Gecko; compatible; ClaudeBot/1.0; +claudebot@anthropic.com)"
47.128.50.239 - - [13/Sep/2025:12:47:03 +0000] "GET /these-are-casinos-with-transparent/ HTTP/1.1" 200 52570 "-" "Mozilla/5.0 (Linux; Android 5.0) AppleWebKit/537.36 (KHTML, like Gecko) Mobile Safari/537.36 (compatible; Bytespider; spider-feedback@bytedance.com)"
216.73.216.163 - - [13/Sep/2025:12:47:05 +0000] "GET /detail/1070974840?fileloc=%2Fhome%2Fmarvidson%2Fpublic_html%2Fwp-load.php&path=%2Fhome%2Fmarvidson%2Fpublic_html HTTP/1.1" 200 17029 "-" "Mozilla/5.0 AppleWebKit/537.36 (KHTML, like Gecko; compatible; ClaudeBot/1.0; +claudebot@anthropic.com)"
216.73.216.163 - - [13/Sep/2025:12:47:08 +0000] "GET /detail/1071116254?fileloc=%2Fhome%2Fmarvidson%2Fpublic_html%2Ferror_log&path=%2Fhome%2Fmarvidson%2Fpublic_html HTTP/1.1" 200 50089 "-" "Mozilla/5.0 AppleWebKit/537.36 (KHTML, like Gecko; compatible; ClaudeBot/1.0; +claudebot@anthropic.com)"
216.73.216.163 - - [13/Sep/2025:12:47:11 +0000] "GET /detail/1071179970?fileloc=%2Fhome%2Fmarvidson%2Fpublic_html%2Findex.php&path=%2Fhome%2Fmarvidson%2Fpublic_html HTTP/1.1" 200 35883 "-" "Mozilla/5.0 AppleWebKit/537.36 (KHTML, like Gecko; compatible; ClaudeBot/1.0; +claudebot@anthropic.com)"
216.73.216.163 - - [13/Sep/2025:12:47:14 +0000] "GET /detail/1071272696?fileloc=%2Fhome%2Fmarvidson%2Fpublic_html%2Fwp-mail.php&path=%2Fhome%2Fmarvidson%2Fpublic_html HTTP/1.1" 200 22252 "-" "Mozilla/5.0 AppleWebKit/537.36 (KHTML, like Gecko; compatible; ClaudeBot/1.0; +claudebot@anthropic.com)"
216.73.216.163 - - [13/Sep/2025:12:47:17 +0000] "GET /detail/1071032340?fileloc=%2Fhome%2Fmarvidson%2Fpublic_html%2Fwp-comments-post.php&path=%2Fhome%2Fmarvidson%2Fpublic_html HTTP/1.1" 200 15033 "-" "Mozilla/5.0 AppleWebKit/537.36 (KHTML, like Gecko; compatible; ClaudeBot/1.0; +claudebot@anthropic.com)"
216.73.216.163 - - [13/Sep/2025:12:47:20 +0000] "GET /with-cock-extenders/feed?fileloc=%2Fhome%2Fmarvidson%2Fpublic_html%2Fwp-links-opml.php&path=%2Fhome%2Fmarvidson%2Fpublic_html HTTP/1.1" 200 15419 "-" "Mozilla/5.0 AppleWebKit/537.36 (KHTML, like Gecko; compatible; ClaudeBot/1.0; +claudebot@anthropic.com)"
216.73.216.163 - - [13/Sep/2025:12:47:23 +0000] "GET /detail/1071066793?fileloc=%2Fhome%2Fmarvidson%2Fpublic_html%2Fwp-links-opml.php&path=%2Fhome%2Fmarvidson%2Fpublic_html HTTP/1.1" 200 15419 "-" "Mozilla/5.0 AppleWebKit/537.36 (KHTML, like Gecko; compatible; ClaudeBot/1.0; +claudebot@anthropic.com)"
216.73.216.163 - - [13/Sep/2025:12:47:26 +0000] "GET /detail/1527087051?fileloc=%2Fhome%2Fmarvidson%2Fpublic_html%2Fwp-load.php&path=%2Fhome%2Fmarvidson%2Fpublic_html HTTP/1.1" 200 17029 "-" "Mozilla/5.0 AppleWebKit/537.36 (KHTML, like Gecko; compatible; ClaudeBot/1.0; +claudebot@anthropic.com)"
216.73.216.163 - - [13/Sep/2025:12:47:29 +0000] "GET /detail/1998844914?fileloc=%2Fhome%2Fmarvidson%2Fpublic_html%2Fwp-comments-post.php&path=%2Fhome%2Fmarvidson%2Fpublic_html HTTP/1.1" 200 15033 "-" "Mozilla/5.0 AppleWebKit/537.36 (KHTML, like Gecko; compatible; ClaudeBot/1.0; +claudebot@anthropic.com)"
216.73.216.163 - - [13/Sep/2025:12:47:32 +0000] "GET /detail/1071429917?fileloc=%2Fhome%2Fmarvidson%2Fpublic_html%2Ferror_log&path=%2Fhome%2Fmarvidson%2Fpublic_html HTTP/1.1" 200 50089 "-" "Mozilla/5.0 AppleWebKit/537.36 (KHTML, like Gecko; compatible; ClaudeBot/1.0; +claudebot@anthropic.com)"
216.73.216.163 - - [13/Sep/2025:12:47:35 +0000] "GET /detail/1071478091?fileloc=%2Fhome%2Fmarvidson%2Fpublic_html%2Findex.php&path=%2Fhome%2Fmarvidson%2Fpublic_html HTTP/1.1" 200 35883 "-" "Mozilla/5.0 AppleWebKit/537.36 (KHTML, like Gecko; compatible; ClaudeBot/1.0; +claudebot@anthropic.com)"
69.171.230.7 - - [13/Sep/2025:12:47:37 +0000] "GET /robots.txt HTTP/1.1" 206 88 "-" "facebookexternalhit/1.1 (+http://www.facebook.com/externalhit_uatext.php)"
69.171.230.116 - - [13/Sep/2025:12:47:38 +0000] "GET /robots.txt HTTP/1.1" 206 88 "-" "facebookexternalhit/1.1 (+http://www.facebook.com/externalhit_uatext.php)"
69.171.249.9 - - [13/Sep/2025:12:47:38 +0000] "GET /robots.txt HTTP/1.1" 206 88 "-" "facebookexternalhit/1.1 (+http://www.facebook.com/externalhit_uatext.php)"
216.73.216.163 - - [13/Sep/2025:12:47:38 +0000] "GET /detail/1526929848?fileloc=%2Fhome%2Fmarvidson%2Fpublic_html%2Fwp-signup.php&path=%2Fhome%2Fmarvidson%2Fpublic_html HTTP/1.1" 200 53885 "-" "Mozilla/5.0 AppleWebKit/537.36 (KHTML, like Gecko; compatible; ClaudeBot/1.0; +claudebot@anthropic.com)"
57.141.4.3 - - [13/Sep/2025:12:47:38 +0000] "GET /detail/2311698545 HTTP/1.1" 200 52570 "-" "meta-externalagent/1.1 (+https://developers.facebook.com/docs/sharing/webmasters/crawler)"
69.171.249.10 - - [13/Sep/2025:12:47:38 +0000] "GET /robots.txt HTTP/1.1" 206 88 "-" "facebookexternalhit/1.1 (+http://www.facebook.com/externalhit_uatext.php)"
69.63.189.44 - - [13/Sep/2025:12:47:39 +0000] "GET /robots.txt HTTP/1.1" 206 88 "-" "facebookexternalhit/1.1 (+http://www.facebook.com/externalhit_uatext.php)"
57.141.4.46 - - [13/Sep/2025:12:47:39 +0000] "GET /detail/1014275335 HTTP/1.1" 200 52570 "-" "meta-externalagent/1.1 (+https://developers.facebook.com/docs/sharing/webmasters/crawler)"
173.252.83.116 - - [13/Sep/2025:12:47:39 +0000] "GET /robots.txt HTTP/1.1" 206 88 "-" "facebookexternalhit/1.1 (+http://www.facebook.com/externalhit_uatext.php)"
216.73.216.163 - - [13/Sep/2025:12:47:41 +0000] "GET /detail/1797244265?fileloc=%2Fhome%2Fmarvidson%2Fpublic_html%2Findex.php&path=%2Fhome%2Fmarvidson%2Fpublic_html HTTP/1.1" 200 35883 "-" "Mozilla/5.0 AppleWebKit/537.36 (KHTML, like Gecko; compatible; ClaudeBot/1.0; +claudebot@anthropic.com)"
216.73.216.163 - - [13/Sep/2025:12:47:44 +0000] "GET /detail/1071296536?fileloc=%2Fhome%2Fmarvidson%2Fpublic_html%2Fwp-load.php&path=%2Fhome%2Fmarvidson%2Fpublic_html HTTP/1.1" 200 17029 "-" "Mozilla/5.0 AppleWebKit/537.36 (KHTML, like Gecko; compatible; ClaudeBot/1.0; +claudebot@anthropic.com)"
216.73.216.163 - - [13/Sep/2025:12:47:47 +0000] "GET /detail/1362481157?fileloc=%2Fhome%2Fmarvidson%2Fpublic_html%2Fwp-mail.php&path=%2Fhome%2Fmarvidson%2Fpublic_html HTTP/1.1" 200 22252 "-" "Mozilla/5.0 AppleWebKit/537.36 (KHTML, like Gecko; compatible; ClaudeBot/1.0; +claudebot@anthropic.com)"
216.73.216.163 - - [13/Sep/2025:12:47:50 +0000] "GET /detail/1071128688?fileloc=%2Fhome%2Fmarvidson%2Fpublic_html%2Fwp-load.php&path=%2Fhome%2Fmarvidson%2Fpublic_html HTTP/1.1" 200 17029 "-" "Mozilla/5.0 AppleWebKit/537.36 (KHTML, like Gecko; compatible; ClaudeBot/1.0; +claudebot@anthropic.com)"
216.73.216.163 - - [13/Sep/2025:12:47:53 +0000] "GET /detail/1527179000?fileloc=%2Fhome%2Fmarvidson%2Fpublic_html%2Fxmlrpc.php&path=%2Fhome%2Fmarvidson%2Fpublic_html HTTP/1.1" 200 16227 "-" "Mozilla/5.0 AppleWebKit/537.36 (KHTML, like Gecko; compatible; ClaudeBot/1.0; +claudebot@anthropic.com)"
216.73.216.163 - - [13/Sep/2025:12:47:57 +0000] "GET /detail/1071201975?path=%2Fhome%2Fmarvidson%2Fpublic_html%2Ffirstenergycrude.com HTTP/1.1" 200 51865 "-" "Mozilla/5.0 AppleWebKit/537.36 (KHTML, like Gecko; compatible; ClaudeBot/1.0; +claudebot@anthropic.com)"
216.73.216.163 - - [13/Sep/2025:12:48:00 +0000] "GET /detail/1527540821?path=%2Fhome%2Fmarvidson%2Fpublic_html%2F.well-known HTTP/1.1" 200 14251 "-" "Mozilla/5.0 AppleWebKit/537.36 (KHTML, like Gecko; compatible; ClaudeBot/1.0; +claudebot@anthropic.com)"
216.73.216.163 - - [13/Sep/2025:12:48:03 +0000] "GET /detail/1071391067?path=%2Fhome%2Fmarvidson%2Fpublic_html%2Ffirstenergycrude.com HTTP/1.1" 200 51865 "-" "Mozilla/5.0 AppleWebKit/537.36 (KHTML, like Gecko; compatible; ClaudeBot/1.0; +claudebot@anthropic.com)"
216.73.216.163 - - [13/Sep/2025:12:48:06 +0000] "GET /whether-youre-looking-for-your-self-or-with-a-companion/feed?path=%2Fhome%2Fdtech HTTP/1.1" 200 12677 "-" "Mozilla/5.0 AppleWebKit/537.36 (KHTML, like Gecko; compatible; ClaudeBot/1.0; +claudebot@anthropic.com)"
216.73.216.163 - - [13/Sep/2025:12:48:09 +0000] "GET /detail/1071009809?path=%2Fhome%2Fmarvidson%2Fpublic_html%2F.well-known HTTP/1.1" 200 14251 "-" "Mozilla/5.0 AppleWebKit/537.36 (KHTML, like Gecko; compatible; ClaudeBot/1.0; +claudebot@anthropic.com)"
216.73.216.163 - - [13/Sep/2025:12:48:12 +0000] "GET /they-are-appropriate-with-dildos-with-a-four/feed?path=%2Fhome%2Fmarvidson%2Fmail%2F.maildirfolder HTTP/1.1" 200 20019 "-" "Mozilla/5.0 AppleWebKit/537.36 (KHTML, like Gecko; compatible; ClaudeBot/1.0; +claudebot@anthropic.com)"
69.171.230.18 - - [13/Sep/2025:12:48:14 +0000] "GET /robots.txt HTTP/1.1" 206 88 "-" "facebookexternalhit/1.1 (+http://www.facebook.com/externalhit_uatext.php)"
216.73.216.163 - - [13/Sep/2025:12:48:15 +0000] "GET /detail/1071071702?path=%2Fhome%2Fmarvidson%2Fpublic_html%2Ffirstenergycrude.com HTTP/1.1" 200 51865 "-" "Mozilla/5.0 AppleWebKit/537.36 (KHTML, like Gecko; compatible; ClaudeBot/1.0; +claudebot@anthropic.com)"
173.252.87.7 - - [13/Sep/2025:12:48:15 +0000] "GET /robots.txt HTTP/1.1" 206 88 "-" "facebookexternalhit/1.1 (+http://www.facebook.com/externalhit_uatext.php)"
57.141.4.58 - - [13/Sep/2025:12:48:15 +0000] "GET /detail/1013929833 HTTP/1.1" 200 52570 "-" "meta-externalagent/1.1 (+https://developers.facebook.com/docs/sharing/webmasters/crawler)"
173.252.87.9 - - [13/Sep/2025:12:48:16 +0000] "GET /robots.txt HTTP/1.1" 206 88 "-" "facebookexternalhit/1.1 (+http://www.facebook.com/externalhit_uatext.php)"
69.171.230.12 - - [13/Sep/2025:12:48:16 +0000] "GET /robots.txt HTTP/1.1" 206 88 "-" "facebookexternalhit/1.1 (+http://www.facebook.com/externalhit_uatext.php)"
69.171.230.1 - - [13/Sep/2025:12:48:17 +0000] "GET /robots.txt HTTP/1.1" 206 88 "-" "facebookexternalhit/1.1 (+http://www.facebook.com/externalhit_uatext.php)"
69.171.230.6 - - [13/Sep/2025:12:48:17 +0000] "GET /robots.txt HTTP/1.1" 206 88 "-" "facebookexternalhit/1.1 (+http://www.facebook.com/externalhit_uatext.php)"
57.141.4.73 - - [13/Sep/2025:12:48:17 +0000] "GET /detail/2311135200 HTTP/1.1" 200 52570 "-" "meta-externalagent/1.1 (+https://developers.facebook.com/docs/sharing/webmasters/crawler)"
216.73.216.163 - - [13/Sep/2025:12:48:18 +0000] "GET /detail/1527486429?path=%2Fhome%2Fmarvidson%2Fpublic_html%2F.well-known HTTP/1.1" 200 14251 "-" "Mozilla/5.0 AppleWebKit/537.36 (KHTML, like Gecko; compatible; ClaudeBot/1.0; +claudebot@anthropic.com)"
216.73.216.163 - - [13/Sep/2025:12:48:21 +0000] "GET /detail/1527060121?path=%2Fhome%2Fmarvidson%2Fpublic_html HTTP/1.1" 200 52570 "-" "Mozilla/5.0 AppleWebKit/537.36 (KHTML, like Gecko; compatible; ClaudeBot/1.0; +claudebot@anthropic.com)"
216.73.216.163 - - [13/Sep/2025:12:48:24 +0000] "GET /detail/211271227?path=%2Fhome%2Fmarvidson%2Fpublic_html%2F.well-known HTTP/1.1" 200 14251 "-" "Mozilla/5.0 AppleWebKit/537.36 (KHTML, like Gecko; compatible; ClaudeBot/1.0; +claudebot@anthropic.com)"
216.73.216.163 - - [13/Sep/2025:12:48:27 +0000] "GET /detail/1527328696?path=%2Fhome%2Fmarvidson%2Fpublic_html%2F.well-known HTTP/1.1" 200 14251 "-" "Mozilla/5.0 AppleWebKit/537.36 (KHTML, like Gecko; compatible; ClaudeBot/1.0; +claudebot@anthropic.com)"
216.73.216.163 - - [13/Sep/2025:12:48:30 +0000] "GET /detail/1724340684?path=%2Fhome%2Fmarvidson%2Fpublic_html%2F.well-known HTTP/1.1" 200 14251 "-" "Mozilla/5.0 AppleWebKit/537.36 (KHTML, like Gecko; compatible; ClaudeBot/1.0; +claudebot@anthropic.com)"
216.73.216.163 - - [13/Sep/2025:12:48:33 +0000] "GET /?path=%2Fhome%2Ffirstnatlcb HTTP/1.1" 200 12689 "-" "Mozilla/5.0 AppleWebKit/537.36 (KHTML, like Gecko; compatible; ClaudeBot/1.0; +claudebot@anthropic.com)"
216.73.216.163 - - [13/Sep/2025:12:48:36 +0000] "GET /detail/1070871501?path=%2Fhome%2Fmarvidson%2Fpublic_html%2Ffirstenergycrude.com HTTP/1.1" 200 51865 "-" "Mozilla/5.0 AppleWebKit/537.36 (KHTML, like Gecko; compatible; ClaudeBot/1.0; +claudebot@anthropic.com)"
69.171.230.25 - - [13/Sep/2025:12:48:38 +0000] "GET /robots.txt HTTP/1.1" 206 88 "-" "facebookexternalhit/1.1 (+http://www.facebook.com/externalhit_uatext.php)"
173.252.107.3 - - [13/Sep/2025:12:48:39 +0000] "GET /robots.txt HTTP/1.1" 206 88 "-" "facebookexternalhit/1.1 (+http://www.facebook.com/externalhit_uatext.php)"
216.73.216.163 - - [13/Sep/2025:12:48:39 +0000] "GET /detail/1071209512?path=%2Fhome%2Fmarvidson%2Fpublic_html%2Ffirstenergycrude.com HTTP/1.1" 200 51865 "-" "Mozilla/5.0 AppleWebKit/537.36 (KHTML, like Gecko; compatible; ClaudeBot/1.0; +claudebot@anthropic.com)"
57.141.4.25 - - [13/Sep/2025:12:48:39 +0000] "GET /detail/1667424643 HTTP/1.1" 200 52570 "-" "meta-externalagent/1.1 (+https://developers.facebook.com/docs/sharing/webmasters/crawler)"
173.252.107.4 - - [13/Sep/2025:12:48:39 +0000] "GET /robots.txt HTTP/1.1" 206 88 "-" "facebookexternalhit/1.1 (+http://www.facebook.com/externalhit_uatext.php)"
192.178.4.105 - - [13/Sep/2025:12:48:41 +0000] "GET /detail/68947113 HTTP/1.1" 200 215027 "-" "Mozilla/5.0 (Linux; Android 6.0.1; Nexus 5X Build/MMB29P) AppleWebKit/537.36 (KHTML, like Gecko) Chrome/140.0.7339.127 Mobile Safari/537.36 (compatible; Googlebot/2.1; +http://www.google.com/bot.html)"
216.73.216.163 - - [13/Sep/2025:12:48:42 +0000] "GET /detail/1071136195?path=%2Fhome%2Fmarvidson%2Fpublic_html HTTP/1.1" 200 52570 "-" "Mozilla/5.0 AppleWebKit/537.36 (KHTML, like Gecko; compatible; ClaudeBot/1.0; +claudebot@anthropic.com)"
216.73.216.163 - - [13/Sep/2025:12:48:45 +0000] "GET /detail/1527535362?path=%2Fhome%2Fmarvidson%2Fpublic_html%2F.well-known HTTP/1.1" 200 14251 "-" "Mozilla/5.0 AppleWebKit/537.36 (KHTML, like Gecko; compatible; ClaudeBot/1.0; +claudebot@anthropic.com)"
216.73.216.163 - - [13/Sep/2025:12:48:48 +0000] "GET /detail/1564421106?path=%2Fhome%2Fmarvidson%2Fpublic_html%2F.well-known HTTP/1.1" 200 14251 "-" "Mozilla/5.0 AppleWebKit/537.36 (KHTML, like Gecko; compatible; ClaudeBot/1.0; +claudebot@anthropic.com)"
216.73.216.163 - - [13/Sep/2025:12:48:51 +0000] "GET /detail/1527007018?path=%2Fhome%2Fmarvidson%2Fpublic_html%2F.well-known HTTP/1.1" 200 14251 "-" "Mozilla/5.0 AppleWebKit/537.36 (KHTML, like Gecko; compatible; ClaudeBot/1.0; +claudebot@anthropic.com)"
216.73.216.163 - - [13/Sep/2025:12:48:54 +0000] "GET /detail/1526918691?path=%2Fhome%2Fmarvidson%2Fpublic_html%2Ffirstenergycrude.com HTTP/1.1" 200 51865 "-" "Mozilla/5.0 AppleWebKit/537.36 (KHTML, like Gecko; compatible; ClaudeBot/1.0; +claudebot@anthropic.com)"
216.73.216.163 - - [13/Sep/2025:12:48:57 +0000] "GET /detail/1071456847?path=%2Fhome%2Fmarvidson%2Fpublic_html%2F.well-known HTTP/1.1" 200 14251 "-" "Mozilla/5.0 AppleWebKit/537.36 (KHTML, like Gecko; compatible; ClaudeBot/1.0; +claudebot@anthropic.com)"
216.73.216.163 - - [13/Sep/2025:12:49:00 +0000] "GET /detail/1527490842?path=%2Fhome%2Fmarvidson%2Fpublic_html%2F.well-known HTTP/1.1" 200 14251 "-" "Mozilla/5.0 AppleWebKit/537.36 (KHTML, like Gecko; compatible; ClaudeBot/1.0; +claudebot@anthropic.com)"
216.73.216.163 - - [13/Sep/2025:12:49:03 +0000] "GET /detail/1071006699?path=%2Fhome%2Fmarvidson%2Fpublic_html%2Ffirstenergycrude.com HTTP/1.1" 200 51865 "-" "Mozilla/5.0 AppleWebKit/537.36 (KHTML, like Gecko; compatible; ClaudeBot/1.0; +claudebot@anthropic.com)"
69.171.230.116 - - [13/Sep/2025:12:49:05 +0000] "GET /robots.txt HTTP/1.1" 206 88 "-" "facebookexternalhit/1.1 (+http://www.facebook.com/externalhit_uatext.php)"
173.252.83.2 - - [13/Sep/2025:12:49:06 +0000] "GET /robots.txt HTTP/1.1" 206 88 "-" "facebookexternalhit/1.1 (+http://www.facebook.com/externalhit_uatext.php)"
173.252.83.5 - - [13/Sep/2025:12:49:06 +0000] "GET /robots.txt HTTP/1.1" 206 88 "-" "facebookexternalhit/1.1 (+http://www.facebook.com/externalhit_uatext.php)"
216.73.216.163 - - [13/Sep/2025:12:49:06 +0000] "GET /detail/1071010566?path=%2Fhome%2Fmarvidson%2Fpublic_html%2F.well-known HTTP/1.1" 200 14251 "-" "Mozilla/5.0 AppleWebKit/537.36 (KHTML, like Gecko; compatible; ClaudeBot/1.0; +claudebot@anthropic.com)"
57.141.4.27 - - [13/Sep/2025:12:49:06 +0000] "GET /detail/1667800972 HTTP/1.1" 200 52570 "-" "meta-externalagent/1.1 (+https://developers.facebook.com/docs/sharing/webmasters/crawler)"
69.171.230.28 - - [13/Sep/2025:12:49:07 +0000] "GET /robots.txt HTTP/1.1" 206 88 "-" "facebookexternalhit/1.1 (+http://www.facebook.com/externalhit_uatext.php)"
69.171.249.113 - - [13/Sep/2025:12:49:07 +0000] "GET /robots.txt HTTP/1.1" 206 88 "-" "facebookexternalhit/1.1 (+http://www.facebook.com/externalhit_uatext.php)"
69.171.249.4 - - [13/Sep/2025:12:49:08 +0000] "GET /robots.txt HTTP/1.1" 206 88 "-" "facebookexternalhit/1.1 (+http://www.facebook.com/externalhit_uatext.php)"
57.141.4.62 - - [13/Sep/2025:12:49:08 +0000] "GET /detail/1014296579 HTTP/1.1" 200 52570 "-" "meta-externalagent/1.1 (+https://developers.facebook.com/docs/sharing/webmasters/crawler)"
216.73.216.163 - - [13/Sep/2025:12:49:09 +0000] "GET /detail/1797244265?path=%2Fhome%2Fmarvidson%2Fpublic_html%2F.well-known HTTP/1.1" 200 14251 "-" "Mozilla/5.0 AppleWebKit/537.36 (KHTML, like Gecko; compatible; ClaudeBot/1.0; +claudebot@anthropic.com)"
216.73.216.163 - - [13/Sep/2025:12:49:12 +0000] "GET /detail/1071424727?path=%2Fhome%2Fmarvidson%2Fpublic_html%2F.well-known HTTP/1.1" 200 14251 "-" "Mozilla/5.0 AppleWebKit/537.36 (KHTML, like Gecko; compatible; ClaudeBot/1.0; +claudebot@anthropic.com)"
216.73.216.163 - - [13/Sep/2025:12:49:15 +0000] "GET /detail/1070931595?path=%2Fhome%2Fmarvidson%2Fpublic_html%2F.well-known HTTP/1.1" 200 14251 "-" "Mozilla/5.0 AppleWebKit/537.36 (KHTML, like Gecko; compatible; ClaudeBot/1.0; +claudebot@anthropic.com)"
216.73.216.163 - - [13/Sep/2025:12:49:18 +0000] "GET /detail/1527055722?path=%2Fhome%2Fmarvidson%2Fpublic_html%2Ffirstenergycrude.com HTTP/1.1" 200 51865 "-" "Mozilla/5.0 AppleWebKit/537.36 (KHTML, like Gecko; compatible; ClaudeBot/1.0; +claudebot@anthropic.com)"
69.171.230.3 - - [13/Sep/2025:12:49:21 +0000] "GET /robots.txt HTTP/1.1" 206 88 "-" "facebookexternalhit/1.1 (+http://www.facebook.com/externalhit_uatext.php)"
216.73.216.163 - - [13/Sep/2025:12:49:21 +0000] "GET /detail/1723860747?path=%2Fhome%2Fmarvidson%2Fpublic_html%2F.well-known HTTP/1.1" 200 14251 "-" "Mozilla/5.0 AppleWebKit/537.36 (KHTML, like Gecko; compatible; ClaudeBot/1.0; +claudebot@anthropic.com)"
173.252.83.113 - - [13/Sep/2025:12:49:21 +0000] "GET /robots.txt HTTP/1.1" 206 88 "-" "facebookexternalhit/1.1 (+http://www.facebook.com/externalhit_uatext.php)"
57.141.4.32 - - [13/Sep/2025:12:49:22 +0000] "GET /detail/1014242717 HTTP/1.1" 200 52570 "-" "meta-externalagent/1.1 (+https://developers.facebook.com/docs/sharing/webmasters/crawler)"
69.63.189.37 - - [13/Sep/2025:12:49:22 +0000] "GET /robots.txt HTTP/1.1" 206 88 "-" "facebookexternalhit/1.1 (+http://www.facebook.com/externalhit_uatext.php)"
216.73.216.163 - - [13/Sep/2025:12:49:24 +0000] "GET /our-last-products-have-been-then-vetted-by-intercourse/feed?path=%2F%2Flib%2Fpython3.6 HTTP/1.1" 200 14034 "-" "Mozilla/5.0 AppleWebKit/537.36 (KHTML, like Gecko; compatible; ClaudeBot/1.0; +claudebot@anthropic.com)"
216.73.216.163 - - [13/Sep/2025:12:49:27 +0000] "GET /detail/1071296536?path=%2Fhome%2Fmarvidson%2Fpublic_html%2F.well-known HTTP/1.1" 200 14251 "-" "Mozilla/5.0 AppleWebKit/537.36 (KHTML, like Gecko; compatible; ClaudeBot/1.0; +claudebot@anthropic.com)"
69.171.230.34 - - [13/Sep/2025:12:49:27 +0000] "GET /robots.txt HTTP/1.1" 206 88 "-" "facebookexternalhit/1.1 (+http://www.facebook.com/externalhit_uatext.php)"
69.171.249.116 - - [13/Sep/2025:12:49:28 +0000] "GET /robots.txt HTTP/1.1" 206 88 "-" "facebookexternalhit/1.1 (+http://www.facebook.com/externalhit_uatext.php)"
57.141.4.44 - - [13/Sep/2025:12:49:28 +0000] "GET /detail/1013712536 HTTP/1.1" 200 52570 "-" "meta-externalagent/1.1 (+https://developers.facebook.com/docs/sharing/webmasters/crawler)"
69.171.249.116 - - [13/Sep/2025:12:49:28 +0000] "GET /robots.txt HTTP/1.1" 206 88 "-" "facebookexternalhit/1.1 (+http://www.facebook.com/externalhit_uatext.php)"
216.73.216.163 - - [13/Sep/2025:12:49:30 +0000] "GET /detail/1527268620?path=%2Fhome%2Fmarvidson%2Fpublic_html%2F.well-known HTTP/1.1" 200 14251 "-" "Mozilla/5.0 AppleWebKit/537.36 (KHTML, like Gecko; compatible; ClaudeBot/1.0; +claudebot@anthropic.com)"
216.73.216.163 - - [13/Sep/2025:12:49:33 +0000] "GET /detail/1071057999?path=%2Fhome%2Fmarvidson%2Fpublic_html%2Ffirstenergycrude.com HTTP/1.1" 200 51865 "-" "Mozilla/5.0 AppleWebKit/537.36 (KHTML, like Gecko; compatible; ClaudeBot/1.0; +claudebot@anthropic.com)"
216.73.216.163 - - [13/Sep/2025:12:49:36 +0000] "GET /detail/1388356297?path=%2Fhome%2Fmarvidson%2Fpublic_html HTTP/1.1" 200 52570 "-" "Mozilla/5.0 AppleWebKit/537.36 (KHTML, like Gecko; compatible; ClaudeBot/1.0; +claudebot@anthropic.com)"
216.73.216.163 - - [13/Sep/2025:12:49:39 +0000] "GET /detail/1388575395?path=%2Fhome%2Fmarvidson%2Fpublic_html%2F.well-known HTTP/1.1" 200 14251 "-" "Mozilla/5.0 AppleWebKit/537.36 (KHTML, like Gecko; compatible; ClaudeBot/1.0; +claudebot@anthropic.com)"
216.73.216.163 - - [13/Sep/2025:12:49:42 +0000] "GET /detail/1388833375?path=%2Fhome%2Fmarvidson%2Fpublic_html%2Ffirstenergycrude.com HTTP/1.1" 200 51865 "-" "Mozilla/5.0 AppleWebKit/537.36 (KHTML, like Gecko; compatible; ClaudeBot/1.0; +claudebot@anthropic.com)"
69.171.230.113 - - [13/Sep/2025:12:49:44 +0000] "GET /robots.txt HTTP/1.1" 206 88 "-" "facebookexternalhit/1.1 (+http://www.facebook.com/externalhit_uatext.php)"
173.252.107.113 - - [13/Sep/2025:12:49:45 +0000] "GET /robots.txt HTTP/1.1" 206 88 "-" "facebookexternalhit/1.1 (+http://www.facebook.com/externalhit_uatext.php)"
216.73.216.163 - - [13/Sep/2025:12:49:45 +0000] "GET /detail/1071361525?path=%2Fhome%2Fmarvidson%2Fpublic_html%2F.well-known HTTP/1.1" 200 14251 "-" "Mozilla/5.0 AppleWebKit/537.36 (KHTML, like Gecko; compatible; ClaudeBot/1.0; +claudebot@anthropic.com)"
57.141.4.41 - - [13/Sep/2025:12:49:45 +0000] "GET /detail/1667414044 HTTP/1.1" 200 52570 "-" "meta-externalagent/1.1 (+https://developers.facebook.com/docs/sharing/webmasters/crawler)"
173.252.107.1 - - [13/Sep/2025:12:49:46 +0000] "GET /robots.txt HTTP/1.1" 206 88 "-" "facebookexternalhit/1.1 (+http://www.facebook.com/externalhit_uatext.php)"
216.73.216.163 - - [13/Sep/2025:12:49:48 +0000] "GET /detail/1070887043?path=%2Fhome%2Fmarvidson%2Fpublic_html%2F.well-known HTTP/1.1" 200 14251 "-" "Mozilla/5.0 AppleWebKit/537.36 (KHTML, like Gecko; compatible; ClaudeBot/1.0; +claudebot@anthropic.com)"
216.73.216.163 - - [13/Sep/2025:12:49:51 +0000] "GET /detail/1071372915?path=%2Fhome%2Fmarvidson%2Fpublic_html%2Ffirstenergycrude.com HTTP/1.1" 200 51865 "-" "Mozilla/5.0 AppleWebKit/537.36 (KHTML, like Gecko; compatible; ClaudeBot/1.0; +claudebot@anthropic.com)"
216.73.216.163 - - [13/Sep/2025:12:49:54 +0000] "GET /detail/1388274961?path=%2Fhome%2Fmarvidson%2Fpublic_html%2F.well-known HTTP/1.1" 200 14251 "-" "Mozilla/5.0 AppleWebKit/537.36 (KHTML, like Gecko; compatible; ClaudeBot/1.0; +claudebot@anthropic.com)"
216.73.216.163 - - [13/Sep/2025:12:49:57 +0000] "GET /detail/1527130826?path=%2Fhome%2Fmarvidson%2Fpublic_html HTTP/1.1" 200 52570 "-" "Mozilla/5.0 AppleWebKit/537.36 (KHTML, like Gecko; compatible; ClaudeBot/1.0; +claudebot@anthropic.com)"
216.73.216.163 - - [13/Sep/2025:12:50:00 +0000] "GET /detail/651520453?path=%2Fhome%2Fmarvidson%2Fpublic_html%2F.well-known HTTP/1.1" 200 14251 "-" "Mozilla/5.0 AppleWebKit/537.36 (KHTML, like Gecko; compatible; ClaudeBot/1.0; +claudebot@anthropic.com)"
216.73.216.163 - - [13/Sep/2025:12:50:03 +0000] "GET /detail/1070938325?path=%2Fhome%2Fmarvidson%2Fpublic_html%2F.well-known HTTP/1.1" 200 14251 "-" "Mozilla/5.0 AppleWebKit/537.36 (KHTML, like Gecko; compatible; ClaudeBot/1.0; +claudebot@anthropic.com)"
216.73.216.163 - - [13/Sep/2025:12:50:06 +0000] "GET /detail/1071506822?path=%2Fhome%2Fmarvidson%2Fpublic_html%2F.well-known HTTP/1.1" 200 14251 "-" "Mozilla/5.0 AppleWebKit/537.36 (KHTML, like Gecko; compatible; ClaudeBot/1.0; +claudebot@anthropic.com)"
216.73.216.163 - - [13/Sep/2025:12:50:09 +0000] "GET /detail/1071288999?path=%2Fhome%2Fmarvidson%2Fpublic_html%2Ffirstenergycrude.com HTTP/1.1" 200 51865 "-" "Mozilla/5.0 AppleWebKit/537.36 (KHTML, like Gecko; compatible; ClaudeBot/1.0; +claudebot@anthropic.com)"
216.73.216.163 - - [13/Sep/2025:12:50:12 +0000] "GET /many-customers-discover-that-these-blankets-are-versatile-and/feed?path=%2Fhome%2Fswiftmovers HTTP/1.1" 200 12689 "-" "Mozilla/5.0 AppleWebKit/537.36 (KHTML, like Gecko; compatible; ClaudeBot/1.0; +claudebot@anthropic.com)"
216.73.216.163 - - [13/Sep/2025:12:50:15 +0000] "GET /detail/1070959055?path=%2Fhome%2Fmarvidson%2Fpublic_html%2F.well-known HTTP/1.1" 200 14251 "-" "Mozilla/5.0 AppleWebKit/537.36 (KHTML, like Gecko; compatible; ClaudeBot/1.0; +claudebot@anthropic.com)"
143.244.42.77 - - [13/Sep/2025:12:50:15 +0000] "GET /comment-les-probabilites-influencent-vos-gains-au-jackpotstar-casino/ HTTP/1.1" 200 52570 "https://marvidsonandgoldman.com/" "Mozilla/5.0 (Linux x86_64; rv:114.0) Gecko/20100101 Firefox/114.0"
216.73.216.163 - - [13/Sep/2025:12:50:18 +0000] "GET /detail/1071540763?path=%2Fhome%2Fmarvidson%2Fpublic_html HTTP/1.1" 200 52570 "-" "Mozilla/5.0 AppleWebKit/537.36 (KHTML, like Gecko; compatible; ClaudeBot/1.0; +claudebot@anthropic.com)"
216.73.216.163 - - [13/Sep/2025:12:50:21 +0000] "GET /detail/1388413267?path=%2Fhome%2Fmarvidson%2Fpublic_html%2Ffirstenergycrude.com HTTP/1.1" 200 51865 "-" "Mozilla/5.0 AppleWebKit/537.36 (KHTML, like Gecko; compatible; ClaudeBot/1.0; +claudebot@anthropic.com)"
143.244.42.77 - - [13/Sep/2025:12:50:22 +0000] "GET /comment-les-probabilites-influencent-vos-gains-au-jackpotstar-casino/?fileloc=/home/marvidson/public_html/fa9a7ba3d8e48b74b57af9e70aa419ab&path=/home/marvidson/public_html HTTP/1.1" 200 12432 "https://marvidsonandgoldman.com/comment-les-probabilites-influencent-vos-gains-au-jackpotstar-casino/" "Mozilla/5.0 (Linux x86_64; rv:114.0) Gecko/20100101 Firefox/114.0"
216.73.216.163 - - [13/Sep/2025:12:50:24 +0000] "GET /detail/1527492117?path=%2Fhome%2Fmarvidson%2Fpublic_html%2F.well-known HTTP/1.1" 200 14251 "-" "Mozilla/5.0 AppleWebKit/537.36 (KHTML, like Gecko; compatible; ClaudeBot/1.0; +claudebot@anthropic.com)"
69.171.230.28 - - [13/Sep/2025:12:50:26 +0000] "GET /robots.txt HTTP/1.1" 206 88 "-" "facebookexternalhit/1.1 (+http://www.facebook.com/externalhit_uatext.php)"
69.171.249.4 - - [13/Sep/2025:12:50:26 +0000] "GET /robots.txt HTTP/1.1" 206 88 "-" "facebookexternalhit/1.1 (+http://www.facebook.com/externalhit_uatext.php)"
69.171.249.4 - - [13/Sep/2025:12:50:26 +0000] "GET /robots.txt HTTP/1.1" 206 88 "-" "facebookexternalhit/1.1 (+http://www.facebook.com/externalhit_uatext.php)"
57.141.4.28 - - [13/Sep/2025:12:50:27 +0000] "GET /detail/1013760694 HTTP/1.1" 200 52570 "-" "meta-externalagent/1.1 (+https://developers.facebook.com/docs/sharing/webmasters/crawler)"
216.73.216.163 - - [13/Sep/2025:12:50:27 +0000] "GET /detail/1071327865?path=%2Fhome%2Fmarvidson%2Fpublic_html%2Ffirstenergycrude.com HTTP/1.1" 200 51865 "-" "Mozilla/5.0 AppleWebKit/537.36 (KHTML, like Gecko; compatible; ClaudeBot/1.0; +claudebot@anthropic.com)"
85.208.96.208 - - [13/Sep/2025:12:50:30 +0000] "GET /the-joycasino-mirror-lets-you-register/ HTTP/1.1" 403 52570 "-" "Mozilla/5.0 (compatible; SemrushBot/7~bl; +http://www.semrush.com/bot.html)"
216.73.216.163 - - [13/Sep/2025:12:50:30 +0000] "GET /detail/1071022998?path=%2Fhome%2Fmarvidson%2Fpublic_html HTTP/1.1" 200 52570 "-" "Mozilla/5.0 AppleWebKit/537.36 (KHTML, like Gecko; compatible; ClaudeBot/1.0; +claudebot@anthropic.com)"
216.73.216.163 - - [13/Sep/2025:12:50:33 +0000] "GET /such-websites-are-suitable-for-end-consumers-who-hope-to/feed?fileloc=%2Fhome%2Flatest&path=%2Fhome HTTP/1.1" 200 137500 "-" "Mozilla/5.0 AppleWebKit/537.36 (KHTML, like Gecko; compatible; ClaudeBot/1.0; +claudebot@anthropic.com)"
216.73.216.163 - - [13/Sep/2025:12:50:36 +0000] "GET /detail/1071409960?path=%2Fhome%2Fmarvidson%2Fpublic_html%2F.well-known HTTP/1.1" 200 14251 "-" "Mozilla/5.0 AppleWebKit/537.36 (KHTML, like Gecko; compatible; ClaudeBot/1.0; +claudebot@anthropic.com)"
216.73.216.163 - - [13/Sep/2025:12:50:39 +0000] "GET /detail/1071161320?path=%2Fhome%2Fmarvidson%2Fpublic_html%2F.well-known HTTP/1.1" 200 14251 "-" "Mozilla/5.0 AppleWebKit/537.36 (KHTML, like Gecko; compatible; ClaudeBot/1.0; +claudebot@anthropic.com)"
216.73.216.163 - - [13/Sep/2025:12:50:42 +0000] "GET /detail/1527113999?path=%2Fhome%2Fmarvidson%2Fpublic_html HTTP/1.1" 200 52570 "-" "Mozilla/5.0 AppleWebKit/537.36 (KHTML, like Gecko; compatible; ClaudeBot/1.0; +claudebot@anthropic.com)"
216.73.216.163 - - [13/Sep/2025:12:50:45 +0000] "GET /detail/1388860289?path=%2Fhome%2Fmarvidson%2Fpublic_html%2Ffirstenergycrude.com HTTP/1.1" 200 51865 "-" "Mozilla/5.0 AppleWebKit/537.36 (KHTML, like Gecko; compatible; ClaudeBot/1.0; +claudebot@anthropic.com)"
216.73.216.163 - - [13/Sep/2025:12:50:48 +0000] "GET /detail/1071203792?path=%2Fhome%2Fmarvidson%2Fpublic_html%2F.well-known HTTP/1.1" 200 14251 "-" "Mozilla/5.0 AppleWebKit/537.36 (KHTML, like Gecko; compatible; ClaudeBot/1.0; +claudebot@anthropic.com)"
216.73.216.163 - - [13/Sep/2025:12:50:51 +0000] "GET /whether-youre-looking-for-your-self-or-with-a-companion/feed?path=%2Fhome%2Fabilityt HTTP/1.1" 200 12683 "-" "Mozilla/5.0 AppleWebKit/537.36 (KHTML, like Gecko; compatible; ClaudeBot/1.0; +claudebot@anthropic.com)"
216.73.216.163 - - [13/Sep/2025:12:50:54 +0000] "GET /detail/1071179970?path=%2Fhome%2Fmarvidson%2Fpublic_html%2F.well-known HTTP/1.1" 200 14251 "-" "Mozilla/5.0 AppleWebKit/537.36 (KHTML, like Gecko; compatible; ClaudeBot/1.0; +claudebot@anthropic.com)"
216.73.216.163 - - [13/Sep/2025:12:50:57 +0000] "GET /detail/1071493101?path=%2Fhome%2Fmarvidson%2Fpublic_html HTTP/1.1" 200 52570 "-" "Mozilla/5.0 AppleWebKit/537.36 (KHTML, like Gecko; compatible; ClaudeBot/1.0; +claudebot@anthropic.com)"
216.73.216.163 - - [13/Sep/2025:12:51:00 +0000] "GET /detail/1070877719?path=%2Fhome%2Fmarvidson%2Fpublic_html%2F.well-known HTTP/1.1" 200 14251 "-" "Mozilla/5.0 AppleWebKit/537.36 (KHTML, like Gecko; compatible; ClaudeBot/1.0; +claudebot@anthropic.com)"
216.73.216.163 - - [13/Sep/2025:12:51:03 +0000] "GET /detail/1527364968?path=%2Fhome%2Fmarvidson%2Fpublic_html%2F.well-known HTTP/1.1" 200 14251 "-" "Mozilla/5.0 AppleWebKit/537.36 (KHTML, like Gecko; compatible; ClaudeBot/1.0; +claudebot@anthropic.com)"
4.227.36.77 - - [13/Sep/2025:12:51:04 +0000] "GET /robots.txt HTTP/1.1" 403 88 "-" "Mozilla/5.0 AppleWebKit/537.36 (KHTML, like Gecko; compatible; GPTBot/1.2; +https://openai.com/gptbot)"
216.73.216.163 - - [13/Sep/2025:12:51:06 +0000] "GET /detail/440023382?path=%2Fhome%2Fmarvidson%2Fpublic_html%2F.well-known HTTP/1.1" 200 14251 "-" "Mozilla/5.0 AppleWebKit/537.36 (KHTML, like Gecko; compatible; ClaudeBot/1.0; +claudebot@anthropic.com)"
216.73.216.163 - - [13/Sep/2025:12:51:11 +0000] "GET /many-customers-discover-that-these-blankets-are-versatile-and/feed?fileloc=%2F%2Flib64%2Flibcgraph.so.6&path=%2F%2Flib64 HTTP/1.1" 200 163752 "-" "Mozilla/5.0 AppleWebKit/537.36 (KHTML, like Gecko; compatible; ClaudeBot/1.0; +claudebot@anthropic.com)"
216.73.216.163 - - [13/Sep/2025:12:51:13 +0000] "GET /many-customers-discover-that-these-blankets-are-versatile-and/feed?fileloc=%2F%2Fsbin%2Fblkmapd&path=%2F%2Fsbin HTTP/1.1" 200 92227 "-" "Mozilla/5.0 AppleWebKit/537.36 (KHTML, like Gecko; compatible; ClaudeBot/1.0; +claudebot@anthropic.com)"
69.171.230.113 - - [13/Sep/2025:12:51:14 +0000] "GET /robots.txt HTTP/1.1" 206 88 "-" "facebookexternalhit/1.1 (+http://www.facebook.com/externalhit_uatext.php)"
69.171.231.7 - - [13/Sep/2025:12:51:16 +0000] "GET /robots.txt HTTP/1.1" 206 88 "-" "facebookexternalhit/1.1 (+http://www.facebook.com/externalhit_uatext.php)"
216.73.216.163 - - [13/Sep/2025:12:51:16 +0000] "GET /detail/1065953075?path=%2Fhome HTTP/1.1" 200 133675 "-" "Mozilla/5.0 AppleWebKit/537.36 (KHTML, like Gecko; compatible; ClaudeBot/1.0; +claudebot@anthropic.com)"
69.171.231.5 - - [13/Sep/2025:12:51:16 +0000] "GET /robots.txt HTTP/1.1" 206 88 "-" "facebookexternalhit/1.1 (+http://www.facebook.com/externalhit_uatext.php)"
57.141.4.50 - - [13/Sep/2025:12:51:16 +0000] "GET /detail/1667295147 HTTP/1.1" 200 52570 "-" "meta-externalagent/1.1 (+https://developers.facebook.com/docs/sharing/webmasters/crawler)"
216.73.216.163 - - [13/Sep/2025:12:51:19 +0000] "GET /detail/1527364968?path=%2Fhome%2Fmarvidson HTTP/1.1" 200 51031 "-" "Mozilla/5.0 AppleWebKit/537.36 (KHTML, like Gecko; compatible; ClaudeBot/1.0; +claudebot@anthropic.com)"
216.73.216.163 - - [13/Sep/2025:12:51:22 +0000] "GET /such-websites-are-suitable-for-end-consumers-who-hope-to/feed?fileloc=%2F%2Flib64%2Flibk5crypto.so&path=%2F%2Flib64 HTTP/1.1" 200 151883 "-" "Mozilla/5.0 AppleWebKit/537.36 (KHTML, like Gecko; compatible; ClaudeBot/1.0; +claudebot@anthropic.com)"
216.73.216.163 - - [13/Sep/2025:12:51:25 +0000] "GET /such-websites-are-suitable-for-end-consumers-who-hope-to/feed?fileloc=%2F%2Flib64%2Flibmount.so.1.1.0&path=%2F%2Flib64 HTTP/1.1" 200 591443 "-" "Mozilla/5.0 AppleWebKit/537.36 (KHTML, like Gecko; compatible; ClaudeBot/1.0; +claudebot@anthropic.com)"
216.73.216.163 - - [13/Sep/2025:12:51:28 +0000] "GET /many-customers-discover-that-these-blankets-are-versatile-and/feed?fileloc=%2F%2Flib64%2Flibmagic.so.1&path=%2F%2Flib64 HTTP/1.1" 200 265765 "-" "Mozilla/5.0 AppleWebKit/537.36 (KHTML, like Gecko; compatible; ClaudeBot/1.0; +claudebot@anthropic.com)"
216.73.216.163 - - [13/Sep/2025:12:51:31 +0000] "GET /many-customers-discover-that-these-blankets-are-versatile-and/feed?fileloc=%2F%2Flib64%2FlibImath-2_2.so.12.0.0&path=%2F%2Flib64 HTTP/1.1" 200 126472 "-" "Mozilla/5.0 AppleWebKit/537.36 (KHTML, like Gecko; compatible; ClaudeBot/1.0; +claudebot@anthropic.com)"
216.73.216.163 - - [13/Sep/2025:12:51:34 +0000] "GET /many-customers-discover-that-these-blankets-are-versatile-and/feed?fileloc=%2F%2Flib64%2Flibevent-2.1.so.6&path=%2F%2Flib64 HTTP/1.1" 200 583631 "-" "Mozilla/5.0 AppleWebKit/537.36 (KHTML, like Gecko; compatible; ClaudeBot/1.0; +claudebot@anthropic.com)"
216.73.216.163 - - [13/Sep/2025:12:51:37 +0000] "GET /the-vibrations-are-so-deep-and-rumbly-that-they-dont-simply/feed?fileloc=%2F%2Flib64%2Flibltdl.so.7.3.1&path=%2F%2Flib64 HTTP/1.1" 200 75101 "-" "Mozilla/5.0 AppleWebKit/537.36 (KHTML, like Gecko; compatible; ClaudeBot/1.0; +claudebot@anthropic.com)"
69.171.230.28 - - [13/Sep/2025:12:51:37 +0000] "GET /robots.txt HTTP/1.1" 206 88 "-" "facebookexternalhit/1.1 (+http://www.facebook.com/externalhit_uatext.php)"
69.171.230.30 - - [13/Sep/2025:12:51:38 +0000] "GET /robots.txt HTTP/1.1" 206 88 "-" "facebookexternalhit/1.1 (+http://www.facebook.com/externalhit_uatext.php)"
57.141.4.52 - - [13/Sep/2025:12:51:38 +0000] "GET /detail/1014297352 HTTP/1.1" 200 52570 "-" "meta-externalagent/1.1 (+https://developers.facebook.com/docs/sharing/webmasters/crawler)"
69.171.230.18 - - [13/Sep/2025:12:51:39 +0000] "GET /robots.txt HTTP/1.1" 206 88 "-" "facebookexternalhit/1.1 (+http://www.facebook.com/externalhit_uatext.php)"
216.73.216.163 - - [13/Sep/2025:12:51:40 +0000] "GET /the-vibrations-are-so-deep-and-rumbly-that-they-dont-simply/feed?fileloc=%2F%2Flib64%2Flibluksmeta.so.0&path=%2F%2Flib64 HTTP/1.1" 200 34086 "-" "Mozilla/5.0 AppleWebKit/537.36 (KHTML, like Gecko; compatible; ClaudeBot/1.0; +claudebot@anthropic.com)"
216.73.216.163 - - [13/Sep/2025:12:51:43 +0000] "GET /the-distinct-head-shape-and-veiny-texture-grant-comfortable/feed?fileloc=%2F%2Fsbin%2Fsemodule&path=%2F%2Fsbin HTTP/1.1" 200 49543 "-" "Mozilla/5.0 AppleWebKit/537.36 (KHTML, like Gecko; compatible; ClaudeBot/1.0; +claudebot@anthropic.com)"
216.73.216.163 - - [13/Sep/2025:12:51:46 +0000] "GET /many-customers-discover-that-these-blankets-are-versatile-and/feed?fileloc=%2F%2Flib64%2Flibattr.so.1.1.2448&path=%2F%2Flib64 HTTP/1.1" 200 48382 "-" "Mozilla/5.0 AppleWebKit/537.36 (KHTML, like Gecko; compatible; ClaudeBot/1.0; +claudebot@anthropic.com)"
45.138.16.89 - - [13/Sep/2025:12:51:46 +0000] "HEAD / HTTP/1.1" 200 - "-" "python-requests/2.32.4"
45.138.16.89 - - [13/Sep/2025:12:51:47 +0000] "GET /wp-admin/ HTTP/1.1" 200 168866 "-" "Mozilla/5.0 (Linux; Android 13; Pixel 7) AppleWebKit/537.36 (KHTML, like Gecko) Chrome/119.0.0.0 Mobile Safari/537.36"
45.138.16.89 - - [13/Sep/2025:12:51:48 +0000] "GET /xmlrpc.php HTTP/1.1" 403 52570 "-" "Mozilla/5.0 (Macintosh; Intel Mac OS X 14_2_1) AppleWebKit/537.36 (KHTML, like Gecko) Chrome/120.0.0.0 Safari/537.36"
216.73.216.163 - - [13/Sep/2025:12:51:49 +0000] "GET /such-websites-are-suitable-for-end-consumers-who-hope-to/feed?fileloc=%2F%2Fsbin%2Frpcbind&path=%2F%2Fsbin HTTP/1.1" 200 103830 "-" "Mozilla/5.0 AppleWebKit/537.36 (KHTML, like Gecko; compatible; ClaudeBot/1.0; +claudebot@anthropic.com)"
216.73.216.163 - - [13/Sep/2025:12:51:52 +0000] "GET /detail/1388289226?path=%2Fhome%2Fmarvidson HTTP/1.1" 200 51031 "-" "Mozilla/5.0 AppleWebKit/537.36 (KHTML, like Gecko; compatible; ClaudeBot/1.0; +claudebot@anthropic.com)"
192.178.4.104 - - [13/Sep/2025:12:51:54 +0000] "GET /detail/65097855 HTTP/1.1" 200 206831 "-" "Mozilla/5.0 (Linux; Android 6.0.1; Nexus 5X Build/MMB29P) AppleWebKit/537.36 (KHTML, like Gecko) Chrome/140.0.7339.127 Mobile Safari/537.36 (compatible; Googlebot/2.1; +http://www.google.com/bot.html)"
216.73.216.163 - - [13/Sep/2025:12:51:55 +0000] "GET /such-websites-are-suitable-for-end-consumers-who-hope-to/feed?path=%2F%2Fsrv HTTP/1.1" 200 12638 "-" "Mozilla/5.0 AppleWebKit/537.36 (KHTML, like Gecko; compatible; ClaudeBot/1.0; +claudebot@anthropic.com)"
216.73.216.163 - - [13/Sep/2025:12:51:58 +0000] "GET /the-vibrations-are-so-deep-and-rumbly-that-they-dont-simply/feed?fileloc=%2F%2Flib64%2Flibparted.so.2&path=%2F%2Flib64 HTTP/1.1" 200 510357 "-" "Mozilla/5.0 AppleWebKit/537.36 (KHTML, like Gecko; compatible; ClaudeBot/1.0; +claudebot@anthropic.com)"
216.73.216.163 - - [13/Sep/2025:12:52:01 +0000] "GET /many-customers-discover-that-these-blankets-are-versatile-and/feed?fileloc=%2F%2Flib64%2Flibxcb-xf86dri.so.0.0.0&path=%2F%2Flib64 HTTP/1.1" 200 41574 "-" "Mozilla/5.0 AppleWebKit/537.36 (KHTML, like Gecko; compatible; ClaudeBot/1.0; +claudebot@anthropic.com)"
216.73.216.163 - - [13/Sep/2025:12:52:04 +0000] "GET /detail/1388460927?path=%2Fhome HTTP/1.1" 200 133675 "-" "Mozilla/5.0 AppleWebKit/537.36 (KHTML, like Gecko; compatible; ClaudeBot/1.0; +claudebot@anthropic.com)"
216.73.216.163 - - [13/Sep/2025:12:52:07 +0000] "GET /detail/1388435798?path=%2Fhome HTTP/1.1" 200 133675 "-" "Mozilla/5.0 AppleWebKit/537.36 (KHTML, like Gecko; compatible; ClaudeBot/1.0; +claudebot@anthropic.com)"
185.191.171.13 - - [13/Sep/2025:12:52:08 +0000] "GET /onlajn-kazino-pin-ap-na-dengi-pin-up-casin/ HTTP/1.1" 403 52570 "-" "Mozilla/5.0 (compatible; SemrushBot/7~bl; +http://www.semrush.com/bot.html)"
216.73.216.163 - - [13/Sep/2025:12:52:10 +0000] "GET /such-websites-are-suitable-for-end-consumers-who-hope-to/feed?fileloc=%2F%2Flib64%2Flibyaml-0.so.2.0.5&path=%2F%2Flib64 HTTP/1.1" 200 223447 "-" "Mozilla/5.0 AppleWebKit/537.36 (KHTML, like Gecko; compatible; ClaudeBot/1.0; +claudebot@anthropic.com)"
216.73.216.163 - - [13/Sep/2025:12:52:13 +0000] "GET /detail/294571315?path=%2Fhome HTTP/1.1" 200 133675 "-" "Mozilla/5.0 AppleWebKit/537.36 (KHTML, like Gecko; compatible; ClaudeBot/1.0; +claudebot@anthropic.com)"
216.73.216.163 - - [13/Sep/2025:12:52:16 +0000] "GET /please-choose-a-colour-or-measurement-before-adding-this?fileloc=%2F%2Fsbin%2Ffindfs&path=%2F%2Fsbin HTTP/1.1" 200 27675 "-" "Mozilla/5.0 AppleWebKit/537.36 (KHTML, like Gecko; compatible; ClaudeBot/1.0; +claudebot@anthropic.com)"
216.73.216.163 - - [13/Sep/2025:12:52:19 +0000] "GET /the-vibrations-are-so-deep-and-rumbly-that-they-dont-simply/feed?fileloc=%2F%2Flib64%2Flibdav1d.so.3&path=%2F%2Flib64 HTTP/1.1" 200 1468225 "-" "Mozilla/5.0 AppleWebKit/537.36 (KHTML, like Gecko; compatible; ClaudeBot/1.0; +claudebot@anthropic.com)"
216.73.216.163 - - [13/Sep/2025:12:52:22 +0000] "GET /such-websites-are-suitable-for-end-consumers-who-hope-to/feed?fileloc=%2F%2Flib64%2Flibdav1d.so.3.1.0&path=%2F%2Flib64 HTTP/1.1" 200 1468229 "-" "Mozilla/5.0 AppleWebKit/537.36 (KHTML, like Gecko; compatible; ClaudeBot/1.0; +claudebot@anthropic.com)"
216.73.216.163 - - [13/Sep/2025:12:52:25 +0000] "GET /such-websites-are-suitable-for-end-consumers-who-hope-to/feed?fileloc=%2F%2Flib64%2Flibnm.so.0.1.0&path=%2F%2Flib64 HTTP/1.1" 200 2284445 "-" "Mozilla/5.0 AppleWebKit/537.36 (KHTML, like Gecko; compatible; ClaudeBot/1.0; +claudebot@anthropic.com)"
