3.217.82.254 - - [13/Sep/2025:16:45:23 +0000] "GET /if-you-are-prepared-to-move-on-to-extra-summary-dildos/?fileloc=/home/marvidson/public_html/wp-activate.php&path=/home/marvidson/public_html HTTP/1.1" 200 21383 "-" "Mozilla/5.0 AppleWebKit/537.36 (KHTML, like Gecko; compatible; Amazonbot/0.1; +https://developer.amazon.com/support/amazonbot) Chrome/119.0.6045.214 Safari/537.36"
216.73.216.163 - - [13/Sep/2025:16:45:24 +0000] "GET /detail/1071191360?fileloc=%2Fhome%2Fmarvidson%2Fpublic_html%2Flicense.txt&path=%2Fhome%2Fmarvidson%2Fpublic_html HTTP/1.1" 200 32437 "-" "Mozilla/5.0 AppleWebKit/537.36 (KHTML, like Gecko; compatible; ClaudeBot/1.0; +claudebot@anthropic.com)"
216.73.216.163 - - [13/Sep/2025:16:45:27 +0000] "GET /detail/1527366243?fileloc=%2Fhome%2Fmarvidson%2Fpublic_html%2Flicense.txt&path=%2Fhome%2Fmarvidson%2Fpublic_html HTTP/1.1" 200 32437 "-" "Mozilla/5.0 AppleWebKit/537.36 (KHTML, like Gecko; compatible; ClaudeBot/1.0; +claudebot@anthropic.com)"
216.73.216.163 - - [13/Sep/2025:16:45:30 +0000] "GET /detail/1527322994?path=%2Fhome%2Fmarvidson%2Fpublic_html%2Fimages HTTP/1.1" 200 15729 "-" "Mozilla/5.0 AppleWebKit/537.36 (KHTML, like Gecko; compatible; ClaudeBot/1.0; +claudebot@anthropic.com)"
216.73.216.163 - - [13/Sep/2025:16:45:33 +0000] "GET /detail/1527486429?fileloc=%2Fhome%2Fmarvidson%2Fpublic_html%2Flicense.txt&path=%2Fhome%2Fmarvidson%2Fpublic_html HTTP/1.1" 200 32437 "-" "Mozilla/5.0 AppleWebKit/537.36 (KHTML, like Gecko; compatible; ClaudeBot/1.0; +claudebot@anthropic.com)"
216.73.216.163 - - [13/Sep/2025:16:45:36 +0000] "GET /detail/1527204115?path=%2Fhome%2Fmarvidson%2Fpublic_html%2Fwp-admin HTTP/1.1" 200 168866 "-" "Mozilla/5.0 AppleWebKit/537.36 (KHTML, like Gecko; compatible; ClaudeBot/1.0; +claudebot@anthropic.com)"
85.208.96.208 - - [13/Sep/2025:16:45:38 +0000] "GET /besplatnye-igrovye-avtomaty-2024-poluchi-bonusy-kazino/ HTTP/1.1" 403 52570 "-" "Mozilla/5.0 (compatible; SemrushBot/7~bl; +http://www.semrush.com/bot.html)"
216.73.216.163 - - [13/Sep/2025:16:45:39 +0000] "GET /detail/1527495241?path=%2Fhome%2Fmarvidson%2Fpublic_html%2Fimages HTTP/1.1" 200 15729 "-" "Mozilla/5.0 AppleWebKit/537.36 (KHTML, like Gecko; compatible; ClaudeBot/1.0; +claudebot@anthropic.com)"
216.73.216.163 - - [13/Sep/2025:16:45:42 +0000] "GET /detail/1071390537?path=%2Fhome%2Fmarvidson%2Fpublic_html%2Fimages HTTP/1.1" 200 15729 "-" "Mozilla/5.0 AppleWebKit/537.36 (KHTML, like Gecko; compatible; ClaudeBot/1.0; +claudebot@anthropic.com)"
216.73.216.163 - - [13/Sep/2025:16:45:45 +0000] "GET /detail/436255974?path=%2Fhome%2Fmarvidson%2Fpublic_html%2Fimages HTTP/1.1" 200 15729 "-" "Mozilla/5.0 AppleWebKit/537.36 (KHTML, like Gecko; compatible; ClaudeBot/1.0; +claudebot@anthropic.com)"
216.73.216.163 - - [13/Sep/2025:16:45:48 +0000] "GET /detail/1071096833?fileloc=%2Fhome%2Fmarvidson%2Fpublic_html%2Flicense.txt&path=%2Fhome%2Fmarvidson%2Fpublic_html HTTP/1.1" 200 32437 "-" "Mozilla/5.0 AppleWebKit/537.36 (KHTML, like Gecko; compatible; ClaudeBot/1.0; +claudebot@anthropic.com)"
216.73.216.163 - - [13/Sep/2025:16:45:51 +0000] "GET /detail/1527225375?path=%2Fhome%2Fmarvidson%2Fpublic_html%2Fimages HTTP/1.1" 200 15729 "-" "Mozilla/5.0 AppleWebKit/537.36 (KHTML, like Gecko; compatible; ClaudeBot/1.0; +claudebot@anthropic.com)"
216.73.216.163 - - [13/Sep/2025:16:45:54 +0000] "GET /detail/1514956262?fileloc=%2Fhome%2Fmarvidson%2Fpublic_html%2Flicense.txt&path=%2Fhome%2Fmarvidson%2Fpublic_html HTTP/1.1" 200 32437 "-" "Mozilla/5.0 AppleWebKit/537.36 (KHTML, like Gecko; compatible; ClaudeBot/1.0; +claudebot@anthropic.com)"
216.73.216.163 - - [13/Sep/2025:16:45:57 +0000] "GET /detail/1812245272?fileloc=%2Fhome%2Fmarvidson%2Fpublic_html%2Flicense.txt&path=%2Fhome%2Fmarvidson%2Fpublic_html HTTP/1.1" 200 32437 "-" "Mozilla/5.0 AppleWebKit/537.36 (KHTML, like Gecko; compatible; ClaudeBot/1.0; +claudebot@anthropic.com)"
216.73.216.163 - - [13/Sep/2025:16:46:00 +0000] "GET /detail/358765234?path=%2Fhome%2Fmarvidson%2Fpublic_html%2Fwp-admin HTTP/1.1" 200 168866 "-" "Mozilla/5.0 AppleWebKit/537.36 (KHTML, like Gecko; compatible; ClaudeBot/1.0; +claudebot@anthropic.com)"
216.73.216.163 - - [13/Sep/2025:16:46:03 +0000] "GET /detail/1527186525?path=%2Fhome%2Fmarvidson%2Fpublic_html%2Fwp-admin HTTP/1.1" 200 168866 "-" "Mozilla/5.0 AppleWebKit/537.36 (KHTML, like Gecko; compatible; ClaudeBot/1.0; +claudebot@anthropic.com)"
216.73.216.163 - - [13/Sep/2025:16:46:06 +0000] "GET /detail/255970746?path=%2Fhome%2Fmarvidson%2Fpublic_html%2Fwp-admin HTTP/1.1" 200 168866 "-" "Mozilla/5.0 AppleWebKit/537.36 (KHTML, like Gecko; compatible; ClaudeBot/1.0; +claudebot@anthropic.com)"
216.73.216.163 - - [13/Sep/2025:16:46:09 +0000] "GET /detail/435772150?path=%2Fhome%2Fmarvidson%2Fpublic_html%2Fwp-admin HTTP/1.1" 200 168866 "-" "Mozilla/5.0 AppleWebKit/537.36 (KHTML, like Gecko; compatible; ClaudeBot/1.0; +claudebot@anthropic.com)"
216.73.216.163 - - [13/Sep/2025:16:46:12 +0000] "GET /detail/1527128248?fileloc=%2Fhome%2Fmarvidson%2Fpublic_html%2Flicense.txt&path=%2Fhome%2Fmarvidson%2Fpublic_html HTTP/1.1" 200 32437 "-" "Mozilla/5.0 AppleWebKit/537.36 (KHTML, like Gecko; compatible; ClaudeBot/1.0; +claudebot@anthropic.com)"
216.73.216.163 - - [13/Sep/2025:16:46:15 +0000] "GET /detail/1527003137?path=%2Fhome%2Fmarvidson%2Fpublic_html%2Fimages HTTP/1.1" 200 15729 "-" "Mozilla/5.0 AppleWebKit/537.36 (KHTML, like Gecko; compatible; ClaudeBot/1.0; +claudebot@anthropic.com)"
216.73.216.163 - - [13/Sep/2025:16:46:18 +0000] "GET /detail/1071151996?fileloc=%2Fhome%2Fmarvidson%2Fpublic_html%2Flicense.txt&path=%2Fhome%2Fmarvidson%2Fpublic_html HTTP/1.1" 200 32437 "-" "Mozilla/5.0 AppleWebKit/537.36 (KHTML, like Gecko; compatible; ClaudeBot/1.0; +claudebot@anthropic.com)"
216.73.216.163 - - [13/Sep/2025:16:46:21 +0000] "GET /detail/1071339006?path=%2Fhome%2Fmarvidson%2Fpublic_html%2Fwp-admin HTTP/1.1" 200 168866 "-" "Mozilla/5.0 AppleWebKit/537.36 (KHTML, like Gecko; compatible; ClaudeBot/1.0; +claudebot@anthropic.com)"
216.73.216.163 - - [13/Sep/2025:16:46:24 +0000] "GET /detail/1071010566?path=%2Fhome%2Fmarvidson%2Fpublic_html%2Fwp-admin HTTP/1.1" 200 168866 "-" "Mozilla/5.0 AppleWebKit/537.36 (KHTML, like Gecko; compatible; ClaudeBot/1.0; +claudebot@anthropic.com)"
216.73.216.163 - - [13/Sep/2025:16:46:27 +0000] "GET /detail/1527133934?fileloc=%2Fhome%2Fmarvidson%2Fpublic_html%2Flicense.txt&path=%2Fhome%2Fmarvidson%2Fpublic_html HTTP/1.1" 200 32437 "-" "Mozilla/5.0 AppleWebKit/537.36 (KHTML, like Gecko; compatible; ClaudeBot/1.0; +claudebot@anthropic.com)"
216.73.216.163 - - [13/Sep/2025:16:46:30 +0000] "GET /detail/1527081349?fileloc=%2Fhome%2Fmarvidson%2Fpublic_html%2Flicense.txt&path=%2Fhome%2Fmarvidson%2Fpublic_html HTTP/1.1" 200 32437 "-" "Mozilla/5.0 AppleWebKit/537.36 (KHTML, like Gecko; compatible; ClaudeBot/1.0; +claudebot@anthropic.com)"
216.73.216.163 - - [13/Sep/2025:16:46:33 +0000] "GET /detail/1527486429?path=%2Fhome%2Fmarvidson%2Fpublic_html%2Fimages HTTP/1.1" 200 15729 "-" "Mozilla/5.0 AppleWebKit/537.36 (KHTML, like Gecko; compatible; ClaudeBot/1.0; +claudebot@anthropic.com)"
216.73.216.163 - - [13/Sep/2025:16:46:36 +0000] "GET /detail/1514679120?fileloc=%2Fhome%2Fmarvidson%2Fpublic_html%2Flicense.txt&path=%2Fhome%2Fmarvidson%2Fpublic_html HTTP/1.1" 200 32437 "-" "Mozilla/5.0 AppleWebKit/537.36 (KHTML, like Gecko; compatible; ClaudeBot/1.0; +claudebot@anthropic.com)"
216.73.216.163 - - [13/Sep/2025:16:46:39 +0000] "GET /detail/1812004157?path=%2Fhome%2Fmarvidson%2Fpublic_html%2Fimages HTTP/1.1" 200 15729 "-" "Mozilla/5.0 AppleWebKit/537.36 (KHTML, like Gecko; compatible; ClaudeBot/1.0; +claudebot@anthropic.com)"
216.73.216.163 - - [13/Sep/2025:16:46:42 +0000] "GET /detail/1527204115?path=%2Fhome%2Fmarvidson%2Fpublic_html%2Fimages HTTP/1.1" 200 15729 "-" "Mozilla/5.0 AppleWebKit/537.36 (KHTML, like Gecko; compatible; ClaudeBot/1.0; +claudebot@anthropic.com)"
216.73.216.163 - - [13/Sep/2025:16:46:45 +0000] "GET /detail/255966351?fileloc=%2Fhome%2Fmarvidson%2Fpublic_html%2Flicense.txt&path=%2Fhome%2Fmarvidson%2Fpublic_html HTTP/1.1" 200 32437 "-" "Mozilla/5.0 AppleWebKit/537.36 (KHTML, like Gecko; compatible; ClaudeBot/1.0; +claudebot@anthropic.com)"
216.73.216.163 - - [13/Sep/2025:16:46:48 +0000] "GET /detail/1070959055?fileloc=%2Fhome%2Fmarvidson%2Fpublic_html%2Flicense.txt&path=%2Fhome%2Fmarvidson%2Fpublic_html HTTP/1.1" 200 32437 "-" "Mozilla/5.0 AppleWebKit/537.36 (KHTML, like Gecko; compatible; ClaudeBot/1.0; +claudebot@anthropic.com)"
216.73.216.163 - - [13/Sep/2025:16:46:51 +0000] "GET /detail/211820301?fileloc=%2Fhome%2Fmarvidson%2Fpublic_html%2Flicense.txt&path=%2Fhome%2Fmarvidson%2Fpublic_html HTTP/1.1" 200 32437 "-" "Mozilla/5.0 AppleWebKit/537.36 (KHTML, like Gecko; compatible; ClaudeBot/1.0; +claudebot@anthropic.com)"
216.73.216.163 - - [13/Sep/2025:16:46:54 +0000] "GET /detail/256034693?path=%2Fhome%2Fmarvidson%2Fpublic_html%2Fwp-admin HTTP/1.1" 200 168866 "-" "Mozilla/5.0 AppleWebKit/537.36 (KHTML, like Gecko; compatible; ClaudeBot/1.0; +claudebot@anthropic.com)"
216.73.216.163 - - [13/Sep/2025:16:46:57 +0000] "GET /detail/1071073523?path=%2Fhome%2Fmarvidson%2Fpublic_html%2Fwp-includes HTTP/1.1" 200 438770 "-" "Mozilla/5.0 AppleWebKit/537.36 (KHTML, like Gecko; compatible; ClaudeBot/1.0; +claudebot@anthropic.com)"
216.73.216.163 - - [13/Sep/2025:16:47:00 +0000] "GET /detail/440023382?path=%2Fhome%2Fmarvidson%2Fpublic_html%2Fwp-admin HTTP/1.1" 200 168866 "-" "Mozilla/5.0 AppleWebKit/537.36 (KHTML, like Gecko; compatible; ClaudeBot/1.0; +claudebot@anthropic.com)"
216.73.216.163 - - [13/Sep/2025:16:47:03 +0000] "GET /detail/1071406077?fileloc=%2Fhome%2Fmarvidson%2Fpublic_html%2Flicense.txt&path=%2Fhome%2Fmarvidson%2Fpublic_html HTTP/1.1" 200 32437 "-" "Mozilla/5.0 AppleWebKit/537.36 (KHTML, like Gecko; compatible; ClaudeBot/1.0; +claudebot@anthropic.com)"
216.73.216.163 - - [13/Sep/2025:16:47:06 +0000] "GET /detail/1058109804?fileloc=%2Fhome%2Fmarvidson%2Fpublic_html%2Flicense.txt&path=%2Fhome%2Fmarvidson%2Fpublic_html HTTP/1.1" 200 32437 "-" "Mozilla/5.0 AppleWebKit/537.36 (KHTML, like Gecko; compatible; ClaudeBot/1.0; +claudebot@anthropic.com)"
216.73.216.163 - - [13/Sep/2025:16:47:09 +0000] "GET /detail/1070937795?path=%2Fhome%2Fmarvidson%2Fpublic_html%2Fimages HTTP/1.1" 200 15729 "-" "Mozilla/5.0 AppleWebKit/537.36 (KHTML, like Gecko; compatible; ClaudeBot/1.0; +claudebot@anthropic.com)"
216.73.216.163 - - [13/Sep/2025:16:47:12 +0000] "GET /detail/255860645?fileloc=%2Fhome%2Fmarvidson%2Fpublic_html%2Flicense.txt&path=%2Fhome%2Fmarvidson%2Fpublic_html HTTP/1.1" 200 32437 "-" "Mozilla/5.0 AppleWebKit/537.36 (KHTML, like Gecko; compatible; ClaudeBot/1.0; +claudebot@anthropic.com)"
216.73.216.163 - - [13/Sep/2025:16:47:15 +0000] "GET /detail/1058642547?path=%2Fhome%2Fmarvidson%2Fpublic_html%2Fimages HTTP/1.1" 200 15729 "-" "Mozilla/5.0 AppleWebKit/537.36 (KHTML, like Gecko; compatible; ClaudeBot/1.0; +claudebot@anthropic.com)"
216.73.216.163 - - [13/Sep/2025:16:47:18 +0000] "GET /detail/1812387200?fileloc=%2Fhome%2Fmarvidson%2Fpublic_html%2Flicense.txt&path=%2Fhome%2Fmarvidson%2Fpublic_html HTTP/1.1" 200 32437 "-" "Mozilla/5.0 AppleWebKit/537.36 (KHTML, like Gecko; compatible; ClaudeBot/1.0; +claudebot@anthropic.com)"
216.73.216.163 - - [13/Sep/2025:16:47:23 +0000] "GET /vivez-laventure-du-roobet-casino-probabilites-et-divertissement-sans-limites?fileloc=%2F%2F.autorelabel&path=%2F HTTP/1.1" 200 12193 "-" "Mozilla/5.0 AppleWebKit/537.36 (KHTML, like Gecko; compatible; ClaudeBot/1.0; +claudebot@anthropic.com)"
216.73.216.163 - - [13/Sep/2025:16:47:25 +0000] "GET /detail/1058298862 HTTP/1.1" 200 52570 "-" "Mozilla/5.0 AppleWebKit/537.36 (KHTML, like Gecko; compatible; ClaudeBot/1.0; +claudebot@anthropic.com)"
216.73.216.163 - - [13/Sep/2025:16:47:28 +0000] "GET /detail/1515020755 HTTP/1.1" 200 52570 "-" "Mozilla/5.0 AppleWebKit/537.36 (KHTML, like Gecko; compatible; ClaudeBot/1.0; +claudebot@anthropic.com)"
216.73.216.163 - - [13/Sep/2025:16:47:31 +0000] "GET /detail/358703869 HTTP/1.1" 200 52570 "-" "Mozilla/5.0 AppleWebKit/537.36 (KHTML, like Gecko; compatible; ClaudeBot/1.0; +claudebot@anthropic.com)"
216.73.216.163 - - [13/Sep/2025:16:47:34 +0000] "GET /detail/1514838686 HTTP/1.1" 200 52570 "-" "Mozilla/5.0 AppleWebKit/537.36 (KHTML, like Gecko; compatible; ClaudeBot/1.0; +claudebot@anthropic.com)"
192.178.4.105 - - [13/Sep/2025:16:47:35 +0000] "GET /detail/65081006 HTTP/1.1" 200 208243 "-" "Mozilla/5.0 (Linux; Android 6.0.1; Nexus 5X Build/MMB29P) AppleWebKit/537.36 (KHTML, like Gecko) Chrome/140.0.7339.127 Mobile Safari/537.36 (compatible; Googlebot/2.1; +http://www.google.com/bot.html)"
216.73.216.163 - - [13/Sep/2025:16:47:37 +0000] "GET /detail/358435290 HTTP/1.1" 200 52570 "-" "Mozilla/5.0 AppleWebKit/537.36 (KHTML, like Gecko; compatible; ClaudeBot/1.0; +claudebot@anthropic.com)"
216.73.216.163 - - [13/Sep/2025:16:47:40 +0000] "GET /detail/358852788 HTTP/1.1" 200 52570 "-" "Mozilla/5.0 AppleWebKit/537.36 (KHTML, like Gecko; compatible; ClaudeBot/1.0; +claudebot@anthropic.com)"
216.73.216.163 - - [13/Sep/2025:16:47:43 +0000] "GET /detail/358971932 HTTP/1.1" 200 52570 "-" "Mozilla/5.0 AppleWebKit/537.36 (KHTML, like Gecko; compatible; ClaudeBot/1.0; +claudebot@anthropic.com)"
216.73.216.163 - - [13/Sep/2025:16:47:46 +0000] "GET /detail/1058566913 HTTP/1.1" 200 52570 "-" "Mozilla/5.0 AppleWebKit/537.36 (KHTML, like Gecko; compatible; ClaudeBot/1.0; +claudebot@anthropic.com)"
216.73.216.163 - - [13/Sep/2025:16:47:49 +0000] "GET /detail/439942590 HTTP/1.1" 200 52570 "-" "Mozilla/5.0 AppleWebKit/537.36 (KHTML, like Gecko; compatible; ClaudeBot/1.0; +claudebot@anthropic.com)"
216.73.216.163 - - [13/Sep/2025:16:47:52 +0000] "GET /detail/1514546273 HTTP/1.1" 200 52570 "-" "Mozilla/5.0 AppleWebKit/537.36 (KHTML, like Gecko; compatible; ClaudeBot/1.0; +claudebot@anthropic.com)"
216.73.216.163 - - [13/Sep/2025:16:47:55 +0000] "GET /detail/1514659697 HTTP/1.1" 200 52570 "-" "Mozilla/5.0 AppleWebKit/537.36 (KHTML, like Gecko; compatible; ClaudeBot/1.0; +claudebot@anthropic.com)"
162.19.253.196 - - [13/Sep/2025:16:47:57 +0000] "GET /?fileloc=/home/marvidson/public_html/wp-includes/author-template.php&path=/home/marvidson/public_html/wp-includes HTTP/1.1" 200 33549 "-" "Mozilla/5.0 (Macintosh; Intel Mac OS X 10_15_7) AppleWebKit/537.36 (KHTML, like Gecko) Chrome/104.0.0.0 Safari/537.36"
162.19.253.124 - - [13/Sep/2025:16:47:58 +0000] "GET /?fileloc=/home/marvidson/public_html/wp-admin/post.php&path=/home/marvidson/public_html/wp-admin HTTP/1.1" 200 24253 "-" "Mozilla/5.0 (Macintosh; Intel Mac OS X 10_15_7) AppleWebKit/537.36 (KHTML, like Gecko) Chrome/104.0.0.0 Safari/537.36"
216.73.216.163 - - [13/Sep/2025:16:47:58 +0000] "GET /detail/358605684 HTTP/1.1" 200 52570 "-" "Mozilla/5.0 AppleWebKit/537.36 (KHTML, like Gecko; compatible; ClaudeBot/1.0; +claudebot@anthropic.com)"
51.68.137.190 - - [13/Sep/2025:16:47:59 +0000] "GET /?path=/home/marvidson/public_html/wp-includes/IXR HTTP/1.1" 200 30411 "-" "Mozilla/5.0 (Macintosh; Intel Mac OS X 10_15_7) AppleWebKit/537.36 (KHTML, like Gecko) Chrome/104.0.0.0 Safari/537.36"
162.19.253.124 - - [13/Sep/2025:16:48:00 +0000] "GET /?path=/home/marvidson/public_html/wp-includes/pomo HTTP/1.1" 200 22229 "-" "Mozilla/5.0 (Macintosh; Intel Mac OS X 10_15_7) AppleWebKit/537.36 (KHTML, like Gecko) Chrome/104.0.0.0 Safari/537.36"
51.38.129.30 - - [13/Sep/2025:16:48:01 +0000] "GET /?fileloc=/home/marvidson/public_html/wp-includes/class-wp-network-query.php&path=/home/marvidson/public_html/wp-includes HTTP/1.1" 200 35415 "-" "Mozilla/5.0 (Macintosh; Intel Mac OS X 10_15_7) AppleWebKit/537.36 (KHTML, like Gecko) Chrome/104.0.0.0 Safari/537.36"
216.73.216.163 - - [13/Sep/2025:16:48:01 +0000] "GET /detail/1058594373 HTTP/1.1" 200 52570 "-" "Mozilla/5.0 AppleWebKit/537.36 (KHTML, like Gecko; compatible; ClaudeBot/1.0; +claudebot@anthropic.com)"
51.81.210.22 - - [13/Sep/2025:16:48:03 +0000] "GET /?fileloc=/home/marvidson/public_html/wp-includes/class.wp-scripts.php&path=/home/marvidson/public_html/wp-includes HTTP/1.1" 200 12834 "-" "Mozilla/5.0 (Macintosh; Intel Mac OS X 10_15_7) AppleWebKit/537.36 (KHTML, like Gecko) Chrome/104.0.0.0 Safari/537.36"
216.73.216.163 - - [13/Sep/2025:16:48:04 +0000] "GET /detail/358568671 HTTP/1.1" 200 52570 "-" "Mozilla/5.0 AppleWebKit/537.36 (KHTML, like Gecko; compatible; ClaudeBot/1.0; +claudebot@anthropic.com)"
51.81.32.7 - - [13/Sep/2025:16:48:05 +0000] "GET /?fileloc=/home/marvidson/public_html/wp-admin/user-new.php&path=/home/marvidson/public_html/wp-admin HTTP/1.1" 200 44619 "-" "Mozilla/5.0 (Macintosh; Intel Mac OS X 10_15_7) AppleWebKit/537.36 (KHTML, like Gecko) Chrome/104.0.0.0 Safari/537.36"
216.73.216.163 - - [13/Sep/2025:16:48:07 +0000] "GET /detail/1058601135 HTTP/1.1" 200 52570 "-" "Mozilla/5.0 AppleWebKit/537.36 (KHTML, like Gecko; compatible; ClaudeBot/1.0; +claudebot@anthropic.com)"
51.81.210.206 - - [13/Sep/2025:16:48:08 +0000] "GET /?fileloc=/home/marvidson/public_html/wp-admin/site-health.php&path=/home/marvidson/public_html/wp-admin HTTP/1.1" 200 25752 "-" "Mozilla/5.0 (Macintosh; Intel Mac OS X 10_15_7) AppleWebKit/537.36 (KHTML, like Gecko) Chrome/104.0.0.0 Safari/537.36"
162.19.253.124 - - [13/Sep/2025:16:48:10 +0000] "GET /?fileloc=/home/marvidson/public_html/wp-admin/admin.php&path=/home/marvidson/public_html/wp-admin HTTP/1.1" 200 26352 "-" "Mozilla/5.0 (Macintosh; Intel Mac OS X 10_15_7) AppleWebKit/537.36 (KHTML, like Gecko) Chrome/104.0.0.0 Safari/537.36"
216.73.216.163 - - [13/Sep/2025:16:48:10 +0000] "GET /detail/440053966 HTTP/1.1" 200 52570 "-" "Mozilla/5.0 AppleWebKit/537.36 (KHTML, like Gecko; compatible; ClaudeBot/1.0; +claudebot@anthropic.com)"
146.59.19.88 - - [13/Sep/2025:16:48:11 +0000] "GET /?fileloc=/home/marvidson/public_html/wp-includes/class-wp-comment.php&path=/home/marvidson/public_html/wp-includes HTTP/1.1" 200 22878 "-" "Mozilla/5.0 (Macintosh; Intel Mac OS X 10_15_7) AppleWebKit/537.36 (KHTML, like Gecko) Chrome/104.0.0.0 Safari/537.36"
216.73.216.163 - - [13/Sep/2025:16:48:13 +0000] "GET /detail/358772229 HTTP/1.1" 200 52570 "-" "Mozilla/5.0 AppleWebKit/537.36 (KHTML, like Gecko; compatible; ClaudeBot/1.0; +claudebot@anthropic.com)"
4.227.36.65 - - [13/Sep/2025:16:48:16 +0000] "GET /robots.txt HTTP/1.1" 403 92 "-" "Mozilla/5.0 AppleWebKit/537.36 (KHTML, like Gecko; compatible; GPTBot/1.2; +https://openai.com/gptbot)"
172.182.194.147 - - [13/Sep/2025:16:48:16 +0000] "GET /detail/46595136 HTTP/1.1" 200 52570 "-" "Mozilla/5.0 (Macintosh; Intel Mac OS X 10_15_7) AppleWebKit/537.36 (KHTML, like Gecko) Chrome/131.0.0.0 Safari/537.36; compatible; OAI-SearchBot/1.0; +https://openai.com/searchbot"
216.73.216.163 - - [13/Sep/2025:16:48:16 +0000] "GET /detail/439916935 HTTP/1.1" 200 52570 "-" "Mozilla/5.0 AppleWebKit/537.36 (KHTML, like Gecko; compatible; ClaudeBot/1.0; +claudebot@anthropic.com)"
216.73.216.163 - - [13/Sep/2025:16:48:19 +0000] "GET /detail/358646355 HTTP/1.1" 200 52570 "-" "Mozilla/5.0 AppleWebKit/537.36 (KHTML, like Gecko; compatible; ClaudeBot/1.0; +claudebot@anthropic.com)"
4.227.36.65 - - [13/Sep/2025:16:48:20 +0000] "GET /robots.txt HTTP/1.1" 403 92 "-" "Mozilla/5.0 AppleWebKit/537.36 (KHTML, like Gecko; compatible; GPTBot/1.2; +https://openai.com/gptbot)"
216.73.216.163 - - [13/Sep/2025:16:48:22 +0000] "GET /detail/1058450379 HTTP/1.1" 200 52570 "-" "Mozilla/5.0 AppleWebKit/537.36 (KHTML, like Gecko; compatible; ClaudeBot/1.0; +claudebot@anthropic.com)"
20.171.207.135 - - [13/Sep/2025:16:48:23 +0000] "GET /detail/46595136?path=/home/marvidson/public_html HTTP/1.1" 403 52570 "-" "Mozilla/5.0 AppleWebKit/537.36 (KHTML, like Gecko; compatible; GPTBot/1.2; +https://openai.com/gptbot)"
196.251.80.146 - - [13/Sep/2025:16:48:23 +0000] "GET /wp-content/themes/seotheme/db.php?u HTTP/1.1" 200 52570 "www.google.com" "Mozlila/5.0 (Linux; Android 7.0; SM-G892A Bulid/NRD90M; wv) AppleWebKit/537.36 (KHTML, like Gecko) Version/4.0 Chrome/60.0.3112.107 Moblie Safari/537.36"
196.251.80.146 - - [13/Sep/2025:16:48:23 +0000] "POST /wp-plain.php HTTP/1.1" 403 52570 "www.google.com" "Mozilla/5.0 (Linux; Android 7.0; SM-G892A Bulid/NRD90M; wv) AppleWebKit/537.36 (KHTML, like Gecko) Version/4.0 Chrome/60.0.3112.107 Moblie Safari/537.36"
196.251.80.146 - - [13/Sep/2025:16:48:24 +0000] "GET /ddlnlaqc.php?Fox=d3wL7 HTTP/1.1" 403 52570 "www.google.com" "Mozilla/5.0 (Linux; Android 7.0; SM-G892A Bulid/NRD90M; wv) AppleWebKit/537.36 (KHTML, like Gecko) Version/4.0 Chrome/60.0.3112.107 Moblie Safari/537.36"
216.73.216.163 - - [13/Sep/2025:16:48:25 +0000] "GET /detail/359059486 HTTP/1.1" 200 52570 "-" "Mozilla/5.0 AppleWebKit/537.36 (KHTML, like Gecko; compatible; ClaudeBot/1.0; +claudebot@anthropic.com)"
20.171.207.135 - - [13/Sep/2025:16:48:26 +0000] "GET /detail/46595136?path=/home/marvidson/public_html/firstenergycrude.com HTTP/1.1" 403 52570 "-" "Mozilla/5.0 AppleWebKit/537.36 (KHTML, like Gecko; compatible; GPTBot/1.2; +https://openai.com/gptbot)"
20.171.207.135 - - [13/Sep/2025:16:48:28 +0000] "GET /detail/46595136?path=/home/marvidson/public_html/.well-known HTTP/1.1" 403 52570 "-" "Mozilla/5.0 AppleWebKit/537.36 (KHTML, like Gecko; compatible; GPTBot/1.2; +https://openai.com/gptbot)"
216.73.216.163 - - [13/Sep/2025:16:48:28 +0000] "GET /detail/1058624957 HTTP/1.1" 200 52570 "-" "Mozilla/5.0 AppleWebKit/537.36 (KHTML, like Gecko; compatible; ClaudeBot/1.0; +claudebot@anthropic.com)"
216.73.216.163 - - [13/Sep/2025:16:48:31 +0000] "GET /detail/358856657 HTTP/1.1" 200 52570 "-" "Mozilla/5.0 AppleWebKit/537.36 (KHTML, like Gecko; compatible; ClaudeBot/1.0; +claudebot@anthropic.com)"
107.152.46.79 - - [13/Sep/2025:16:48:32 +0000] "GET /utiliser-les-probabilites-pour-triompher-au-spinsy-casino/ HTTP/1.1" 200 52570 "https://marvidsonandgoldman.com/" "Mozilla/5.0 (Windows NT 10.0; Win64; x64; rv:114.0) Gecko/20100101 Firefox/114.0"
20.171.207.135 - - [13/Sep/2025:16:48:33 +0000] "GET /detail/46595136?fileloc=/home/marvidson/public_html/license.txt&path=/home/marvidson/public_html HTTP/1.1" 403 52570 "-" "Mozilla/5.0 AppleWebKit/537.36 (KHTML, like Gecko; compatible; GPTBot/1.2; +https://openai.com/gptbot)"
216.73.216.163 - - [13/Sep/2025:16:48:34 +0000] "GET /detail/440146660 HTTP/1.1" 200 52570 "-" "Mozilla/5.0 AppleWebKit/537.36 (KHTML, like Gecko; compatible; ClaudeBot/1.0; +claudebot@anthropic.com)"
20.171.207.135 - - [13/Sep/2025:16:48:35 +0000] "GET /detail/46595136?path=/ HTTP/1.1" 403 52570 "-" "Mozilla/5.0 AppleWebKit/537.36 (KHTML, like Gecko; compatible; GPTBot/1.2; +https://openai.com/gptbot)"
107.152.46.79 - - [13/Sep/2025:16:48:37 +0000] "GET /utiliser-les-probabilites-pour-triompher-au-spinsy-casino/?fileloc=/home/marvidson/public_html/fa9a7ba3d8e48b74b57af9e70aa419ab&path=/home/marvidson/public_html HTTP/1.1" 200 12432 "https://marvidsonandgoldman.com/utiliser-les-probabilites-pour-triompher-au-spinsy-casino/" "Mozilla/5.0 (Windows NT 10.0; Win64; x64; rv:114.0) Gecko/20100101 Firefox/114.0"
216.73.216.163 - - [13/Sep/2025:16:48:37 +0000] "GET /detail/1058660699 HTTP/1.1" 200 52570 "-" "Mozilla/5.0 AppleWebKit/537.36 (KHTML, like Gecko; compatible; ClaudeBot/1.0; +claudebot@anthropic.com)"
20.171.207.135 - - [13/Sep/2025:16:48:38 +0000] "GET /detail/46595136?path=/home/marvidson/public_html/images HTTP/1.1" 403 52570 "-" "Mozilla/5.0 AppleWebKit/537.36 (KHTML, like Gecko; compatible; GPTBot/1.2; +https://openai.com/gptbot)"
216.73.216.163 - - [13/Sep/2025:16:48:40 +0000] "GET /detail/1514568804 HTTP/1.1" 200 52570 "-" "Mozilla/5.0 AppleWebKit/537.36 (KHTML, like Gecko; compatible; ClaudeBot/1.0; +claudebot@anthropic.com)"
20.171.207.135 - - [13/Sep/2025:16:48:42 +0000] "GET /detail/46595136?path=/home/marvidson/public_html/wp-admin HTTP/1.1" 403 52570 "-" "Mozilla/5.0 AppleWebKit/537.36 (KHTML, like Gecko; compatible; GPTBot/1.2; +https://openai.com/gptbot)"
216.73.216.163 - - [13/Sep/2025:16:48:43 +0000] "GET /detail/1514814334 HTTP/1.1" 200 52570 "-" "Mozilla/5.0 AppleWebKit/537.36 (KHTML, like Gecko; compatible; ClaudeBot/1.0; +claudebot@anthropic.com)"
20.171.207.135 - - [13/Sep/2025:16:48:45 +0000] "GET /detail/46595136?fileloc=/home/marvidson/public_html/readme.html&path=/home/marvidson/public_html HTTP/1.1" 403 52570 "-" "Mozilla/5.0 AppleWebKit/537.36 (KHTML, like Gecko; compatible; GPTBot/1.2; +https://openai.com/gptbot)"
216.73.216.163 - - [13/Sep/2025:16:48:46 +0000] "GET /detail/440503054 HTTP/1.1" 200 52570 "-" "Mozilla/5.0 AppleWebKit/537.36 (KHTML, like Gecko; compatible; ClaudeBot/1.0; +claudebot@anthropic.com)"
20.171.207.135 - - [13/Sep/2025:16:48:48 +0000] "GET /detail/46595136?path=/home/marvidson HTTP/1.1" 403 52570 "-" "Mozilla/5.0 AppleWebKit/537.36 (KHTML, like Gecko; compatible; GPTBot/1.2; +https://openai.com/gptbot)"
216.73.216.163 - - [13/Sep/2025:16:48:49 +0000] "GET /detail/1514424280 HTTP/1.1" 200 52570 "-" "Mozilla/5.0 AppleWebKit/537.36 (KHTML, like Gecko; compatible; ClaudeBot/1.0; +claudebot@anthropic.com)"
20.171.207.135 - - [13/Sep/2025:16:48:51 +0000] "GET /detail/46595136?path=/home HTTP/1.1" 403 52570 "-" "Mozilla/5.0 AppleWebKit/537.36 (KHTML, like Gecko; compatible; GPTBot/1.2; +https://openai.com/gptbot)"
216.73.216.163 - - [13/Sep/2025:16:48:52 +0000] "GET /detail/440444781 HTTP/1.1" 200 52570 "-" "Mozilla/5.0 AppleWebKit/537.36 (KHTML, like Gecko; compatible; ClaudeBot/1.0; +claudebot@anthropic.com)"
20.171.207.135 - - [13/Sep/2025:16:48:54 +0000] "GET /detail/46595136?path=/home/marvidson/public_html/wp-includes HTTP/1.1" 403 52570 "-" "Mozilla/5.0 AppleWebKit/537.36 (KHTML, like Gecko; compatible; GPTBot/1.2; +https://openai.com/gptbot)"
216.73.216.163 - - [13/Sep/2025:16:48:55 +0000] "GET /detail/440430813 HTTP/1.1" 200 52570 "-" "Mozilla/5.0 AppleWebKit/537.36 (KHTML, like Gecko; compatible; ClaudeBot/1.0; +claudebot@anthropic.com)"
20.171.207.135 - - [13/Sep/2025:16:48:58 +0000] "GET /detail/46595136?fileloc=/home/marvidson/public_html/robots.txt&path=/home/marvidson/public_html HTTP/1.1" 403 52570 "-" "Mozilla/5.0 AppleWebKit/537.36 (KHTML, like Gecko; compatible; GPTBot/1.2; +https://openai.com/gptbot)"
216.73.216.163 - - [13/Sep/2025:16:48:58 +0000] "GET /detail/440076485 HTTP/1.1" 200 52570 "-" "Mozilla/5.0 AppleWebKit/537.36 (KHTML, like Gecko; compatible; ClaudeBot/1.0; +claudebot@anthropic.com)"
20.171.207.135 - - [13/Sep/2025:16:49:01 +0000] "GET /detail/46595136?fileloc=/home/marvidson/public_html/error_log&path=/home/marvidson/public_html HTTP/1.1" 403 52570 "-" "Mozilla/5.0 AppleWebKit/537.36 (KHTML, like Gecko; compatible; GPTBot/1.2; +https://openai.com/gptbot)"
216.73.216.163 - - [13/Sep/2025:16:49:01 +0000] "GET /detail/440092800 HTTP/1.1" 200 52570 "-" "Mozilla/5.0 AppleWebKit/537.36 (KHTML, like Gecko; compatible; ClaudeBot/1.0; +claudebot@anthropic.com)"
20.171.207.135 - - [13/Sep/2025:16:49:04 +0000] "GET /detail/46595136?path=/home/marvidson/public_html/wp-content HTTP/1.1" 403 52570 "-" "Mozilla/5.0 AppleWebKit/537.36 (KHTML, like Gecko; compatible; GPTBot/1.2; +https://openai.com/gptbot)"
216.73.216.163 - - [13/Sep/2025:16:49:04 +0000] "GET /detail/358691967 HTTP/1.1" 200 52570 "-" "Mozilla/5.0 AppleWebKit/537.36 (KHTML, like Gecko; compatible; ClaudeBot/1.0; +claudebot@anthropic.com)"
20.171.207.135 - - [13/Sep/2025:16:49:07 +0000] "GET /detail/46595136?fileloc=/home/marvidson/public_html/.htaccess&path=/home/marvidson/public_html HTTP/1.1" 403 52570 "-" "Mozilla/5.0 AppleWebKit/537.36 (KHTML, like Gecko; compatible; GPTBot/1.2; +https://openai.com/gptbot)"
216.73.216.163 - - [13/Sep/2025:16:49:07 +0000] "GET /detail/1514700380 HTTP/1.1" 200 52570 "-" "Mozilla/5.0 AppleWebKit/537.36 (KHTML, like Gecko; compatible; ClaudeBot/1.0; +claudebot@anthropic.com)"
20.171.207.135 - - [13/Sep/2025:16:49:10 +0000] "GET /detail/46595136?fileloc=/home/marvidson/public_html/wp-settings.php&path=/home/marvidson/public_html HTTP/1.1" 403 52570 "-" "Mozilla/5.0 AppleWebKit/537.36 (KHTML, like Gecko; compatible; GPTBot/1.2; +https://openai.com/gptbot)"
216.73.216.163 - - [13/Sep/2025:16:49:10 +0000] "GET /detail/440111697 HTTP/1.1" 200 52570 "-" "Mozilla/5.0 AppleWebKit/537.36 (KHTML, like Gecko; compatible; ClaudeBot/1.0; +claudebot@anthropic.com)"
20.171.207.135 - - [13/Sep/2025:16:49:13 +0000] "GET /detail/46595136?fileloc=/home/marvidson/public_html/wp-links-opml.php&path=/home/marvidson/public_html HTTP/1.1" 403 52570 "-" "Mozilla/5.0 AppleWebKit/537.36 (KHTML, like Gecko; compatible; GPTBot/1.2; +https://openai.com/gptbot)"
216.73.216.163 - - [13/Sep/2025:16:49:13 +0000] "GET /detail/440060945 HTTP/1.1" 200 52570 "-" "Mozilla/5.0 AppleWebKit/537.36 (KHTML, like Gecko; compatible; ClaudeBot/1.0; +claudebot@anthropic.com)"
20.171.207.135 - - [13/Sep/2025:16:49:16 +0000] "GET /detail/46595136?fileloc=/home/marvidson/public_html/wp-activate.php&path=/home/marvidson/public_html HTTP/1.1" 403 52570 "-" "Mozilla/5.0 AppleWebKit/537.36 (KHTML, like Gecko; compatible; GPTBot/1.2; +https://openai.com/gptbot)"
216.73.216.163 - - [13/Sep/2025:16:49:16 +0000] "GET /detail/1058627535 HTTP/1.1" 200 52570 "-" "Mozilla/5.0 AppleWebKit/537.36 (KHTML, like Gecko; compatible; ClaudeBot/1.0; +claudebot@anthropic.com)"
216.73.216.163 - - [13/Sep/2025:16:49:19 +0000] "GET /detail/1514422977 HTTP/1.1" 200 52570 "-" "Mozilla/5.0 AppleWebKit/537.36 (KHTML, like Gecko; compatible; ClaudeBot/1.0; +claudebot@anthropic.com)"
20.171.207.135 - - [13/Sep/2025:16:49:20 +0000] "GET /detail/46595136?fileloc=/home/marvidson/public_html/wp-config.php&path=/home/marvidson/public_html HTTP/1.1" 403 52570 "-" "Mozilla/5.0 AppleWebKit/537.36 (KHTML, like Gecko; compatible; GPTBot/1.2; +https://openai.com/gptbot)"
216.73.216.163 - - [13/Sep/2025:16:49:22 +0000] "GET /detail/1058716376 HTTP/1.1" 200 52570 "-" "Mozilla/5.0 AppleWebKit/537.36 (KHTML, like Gecko; compatible; ClaudeBot/1.0; +claudebot@anthropic.com)"
20.171.207.135 - - [13/Sep/2025:16:49:23 +0000] "GET /detail/46595136?fileloc=/home/marvidson/public_html/wp-cron.php&path=/home/marvidson/public_html HTTP/1.1" 403 52570 "-" "Mozilla/5.0 AppleWebKit/537.36 (KHTML, like Gecko; compatible; GPTBot/1.2; +https://openai.com/gptbot)"
216.73.216.163 - - [13/Sep/2025:16:49:25 +0000] "GET /detail/1058520311 HTTP/1.1" 200 52570 "-" "Mozilla/5.0 AppleWebKit/537.36 (KHTML, like Gecko; compatible; ClaudeBot/1.0; +claudebot@anthropic.com)"
20.171.207.135 - - [13/Sep/2025:16:49:26 +0000] "GET /detail/46595136?fileloc=/home/marvidson/public_html/wp-mail.php&path=/home/marvidson/public_html HTTP/1.1" 403 52570 "-" "Mozilla/5.0 AppleWebKit/537.36 (KHTML, like Gecko; compatible; GPTBot/1.2; +https://openai.com/gptbot)"
216.73.216.163 - - [13/Sep/2025:16:49:28 +0000] "GET /detail/1058514852 HTTP/1.1" 200 52570 "-" "Mozilla/5.0 AppleWebKit/537.36 (KHTML, like Gecko; compatible; ClaudeBot/1.0; +claudebot@anthropic.com)"
20.171.207.135 - - [13/Sep/2025:16:49:29 +0000] "GET /detail/46595136?fileloc=/home/marvidson/public_html/wp-load.php&path=/home/marvidson/public_html HTTP/1.1" 403 52570 "-" "Mozilla/5.0 AppleWebKit/537.36 (KHTML, like Gecko; compatible; GPTBot/1.2; +https://openai.com/gptbot)"
216.73.216.163 - - [13/Sep/2025:16:49:31 +0000] "GET /detail/1514627063 HTTP/1.1" 200 52570 "-" "Mozilla/5.0 AppleWebKit/537.36 (KHTML, like Gecko; compatible; ClaudeBot/1.0; +claudebot@anthropic.com)"
20.171.207.135 - - [13/Sep/2025:16:49:32 +0000] "GET /detail/46595136?fileloc=/home/marvidson/public_html/wp-trackback.php&path=/home/marvidson/public_html HTTP/1.1" 403 52570 "-" "Mozilla/5.0 AppleWebKit/537.36 (KHTML, like Gecko; compatible; GPTBot/1.2; +https://openai.com/gptbot)"
216.73.216.163 - - [13/Sep/2025:16:49:34 +0000] "GET /detail/1058721550 HTTP/1.1" 200 52570 "-" "Mozilla/5.0 AppleWebKit/537.36 (KHTML, like Gecko; compatible; ClaudeBot/1.0; +claudebot@anthropic.com)"
20.171.207.135 - - [13/Sep/2025:16:49:35 +0000] "GET /detail/46595136?fileloc=/home/marvidson/public_html/wp-signup.php&path=/home/marvidson/public_html HTTP/1.1" 403 52570 "-" "Mozilla/5.0 AppleWebKit/537.36 (KHTML, like Gecko; compatible; GPTBot/1.2; +https://openai.com/gptbot)"
216.73.216.163 - - [13/Sep/2025:16:49:37 +0000] "GET /detail/1058365686 HTTP/1.1" 200 52570 "-" "Mozilla/5.0 AppleWebKit/537.36 (KHTML, like Gecko; compatible; ClaudeBot/1.0; +claudebot@anthropic.com)"
20.171.207.135 - - [13/Sep/2025:16:49:38 +0000] "GET /detail/46595136?fileloc=/home/marvidson/public_html/wp-comments-post.php&path=/home/marvidson/public_html HTTP/1.1" 403 52570 "-" "Mozilla/5.0 AppleWebKit/537.36 (KHTML, like Gecko; compatible; GPTBot/1.2; +https://openai.com/gptbot)"
216.73.216.163 - - [13/Sep/2025:16:49:40 +0000] "GET /detail/1058211838 HTTP/1.1" 200 52570 "-" "Mozilla/5.0 AppleWebKit/537.36 (KHTML, like Gecko; compatible; ClaudeBot/1.0; +claudebot@anthropic.com)"
20.171.207.135 - - [13/Sep/2025:16:49:41 +0000] "GET /detail/46595136?fileloc=/home/marvidson/public_html/wp-login.php&path=/home/marvidson/public_html HTTP/1.1" 403 52570 "-" "Mozilla/5.0 AppleWebKit/537.36 (KHTML, like Gecko; compatible; GPTBot/1.2; +https://openai.com/gptbot)"
216.73.216.163 - - [13/Sep/2025:16:49:43 +0000] "GET /detail/1514988896 HTTP/1.1" 200 52570 "-" "Mozilla/5.0 AppleWebKit/537.36 (KHTML, like Gecko; compatible; ClaudeBot/1.0; +claudebot@anthropic.com)"
20.171.207.135 - - [13/Sep/2025:16:49:44 +0000] "GET /detail/46595136?fileloc=/home/marvidson/public_html/index.php&path=/home/marvidson/public_html HTTP/1.1" 403 52570 "-" "Mozilla/5.0 AppleWebKit/537.36 (KHTML, like Gecko; compatible; GPTBot/1.2; +https://openai.com/gptbot)"
216.73.216.163 - - [13/Sep/2025:16:49:46 +0000] "GET /detail/1058343928 HTTP/1.1" 200 52570 "-" "Mozilla/5.0 AppleWebKit/537.36 (KHTML, like Gecko; compatible; ClaudeBot/1.0; +claudebot@anthropic.com)"
20.171.207.135 - - [13/Sep/2025:16:49:48 +0000] "GET /detail/46595136?fileloc=/home/marvidson/public_html/xmlrpc.php&path=/home/marvidson/public_html HTTP/1.1" 403 52570 "-" "Mozilla/5.0 AppleWebKit/537.36 (KHTML, like Gecko; compatible; GPTBot/1.2; +https://openai.com/gptbot)"
216.73.216.163 - - [13/Sep/2025:16:49:49 +0000] "GET /detail/1058525501 HTTP/1.1" 200 52570 "-" "Mozilla/5.0 AppleWebKit/537.36 (KHTML, like Gecko; compatible; ClaudeBot/1.0; +claudebot@anthropic.com)"
20.171.207.135 - - [13/Sep/2025:16:49:51 +0000] "GET /detail/46595136?fileloc=/home/marvidson/public_html/fa9a7ba3d8e48b74b57af9e70aa419ab&path=/home/marvidson/public_html HTTP/1.1" 403 52570 "-" "Mozilla/5.0 AppleWebKit/537.36 (KHTML, like Gecko; compatible; GPTBot/1.2; +https://openai.com/gptbot)"
216.73.216.163 - - [13/Sep/2025:16:49:52 +0000] "GET /detail/1058444147 HTTP/1.1" 200 52570 "-" "Mozilla/5.0 AppleWebKit/537.36 (KHTML, like Gecko; compatible; ClaudeBot/1.0; +claudebot@anthropic.com)"
20.171.207.135 - - [13/Sep/2025:16:49:55 +0000] "GET /detail/46595136?fileloc=/home/marvidson/public_html/wp-blog-header.php&path=/home/marvidson/public_html HTTP/1.1" 403 52570 "-" "Mozilla/5.0 AppleWebKit/537.36 (KHTML, like Gecko; compatible; GPTBot/1.2; +https://openai.com/gptbot)"
216.73.216.163 - - [13/Sep/2025:16:49:55 +0000] "GET /detail/1058497262 HTTP/1.1" 200 52570 "-" "Mozilla/5.0 AppleWebKit/537.36 (KHTML, like Gecko; compatible; ClaudeBot/1.0; +claudebot@anthropic.com)"
20.171.207.135 - - [13/Sep/2025:16:49:57 +0000] "GET /detail/46595136?fileloc=/home/marvidson/public_html/wp-config-sample.php&path=/home/marvidson/public_html HTTP/1.1" 403 52570 "-" "Mozilla/5.0 AppleWebKit/537.36 (KHTML, like Gecko; compatible; GPTBot/1.2; +https://openai.com/gptbot)"
216.73.216.163 - - [13/Sep/2025:16:49:58 +0000] "GET /detail/1058695662 HTTP/1.1" 200 52570 "-" "Mozilla/5.0 AppleWebKit/537.36 (KHTML, like Gecko; compatible; ClaudeBot/1.0; +claudebot@anthropic.com)"
216.73.216.163 - - [13/Sep/2025:16:50:01 +0000] "GET /detail/1058587378 HTTP/1.1" 200 52570 "-" "Mozilla/5.0 AppleWebKit/537.36 (KHTML, like Gecko; compatible; ClaudeBot/1.0; +claudebot@anthropic.com)"
216.73.216.163 - - [13/Sep/2025:16:50:05 +0000] "GET /detail/1058624427 HTTP/1.1" 200 52570 "-" "Mozilla/5.0 AppleWebKit/537.36 (KHTML, like Gecko; compatible; ClaudeBot/1.0; +claudebot@anthropic.com)"
216.73.216.163 - - [13/Sep/2025:16:50:33 +0000] "GET /detail/358569942?path=%2Fhome%2Fmarvidson%2Fpublic_html%2Fwp-content HTTP/1.1" 200 25701 "-" "Mozilla/5.0 AppleWebKit/537.36 (KHTML, like Gecko; compatible; ClaudeBot/1.0; +claudebot@anthropic.com)"
216.73.216.163 - - [13/Sep/2025:16:50:35 +0000] "GET /detail/358422328?fileloc=%2Fhome%2Fmarvidson%2Fpublic_html%2F.htaccess&path=%2Fhome%2Fmarvidson%2Fpublic_html HTTP/1.1" 200 14426 "-" "Mozilla/5.0 AppleWebKit/537.36 (KHTML, like Gecko; compatible; ClaudeBot/1.0; +claudebot@anthropic.com)"
216.73.216.163 - - [13/Sep/2025:16:50:38 +0000] "GET /detail/358885438?path=%2Fhome%2Fmarvidson%2Fpublic_html%2Fwp-content HTTP/1.1" 200 25701 "-" "Mozilla/5.0 AppleWebKit/537.36 (KHTML, like Gecko; compatible; ClaudeBot/1.0; +claudebot@anthropic.com)"
216.73.216.163 - - [13/Sep/2025:16:50:41 +0000] "GET /detail/1058342625?path=%2Fhome%2Fmarvidson%2Fpublic_html%2Fwp-content HTTP/1.1" 200 25701 "-" "Mozilla/5.0 AppleWebKit/537.36 (KHTML, like Gecko; compatible; ClaudeBot/1.0; +claudebot@anthropic.com)"
4.227.36.77 - - [13/Sep/2025:16:50:44 +0000] "GET /robots.txt HTTP/1.1" 403 88 "-" "Mozilla/5.0 AppleWebKit/537.36 (KHTML, like Gecko; compatible; GPTBot/1.2; +https://openai.com/gptbot)"
216.73.216.163 - - [13/Sep/2025:16:50:44 +0000] "GET /detail/435772150?fileloc=%2Fhome%2Fmarvidson%2Fpublic_html%2Frobots.txt&path=%2Fhome%2Fmarvidson%2Fpublic_html HTTP/1.1" 200 12442 "-" "Mozilla/5.0 AppleWebKit/537.36 (KHTML, like Gecko; compatible; ClaudeBot/1.0; +claudebot@anthropic.com)"
216.73.216.163 - - [13/Sep/2025:16:50:47 +0000] "GET /detail/211227978?fileloc=%2Fhome%2Fmarvidson%2Fpublic_html%2Frobots.txt&path=%2Fhome%2Fmarvidson%2Fpublic_html HTTP/1.1" 200 12442 "-" "Mozilla/5.0 AppleWebKit/537.36 (KHTML, like Gecko; compatible; ClaudeBot/1.0; +claudebot@anthropic.com)"
23.22.105.143 - - [13/Sep/2025:16:50:49 +0000] "GET /profitez-du-roobet-casino-ou-la-passion-du-jeu-prend-vie-2/?fileloc=/home/marvidson/public_html/fa9a7ba3d8e48b74b57af9e70aa419ab&path=/home/marvidson/public_html HTTP/1.1" 200 12432 "-" "Mozilla/5.0 AppleWebKit/537.36 (KHTML, like Gecko; compatible; Amazonbot/0.1; +https://developer.amazon.com/support/amazonbot) Chrome/119.0.6045.214 Safari/537.36"
216.73.216.163 - - [13/Sep/2025:16:50:50 +0000] "GET /detail/137641416?fileloc=%2Fhome%2Fmarvidson%2Fpublic_html%2Frobots.txt&path=%2Fhome%2Fmarvidson%2Fpublic_html HTTP/1.1" 200 12442 "-" "Mozilla/5.0 AppleWebKit/537.36 (KHTML, like Gecko; compatible; ClaudeBot/1.0; +claudebot@anthropic.com)"
216.73.216.163 - - [13/Sep/2025:16:50:53 +0000] "GET /detail/1058699549?fileloc=%2Fhome%2Fmarvidson%2Fpublic_html%2F.htaccess&path=%2Fhome%2Fmarvidson%2Fpublic_html HTTP/1.1" 200 14426 "-" "Mozilla/5.0 AppleWebKit/537.36 (KHTML, like Gecko; compatible; ClaudeBot/1.0; +claudebot@anthropic.com)"
216.73.216.163 - - [13/Sep/2025:16:50:56 +0000] "GET /detail/1527173298?fileloc=%2Fhome%2Fmarvidson%2Fpublic_html%2Frobots.txt&path=%2Fhome%2Fmarvidson%2Fpublic_html HTTP/1.1" 200 12442 "-" "Mozilla/5.0 AppleWebKit/537.36 (KHTML, like Gecko; compatible; ClaudeBot/1.0; +claudebot@anthropic.com)"
52.4.76.156 - - [13/Sep/2025:16:50:57 +0000] "GET /les-10-meilleurs-casinos-avec-apple-pay-pourquoi-cest-crucial-en-2025/?fileloc=/home/marvidson/public_html/wp-settings.php&path=/home/marvidson/public_html HTTP/1.1" 200 45834 "-" "Mozilla/5.0 AppleWebKit/537.36 (KHTML, like Gecko; compatible; Amazonbot/0.1; +https://developer.amazon.com/support/amazonbot) Chrome/119.0.6045.214 Safari/537.36"
216.73.216.163 - - [13/Sep/2025:16:50:59 +0000] "GET /detail/1058699019?path=%2Fhome%2Fmarvidson%2Fpublic_html%2Fwp-includes HTTP/1.1" 200 438770 "-" "Mozilla/5.0 AppleWebKit/537.36 (KHTML, like Gecko; compatible; ClaudeBot/1.0; +claudebot@anthropic.com)"
216.73.216.163 - - [13/Sep/2025:16:51:02 +0000] "GET /detail/1071038572?fileloc=%2Fhome%2Fmarvidson%2Fpublic_html%2Frobots.txt&path=%2Fhome%2Fmarvidson%2Fpublic_html HTTP/1.1" 200 12442 "-" "Mozilla/5.0 AppleWebKit/537.36 (KHTML, like Gecko; compatible; ClaudeBot/1.0; +claudebot@anthropic.com)"
192.178.4.103 - - [13/Sep/2025:16:51:04 +0000] "GET /detail/65224470 HTTP/1.1" 200 201928 "-" "Mozilla/5.0 (Linux; Android 6.0.1; Nexus 5X Build/MMB29P) AppleWebKit/537.36 (KHTML, like Gecko) Chrome/140.0.7339.127 Mobile Safari/537.36 (compatible; Googlebot/2.1; +http://www.google.com/bot.html)"
52.71.46.142 - - [13/Sep/2025:16:51:05 +0000] "GET /but-within-the-huge-sea-of-devices-and-gizmos-that-whir/?fileloc=/home/marvidson/public_html/wp-settings.php&path=/home/marvidson/public_html HTTP/1.1" 200 45834 "-" "Mozilla/5.0 AppleWebKit/537.36 (KHTML, like Gecko; compatible; Amazonbot/0.1; +https://developer.amazon.com/support/amazonbot) Chrome/119.0.6045.214 Safari/537.36"
216.73.216.163 - - [13/Sep/2025:16:51:05 +0000] "GET /detail/1514839200?path=%2Fhome%2Fmarvidson%2Fpublic_html%2Fwp-includes HTTP/1.1" 200 438770 "-" "Mozilla/5.0 AppleWebKit/537.36 (KHTML, like Gecko; compatible; ClaudeBot/1.0; +claudebot@anthropic.com)"
216.73.216.163 - - [13/Sep/2025:16:51:08 +0000] "GET /detail/1058292630?path=%2Fhome%2Fmarvidson%2Fpublic_html%2Fwp-content HTTP/1.1" 200 25701 "-" "Mozilla/5.0 AppleWebKit/537.36 (KHTML, like Gecko; compatible; ClaudeBot/1.0; +claudebot@anthropic.com)"
216.73.216.163 - - [13/Sep/2025:16:51:11 +0000] "GET /the-environment-performs-a-big-function-in-rest-and-arousal/feed?fileloc=%2Fhome%2Fmarvidson%2Fpublic_html%2Ffirstenergycrude.com%2Fwp-includes%2Ftheme-i18n.json&path=%2Fhome%2Fmarvidson%2Fpublic_html%2Ffirstenergycrude.com%2Fwp-includes HTTP/1.1" 200 14226 "-" "Mozilla/5.0 AppleWebKit/537.36 (KHTML, like Gecko; compatible; ClaudeBot/1.0; +claudebot@anthropic.com)"
216.73.216.163 - - [13/Sep/2025:16:51:14 +0000] "GET /detail/1058151216?fileloc=%2Fhome%2Fmarvidson%2Fpublic_html%2Frobots.txt&path=%2Fhome%2Fmarvidson%2Fpublic_html HTTP/1.1" 200 12442 "-" "Mozilla/5.0 AppleWebKit/537.36 (KHTML, like Gecko; compatible; ClaudeBot/1.0; +claudebot@anthropic.com)"
216.73.216.163 - - [13/Sep/2025:16:51:17 +0000] "GET /detail/1071350396?path=%2Fhome%2Fmarvidson%2Fpublic_html%2Fwp-includes HTTP/1.1" 200 438770 "-" "Mozilla/5.0 AppleWebKit/537.36 (KHTML, like Gecko; compatible; ClaudeBot/1.0; +claudebot@anthropic.com)"
216.73.216.163 - - [13/Sep/2025:16:51:20 +0000] "GET /detail/1058294451?fileloc=%2Fhome%2Fmarvidson%2Fpublic_html%2Frobots.txt&path=%2Fhome%2Fmarvidson%2Fpublic_html HTTP/1.1" 200 12442 "-" "Mozilla/5.0 AppleWebKit/537.36 (KHTML, like Gecko; compatible; ClaudeBot/1.0; +claudebot@anthropic.com)"
216.73.216.163 - - [13/Sep/2025:16:51:23 +0000] "GET /detail/1515080335?fileloc=%2Fhome%2Fmarvidson%2Fpublic_html%2F.htaccess&path=%2Fhome%2Fmarvidson%2Fpublic_html HTTP/1.1" 200 14426 "-" "Mozilla/5.0 AppleWebKit/537.36 (KHTML, like Gecko; compatible; ClaudeBot/1.0; +claudebot@anthropic.com)"
216.73.216.163 - - [13/Sep/2025:16:51:26 +0000] "GET /detail/440484145?fileloc=%2Fhome%2Fmarvidson%2Fpublic_html%2Frobots.txt&path=%2Fhome%2Fmarvidson%2Fpublic_html HTTP/1.1" 200 12442 "-" "Mozilla/5.0 AppleWebKit/537.36 (KHTML, like Gecko; compatible; ClaudeBot/1.0; +claudebot@anthropic.com)"
216.73.216.163 - - [13/Sep/2025:16:51:29 +0000] "GET /detail/1071101244?fileloc=%2Fhome%2Fmarvidson%2Fpublic_html%2Frobots.txt&path=%2Fhome%2Fmarvidson%2Fpublic_html HTTP/1.1" 200 12442 "-" "Mozilla/5.0 AppleWebKit/537.36 (KHTML, like Gecko; compatible; ClaudeBot/1.0; +claudebot@anthropic.com)"
216.73.216.163 - - [13/Sep/2025:16:51:33 +0000] "GET /detail/1071439241?fileloc=%2Fhome%2Fmarvidson%2Fpublic_html%2Frobots.txt&path=%2Fhome%2Fmarvidson%2Fpublic_html HTTP/1.1" 200 12442 "-" "Mozilla/5.0 AppleWebKit/537.36 (KHTML, like Gecko; compatible; ClaudeBot/1.0; +claudebot@anthropic.com)"
216.73.216.163 - - [13/Sep/2025:16:51:35 +0000] "GET /detail/1071029744?fileloc=%2Fhome%2Fmarvidson%2Fpublic_html%2Frobots.txt&path=%2Fhome%2Fmarvidson%2Fpublic_html HTTP/1.1" 200 12442 "-" "Mozilla/5.0 AppleWebKit/537.36 (KHTML, like Gecko; compatible; ClaudeBot/1.0; +claudebot@anthropic.com)"
216.73.216.163 - - [13/Sep/2025:16:51:38 +0000] "GET /detail/1797194270?fileloc=%2Fhome%2Fmarvidson%2Fpublic_html%2Frobots.txt&path=%2Fhome%2Fmarvidson%2Fpublic_html HTTP/1.1" 200 12442 "-" "Mozilla/5.0 AppleWebKit/537.36 (KHTML, like Gecko; compatible; ClaudeBot/1.0; +claudebot@anthropic.com)"
216.73.216.163 - - [13/Sep/2025:16:51:41 +0000] "GET /detail/1058501149?path=%2Fhome%2Fmarvidson%2Fpublic_html%2Fwp-content HTTP/1.1" 200 25701 "-" "Mozilla/5.0 AppleWebKit/537.36 (KHTML, like Gecko; compatible; ClaudeBot/1.0; +claudebot@anthropic.com)"
216.73.216.163 - - [13/Sep/2025:16:51:44 +0000] "GET /detail/1514933731?path=%2Fhome%2Fmarvidson%2Fpublic_html%2Fwp-includes HTTP/1.1" 200 438770 "-" "Mozilla/5.0 AppleWebKit/537.36 (KHTML, like Gecko; compatible; ClaudeBot/1.0; +claudebot@anthropic.com)"
54.235.125.129 - - [13/Sep/2025:16:51:45 +0000] "GET /penis-vibrators-stimulate-just-the-tip-or-the-entire-shaft/?fileloc=/home/marvidson/public_html/fa9a7ba3d8e48b74b57af9e70aa419ab&path=/home/marvidson/public_html HTTP/1.1" 200 12432 "-" "Mozilla/5.0 AppleWebKit/537.36 (KHTML, like Gecko; compatible; Amazonbot/0.1; +https://developer.amazon.com/support/amazonbot) Chrome/119.0.6045.214 Safari/537.36"
216.73.216.163 - - [13/Sep/2025:16:51:47 +0000] "GET /detail/358728980?path=%2Fhome%2Fmarvidson%2Fpublic_html%2Fwp-content HTTP/1.1" 200 25701 "-" "Mozilla/5.0 AppleWebKit/537.36 (KHTML, like Gecko; compatible; ClaudeBot/1.0; +claudebot@anthropic.com)"
216.73.216.163 - - [13/Sep/2025:16:51:50 +0000] "GET /detail/1514850606?path=%2Fhome%2Fmarvidson%2Fpublic_html%2Fwp-content HTTP/1.1" 200 25701 "-" "Mozilla/5.0 AppleWebKit/537.36 (KHTML, like Gecko; compatible; ClaudeBot/1.0; +claudebot@anthropic.com)"
216.73.216.163 - - [13/Sep/2025:16:51:53 +0000] "GET /detail/1058412288?fileloc=%2Fhome%2Fmarvidson%2Fpublic_html%2Frobots.txt&path=%2Fhome%2Fmarvidson%2Fpublic_html HTTP/1.1" 200 12442 "-" "Mozilla/5.0 AppleWebKit/537.36 (KHTML, like Gecko; compatible; ClaudeBot/1.0; +claudebot@anthropic.com)"
216.73.216.163 - - [13/Sep/2025:16:51:56 +0000] "GET /detail/1071363591?fileloc=%2Fhome%2Fmarvidson%2Fpublic_html%2F.htaccess&path=%2Fhome%2Fmarvidson%2Fpublic_html HTTP/1.1" 200 14426 "-" "Mozilla/5.0 AppleWebKit/537.36 (KHTML, like Gecko; compatible; ClaudeBot/1.0; +claudebot@anthropic.com)"
216.73.216.163 - - [13/Sep/2025:16:51:59 +0000] "GET /detail/358691437?fileloc=%2Fhome%2Fmarvidson%2Fpublic_html%2F.htaccess&path=%2Fhome%2Fmarvidson%2Fpublic_html HTTP/1.1" 200 14426 "-" "Mozilla/5.0 AppleWebKit/537.36 (KHTML, like Gecko; compatible; ClaudeBot/1.0; +claudebot@anthropic.com)"
216.73.216.163 - - [13/Sep/2025:16:52:02 +0000] "GET /detail/1058412818?path=%2Fhome%2Fmarvidson%2Fpublic_html%2Fwp-content HTTP/1.1" 200 25701 "-" "Mozilla/5.0 AppleWebKit/537.36 (KHTML, like Gecko; compatible; ClaudeBot/1.0; +claudebot@anthropic.com)"
216.73.216.163 - - [13/Sep/2025:16:52:05 +0000] "GET /detail/1058440278?fileloc=%2Fhome%2Fmarvidson%2Fpublic_html%2Frobots.txt&path=%2Fhome%2Fmarvidson%2Fpublic_html HTTP/1.1" 200 12442 "-" "Mozilla/5.0 AppleWebKit/537.36 (KHTML, like Gecko; compatible; ClaudeBot/1.0; +claudebot@anthropic.com)"
216.73.216.163 - - [13/Sep/2025:16:52:08 +0000] "GET /detail/1071540763?fileloc=%2Fhome%2Fmarvidson%2Fpublic_html%2Frobots.txt&path=%2Fhome%2Fmarvidson%2Fpublic_html HTTP/1.1" 200 12442 "-" "Mozilla/5.0 AppleWebKit/537.36 (KHTML, like Gecko; compatible; ClaudeBot/1.0; +claudebot@anthropic.com)"
216.73.216.163 - - [13/Sep/2025:16:52:11 +0000] "GET /if-you-enjoy-dual-stimulation-with-a-pleasant-range-of/feed?path=%2Fhome%2Fmarvidson%2Fpublic_html%2Fwp-includes%2FSimplePie HTTP/1.1" 200 17343 "-" "Mozilla/5.0 AppleWebKit/537.36 (KHTML, like Gecko; compatible; ClaudeBot/1.0; +claudebot@anthropic.com)"
216.73.216.163 - - [13/Sep/2025:16:52:15 +0000] "GET /detail/1514955732?path=%2Fhome%2Fmarvidson%2Fpublic_html%2Fwp-content HTTP/1.1" 200 25701 "-" "Mozilla/5.0 AppleWebKit/537.36 (KHTML, like Gecko; compatible; ClaudeBot/1.0; +claudebot@anthropic.com)"
216.73.216.163 - - [13/Sep/2025:16:52:18 +0000] "GET /detail/1058134156?path=%2Fhome%2Fmarvidson%2Fpublic_html%2Fwp-content HTTP/1.1" 200 25701 "-" "Mozilla/5.0 AppleWebKit/537.36 (KHTML, like Gecko; compatible; ClaudeBot/1.0; +claudebot@anthropic.com)"
216.73.216.163 - - [13/Sep/2025:16:52:21 +0000] "GET /detail/1071399100?fileloc=%2Fhome%2Fmarvidson%2Fpublic_html%2Frobots.txt&path=%2Fhome%2Fmarvidson%2Fpublic_html HTTP/1.1" 200 12442 "-" "Mozilla/5.0 AppleWebKit/537.36 (KHTML, like Gecko; compatible; ClaudeBot/1.0; +claudebot@anthropic.com)"
216.73.216.163 - - [13/Sep/2025:16:52:24 +0000] "GET /detail/211339354?fileloc=%2Fhome%2Fmarvidson%2Fpublic_html%2Frobots.txt&path=%2Fhome%2Fmarvidson%2Fpublic_html HTTP/1.1" 200 12442 "-" "Mozilla/5.0 AppleWebKit/537.36 (KHTML, like Gecko; compatible; ClaudeBot/1.0; +claudebot@anthropic.com)"
216.73.216.163 - - [13/Sep/2025:16:52:27 +0000] "GET /detail/1058519781?fileloc=%2Fhome%2Fmarvidson%2Fpublic_html%2F.htaccess&path=%2Fhome%2Fmarvidson%2Fpublic_html HTTP/1.1" 200 14426 "-" "Mozilla/5.0 AppleWebKit/537.36 (KHTML, like Gecko; compatible; ClaudeBot/1.0; +claudebot@anthropic.com)"
216.73.216.163 - - [13/Sep/2025:16:52:30 +0000] "GET /detail/1071467442?fileloc=%2Fhome%2Fmarvidson%2Fpublic_html%2Frobots.txt&path=%2Fhome%2Fmarvidson%2Fpublic_html HTTP/1.1" 200 12442 "-" "Mozilla/5.0 AppleWebKit/537.36 (KHTML, like Gecko; compatible; ClaudeBot/1.0; +claudebot@anthropic.com)"
216.73.216.163 - - [13/Sep/2025:16:52:33 +0000] "GET /detail/1071325271?fileloc=%2Fhome%2Fmarvidson%2Fpublic_html%2Frobots.txt&path=%2Fhome%2Fmarvidson%2Fpublic_html HTTP/1.1" 200 12442 "-" "Mozilla/5.0 AppleWebKit/537.36 (KHTML, like Gecko; compatible; ClaudeBot/1.0; +claudebot@anthropic.com)"
