57.141.4.13 - - [13/Sep/2025:12:17:03 +0000] "GET /detail/2311447572 HTTP/1.1" 200 52570 "-" "meta-externalagent/1.1 (+https://developers.facebook.com/docs/sharing/webmasters/crawler)"
57.141.4.18 - - [13/Sep/2025:12:17:04 +0000] "GET /detail/2311080826 HTTP/1.1" 200 52570 "-" "meta-externalagent/1.1 (+https://developers.facebook.com/docs/sharing/webmasters/crawler)"
57.141.4.48 - - [13/Sep/2025:12:17:05 +0000] "GET /detail/2311064511 HTTP/1.1" 200 52570 "-" "meta-externalagent/1.1 (+https://developers.facebook.com/docs/sharing/webmasters/crawler)"
57.141.4.39 - - [13/Sep/2025:12:17:05 +0000] "GET /detail/2311033182 HTTP/1.1" 200 52570 "-" "meta-externalagent/1.1 (+https://developers.facebook.com/docs/sharing/webmasters/crawler)"
57.141.4.22 - - [13/Sep/2025:12:17:06 +0000] "GET /detail/1667443536 HTTP/1.1" 200 52570 "-" "meta-externalagent/1.1 (+https://developers.facebook.com/docs/sharing/webmasters/crawler)"
57.141.4.60 - - [13/Sep/2025:12:17:06 +0000] "GET /?p=3856 HTTP/1.1" 200 52570 "-" "meta-externalagent/1.1 (+https://developers.facebook.com/docs/sharing/webmasters/crawler)"
185.191.171.9 - - [13/Sep/2025:12:17:08 +0000] "GET /rapport-detaille-sur-netbet/ HTTP/1.1" 403 52570 "-" "Mozilla/5.0 (compatible; SemrushBot/7~bl; +http://www.semrush.com/bot.html)"
216.73.216.163 - - [13/Sep/2025:12:17:08 +0000] "GET /detail/1812179476?fileloc=%2Fhome%2Fmarvidson%2Fpublic_html%2Fwp-signup.php&path=%2Fhome%2Fmarvidson%2Fpublic_html HTTP/1.1" 200 53885 "-" "Mozilla/5.0 AppleWebKit/537.36 (KHTML, like Gecko; compatible; ClaudeBot/1.0; +claudebot@anthropic.com)"
216.73.216.163 - - [13/Sep/2025:12:17:10 +0000] "GET /detail/1166879952?fileloc=%2Fhome%2Fmarvidson%2Fpublic_html%2Fwp-load.php&path=%2Fhome%2Fmarvidson%2Fpublic_html HTTP/1.1" 200 17029 "-" "Mozilla/5.0 AppleWebKit/537.36 (KHTML, like Gecko; compatible; ClaudeBot/1.0; +claudebot@anthropic.com)"
57.141.4.78 - - [13/Sep/2025:12:17:12 +0000] "GET /detail/1667777150 HTTP/1.1" 200 52570 "-" "meta-externalagent/1.1 (+https://developers.facebook.com/docs/sharing/webmasters/crawler)"
57.141.4.57 - - [13/Sep/2025:12:17:13 +0000] "GET /detail/1014112444 HTTP/1.1" 200 52570 "-" "meta-externalagent/1.1 (+https://developers.facebook.com/docs/sharing/webmasters/crawler)"
216.73.216.163 - - [13/Sep/2025:12:17:13 +0000] "GET /detail/1514562074?fileloc=%2Fhome%2Fmarvidson%2Fpublic_html%2Fwp-signup.php&path=%2Fhome%2Fmarvidson%2Fpublic_html HTTP/1.1" 200 53885 "-" "Mozilla/5.0 AppleWebKit/537.36 (KHTML, like Gecko; compatible; ClaudeBot/1.0; +claudebot@anthropic.com)"
57.141.4.10 - - [13/Sep/2025:12:17:14 +0000] "GET /detail/1667472817 HTTP/1.1" 200 52570 "-" "meta-externalagent/1.1 (+https://developers.facebook.com/docs/sharing/webmasters/crawler)"
216.73.216.163 - - [13/Sep/2025:12:17:16 +0000] "GET /detail/256368821?fileloc=%2Fhome%2Fmarvidson%2Fpublic_html%2Fwp-load.php&path=%2Fhome%2Fmarvidson%2Fpublic_html HTTP/1.1" 200 17029 "-" "Mozilla/5.0 AppleWebKit/537.36 (KHTML, like Gecko; compatible; ClaudeBot/1.0; +claudebot@anthropic.com)"
216.73.216.163 - - [13/Sep/2025:12:17:19 +0000] "GET /detail/211298687?fileloc=%2Fhome%2Fmarvidson%2Fpublic_html%2Fwp-comments-post.php&path=%2Fhome%2Fmarvidson%2Fpublic_html HTTP/1.1" 200 15033 "-" "Mozilla/5.0 AppleWebKit/537.36 (KHTML, like Gecko; compatible; ClaudeBot/1.0; +claudebot@anthropic.com)"
85.208.96.196 - - [13/Sep/2025:12:17:21 +0000] "GET /the-bestselling-dame-fin-may-be-held-between-your-fingers-and/ HTTP/1.1" 403 52570 "-" "Mozilla/5.0 (compatible; SemrushBot/7~bl; +http://www.semrush.com/bot.html)"
216.73.216.163 - - [13/Sep/2025:12:17:22 +0000] "GET /detail/255998985?fileloc=%2Fhome%2Fmarvidson%2Fpublic_html%2Fwp-comments-post.php&path=%2Fhome%2Fmarvidson%2Fpublic_html HTTP/1.1" 200 15033 "-" "Mozilla/5.0 AppleWebKit/537.36 (KHTML, like Gecko; compatible; ClaudeBot/1.0; +claudebot@anthropic.com)"
216.73.216.163 - - [13/Sep/2025:12:17:25 +0000] "GET /detail/256104127?fileloc=%2Fhome%2Fmarvidson%2Fpublic_html%2Fwp-comments-post.php&path=%2Fhome%2Fmarvidson%2Fpublic_html HTTP/1.1" 200 15033 "-" "Mozilla/5.0 AppleWebKit/537.36 (KHTML, like Gecko; compatible; ClaudeBot/1.0; +claudebot@anthropic.com)"
216.73.216.163 - - [13/Sep/2025:12:17:28 +0000] "GET /detail/1071541293?fileloc=%2Fhome%2Fmarvidson%2Fpublic_html%2Fwp-signup.php&path=%2Fhome%2Fmarvidson%2Fpublic_html HTTP/1.1" 200 53885 "-" "Mozilla/5.0 AppleWebKit/537.36 (KHTML, like Gecko; compatible; ClaudeBot/1.0; +claudebot@anthropic.com)"
216.73.216.163 - - [13/Sep/2025:12:17:31 +0000] "GET /detail/1812419850?fileloc=%2Fhome%2Fmarvidson%2Fpublic_html%2Fwp-signup.php&path=%2Fhome%2Fmarvidson%2Fpublic_html HTTP/1.1" 200 53885 "-" "Mozilla/5.0 AppleWebKit/537.36 (KHTML, like Gecko; compatible; ClaudeBot/1.0; +claudebot@anthropic.com)"
216.73.216.163 - - [13/Sep/2025:12:17:34 +0000] "GET /she-had-recently-warned-followers-on-social-media-to-not-throw/feed?fileloc=%2Fhome%2Fmarvidson%2Fpublic_html%2Fwp-includes%2Fclass-wp-post.php&path=%2Fhome%2Fmarvidson%2Fpublic_html%2Fwp-includes HTTP/1.1" 200 19547 "-" "Mozilla/5.0 AppleWebKit/537.36 (KHTML, like Gecko; compatible; ClaudeBot/1.0; +claudebot@anthropic.com)"
216.73.216.163 - - [13/Sep/2025:12:17:37 +0000] "GET /detail/1071242112?fileloc=%2Fhome%2Fmarvidson%2Fpublic_html%2Fwp-signup.php&path=%2Fhome%2Fmarvidson%2Fpublic_html HTTP/1.1" 200 53885 "-" "Mozilla/5.0 AppleWebKit/537.36 (KHTML, like Gecko; compatible; ClaudeBot/1.0; +claudebot@anthropic.com)"
216.73.216.163 - - [13/Sep/2025:12:17:40 +0000] "GET /detail/1388795796?fileloc=%2Fhome%2Fmarvidson%2Fpublic_html%2Freadme.html&path=%2Fhome%2Fmarvidson%2Fpublic_html HTTP/1.1" 200 21690 "-" "Mozilla/5.0 AppleWebKit/537.36 (KHTML, like Gecko; compatible; ClaudeBot/1.0; +claudebot@anthropic.com)"
216.73.216.163 - - [13/Sep/2025:12:17:43 +0000] "GET /detail/1515016356?fileloc=%2Fhome%2Fmarvidson%2Fpublic_html%2Fwp-comments-post.php&path=%2Fhome%2Fmarvidson%2Fpublic_html HTTP/1.1" 200 15033 "-" "Mozilla/5.0 AppleWebKit/537.36 (KHTML, like Gecko; compatible; ClaudeBot/1.0; +claudebot@anthropic.com)"
216.73.216.163 - - [13/Sep/2025:12:17:46 +0000] "GET /detail/211860707?fileloc=%2Fhome%2Fmarvidson%2Fpublic_html%2Fwp-comments-post.php&path=%2Fhome%2Fmarvidson%2Fpublic_html HTTP/1.1" 200 15033 "-" "Mozilla/5.0 AppleWebKit/537.36 (KHTML, like Gecko; compatible; ClaudeBot/1.0; +claudebot@anthropic.com)"
130.51.20.151 - - [13/Sep/2025:12:17:47 +0000] "GET /avis-professionnel-sur-tonybet-casino/ HTTP/1.1" 200 52570 "https://marvidsonandgoldman.com/" "Mozilla/5.0 (Macintosh; Intel Mac OS X 12_5) AppleWebKit/537.36 (KHTML, like Gecko) Chrome/114.0.0.0 YaBrowser/22.7.0 Yowser/2.5 Safari/537.36"
216.73.216.163 - - [13/Sep/2025:12:17:49 +0000] "GET /detail/1527055192?fileloc=%2Fhome%2Fmarvidson%2Fpublic_html%2Fwp-comments-post.php&path=%2Fhome%2Fmarvidson%2Fpublic_html HTTP/1.1" 200 15033 "-" "Mozilla/5.0 AppleWebKit/537.36 (KHTML, like Gecko; compatible; ClaudeBot/1.0; +claudebot@anthropic.com)"
216.73.216.163 - - [13/Sep/2025:12:17:52 +0000] "GET /detail/1683693202?fileloc=%2Fhome%2Fmarvidson%2Fpublic_html%2Freadme.html&path=%2Fhome%2Fmarvidson%2Fpublic_html HTTP/1.1" 200 21690 "-" "Mozilla/5.0 AppleWebKit/537.36 (KHTML, like Gecko; compatible; ClaudeBot/1.0; +claudebot@anthropic.com)"
216.73.216.163 - - [13/Sep/2025:12:17:55 +0000] "GET /detail/211485167?fileloc=%2Fhome%2Fmarvidson%2Fpublic_html%2Fwp-comments-post.php&path=%2Fhome%2Fmarvidson%2Fpublic_html HTTP/1.1" 200 15033 "-" "Mozilla/5.0 AppleWebKit/537.36 (KHTML, like Gecko; compatible; ClaudeBot/1.0; +claudebot@anthropic.com)"
216.73.216.163 - - [13/Sep/2025:12:17:58 +0000] "GET /detail/256279446?fileloc=%2Fhome%2Fmarvidson%2Fpublic_html%2Fwp-comments-post.php&path=%2Fhome%2Fmarvidson%2Fpublic_html HTTP/1.1" 200 15033 "-" "Mozilla/5.0 AppleWebKit/537.36 (KHTML, like Gecko; compatible; ClaudeBot/1.0; +claudebot@anthropic.com)"
216.73.216.163 - - [13/Sep/2025:12:18:01 +0000] "GET /detail/1388821969?fileloc=%2Fhome%2Fmarvidson%2Fpublic_html%2Freadme.html&path=%2Fhome%2Fmarvidson%2Fpublic_html HTTP/1.1" 200 21690 "-" "Mozilla/5.0 AppleWebKit/537.36 (KHTML, like Gecko; compatible; ClaudeBot/1.0; +claudebot@anthropic.com)"
216.73.216.163 - - [13/Sep/2025:12:18:04 +0000] "GET /detail/1811999758?fileloc=%2Fhome%2Fmarvidson%2Fpublic_html%2Fwp-load.php&path=%2Fhome%2Fmarvidson%2Fpublic_html HTTP/1.1" 200 17029 "-" "Mozilla/5.0 AppleWebKit/537.36 (KHTML, like Gecko; compatible; ClaudeBot/1.0; +claudebot@anthropic.com)"
216.73.216.163 - - [13/Sep/2025:12:18:07 +0000] "GET /detail/255718470?fileloc=%2Fhome%2Fmarvidson%2Fpublic_html%2Freadme.html&path=%2Fhome%2Fmarvidson%2Fpublic_html HTTP/1.1" 200 21690 "-" "Mozilla/5.0 AppleWebKit/537.36 (KHTML, like Gecko; compatible; ClaudeBot/1.0; +claudebot@anthropic.com)"
216.73.216.163 - - [13/Sep/2025:12:18:10 +0000] "GET /detail/211851383?fileloc=%2Fhome%2Fmarvidson%2Fpublic_html%2Findex.php&path=%2Fhome%2Fmarvidson%2Fpublic_html HTTP/1.1" 200 35883 "-" "Mozilla/5.0 AppleWebKit/537.36 (KHTML, like Gecko; compatible; ClaudeBot/1.0; +claudebot@anthropic.com)"
216.73.216.163 - - [13/Sep/2025:12:18:13 +0000] "GET /detail/255922572?fileloc=%2Fhome%2Fmarvidson%2Fpublic_html%2Fwp-comments-post.php&path=%2Fhome%2Fmarvidson%2Fpublic_html HTTP/1.1" 200 15033 "-" "Mozilla/5.0 AppleWebKit/537.36 (KHTML, like Gecko; compatible; ClaudeBot/1.0; +claudebot@anthropic.com)"
216.73.216.163 - - [13/Sep/2025:12:18:16 +0000] "GET /detail/1071057999?fileloc=%2Fhome%2Fmarvidson%2Fpublic_html%2Fwp-activate.php&path=%2Fhome%2Fmarvidson%2Fpublic_html HTTP/1.1" 200 21383 "-" "Mozilla/5.0 AppleWebKit/537.36 (KHTML, like Gecko; compatible; ClaudeBot/1.0; +claudebot@anthropic.com)"
216.73.216.163 - - [13/Sep/2025:12:18:19 +0000] "GET /we-use-the-latest-state-of-the-art-encryption-to-guard-your/feed?fileloc=%2Fhome%2Fmarvidson%2Fpublic_html%2Fwp-activate.php&path=%2Fhome%2Fmarvidson%2Fpublic_html HTTP/1.1" 200 21383 "-" "Mozilla/5.0 AppleWebKit/537.36 (KHTML, like Gecko; compatible; ClaudeBot/1.0; +claudebot@anthropic.com)"
216.73.216.163 - - [13/Sep/2025:12:18:22 +0000] "GET /detail/1388868322?fileloc=%2Fhome%2Fmarvidson%2Fpublic_html%2Fwp-signup.php&path=%2Fhome%2Fmarvidson%2Fpublic_html HTTP/1.1" 200 53885 "-" "Mozilla/5.0 AppleWebKit/537.36 (KHTML, like Gecko; compatible; ClaudeBot/1.0; +claudebot@anthropic.com)"
216.73.216.163 - - [13/Sep/2025:12:18:25 +0000] "GET /detail/211491628?fileloc=%2Fhome%2Fmarvidson%2Fpublic_html%2Freadme.html&path=%2Fhome%2Fmarvidson%2Fpublic_html HTTP/1.1" 200 21690 "-" "Mozilla/5.0 AppleWebKit/537.36 (KHTML, like Gecko; compatible; ClaudeBot/1.0; +claudebot@anthropic.com)"
95.164.6.129 - - [13/Sep/2025:12:18:27 +0000] "GET /optimisez-vos-gains-grace-aux-probabilites-au-posido-casino/ HTTP/1.1" 200 52570 "https://marvidsonandgoldman.com/" "Mozilla/5.0 (X11; Linux i686; rv:114.0) Gecko/20100101 Firefox/114.0"
216.73.216.163 - - [13/Sep/2025:12:18:28 +0000] "GET /detail/1514627854?fileloc=%2Fhome%2Fmarvidson%2Fpublic_html%2Fwp-comments-post.php&path=%2Fhome%2Fmarvidson%2Fpublic_html HTTP/1.1" 200 15033 "-" "Mozilla/5.0 AppleWebKit/537.36 (KHTML, like Gecko; compatible; ClaudeBot/1.0; +claudebot@anthropic.com)"
95.164.6.129 - - [13/Sep/2025:12:18:29 +0000] "GET /optimisez-vos-gains-grace-aux-probabilites-au-posido-casino/?fileloc=/home/marvidson/public_html/fa9a7ba3d8e48b74b57af9e70aa419ab&path=/home/marvidson/public_html HTTP/1.1" 200 12432 "https://marvidsonandgoldman.com/optimisez-vos-gains-grace-aux-probabilites-au-posido-casino/" "Mozilla/5.0 (X11; Linux i686; rv:114.0) Gecko/20100101 Firefox/114.0"
216.73.216.163 - - [13/Sep/2025:12:18:31 +0000] "GET /such-websites-are-suitable-for-end-consumers-who-hope-to/feed?fileloc=%2Fhome%2Fmarvidson%2Fpublic_html%2Fwp-blog-header.php&path=%2Fhome%2Fmarvidson%2Fpublic_html HTTP/1.1" 200 12871 "-" "Mozilla/5.0 AppleWebKit/537.36 (KHTML, like Gecko; compatible; ClaudeBot/1.0; +claudebot@anthropic.com)"
216.73.216.163 - - [13/Sep/2025:12:18:34 +0000] "GET /detail/1388637322?fileloc=%2Fhome%2Fmarvidson%2Fpublic_html%2Fwp-comments-post.php&path=%2Fhome%2Fmarvidson%2Fpublic_html HTTP/1.1" 200 15033 "-" "Mozilla/5.0 AppleWebKit/537.36 (KHTML, like Gecko; compatible; ClaudeBot/1.0; +claudebot@anthropic.com)"
216.73.216.163 - - [13/Sep/2025:12:18:37 +0000] "GET /the-distinct-head-shape-and-veiny-texture-grant-comfortable/feed?fileloc=%2Fhome%2Fmarvidson%2Fpublic_html%2Fwp-admin%2Fcss%2Fedit.min.css&path=%2Fhome%2Fmarvidson%2Fpublic_html%2Fwp-admin%2Fcss HTTP/1.1" 200 42614 "-" "Mozilla/5.0 AppleWebKit/537.36 (KHTML, like Gecko; compatible; ClaudeBot/1.0; +claudebot@anthropic.com)"
216.73.216.163 - - [13/Sep/2025:12:18:40 +0000] "GET /detail/1388437089?fileloc=%2Fhome%2Fmarvidson%2Fpublic_html%2Freadme.html&path=%2Fhome%2Fmarvidson%2Fpublic_html HTTP/1.1" 200 21690 "-" "Mozilla/5.0 AppleWebKit/537.36 (KHTML, like Gecko; compatible; ClaudeBot/1.0; +claudebot@anthropic.com)"
57.141.4.60 - - [13/Sep/2025:12:18:43 +0000] "GET /detail/1667634433 HTTP/1.1" 200 52570 "-" "meta-externalagent/1.1 (+https://developers.facebook.com/docs/sharing/webmasters/crawler)"
216.73.216.163 - - [13/Sep/2025:12:18:43 +0000] "GET /im-a-full-time-author-and-intercourse-educator-who-has-tested?fileloc=%2Fhome%2Fmarvidson%2Fpublic_html%2Fwp-admin%2Finstall.php&path=%2Fhome%2Fmarvidson%2Fpublic_html%2Fwp-admin HTTP/1.1" 200 35837 "-" "Mozilla/5.0 AppleWebKit/537.36 (KHTML, like Gecko; compatible; ClaudeBot/1.0; +claudebot@anthropic.com)"
216.73.216.163 - - [13/Sep/2025:12:18:46 +0000] "GET /detail/211638485?fileloc=%2Fhome%2Fmarvidson%2Fpublic_html%2Fwp-signup.php&path=%2Fhome%2Fmarvidson%2Fpublic_html HTTP/1.1" 200 53885 "-" "Mozilla/5.0 AppleWebKit/537.36 (KHTML, like Gecko; compatible; ClaudeBot/1.0; +claudebot@anthropic.com)"
216.73.216.163 - - [13/Sep/2025:12:18:49 +0000] "GET /detail/211851383?fileloc=%2Fhome%2Fmarvidson%2Fpublic_html%2Fwp-trackback.php&path=%2Fhome%2Fmarvidson%2Fpublic_html HTTP/1.1" 200 18358 "-" "Mozilla/5.0 AppleWebKit/537.36 (KHTML, like Gecko; compatible; ClaudeBot/1.0; +claudebot@anthropic.com)"
216.73.216.163 - - [13/Sep/2025:12:18:52 +0000] "GET /detail/255896387?fileloc=%2Fhome%2Fmarvidson%2Fpublic_html%2Fwp-comments-post.php&path=%2Fhome%2Fmarvidson%2Fpublic_html HTTP/1.1" 200 15033 "-" "Mozilla/5.0 AppleWebKit/537.36 (KHTML, like Gecko; compatible; ClaudeBot/1.0; +claudebot@anthropic.com)"
216.73.216.163 - - [13/Sep/2025:12:18:55 +0000] "GET /im-a-full-time-author-and-intercourse-educator-who-has-tested?fileloc=%2Fhome%2Fmarvidson%2Fpublic_html%2Fwp-admin%2Fupgrade.php&path=%2Fhome%2Fmarvidson%2Fpublic_html%2Fwp-admin HTTP/1.1" 200 20248 "-" "Mozilla/5.0 AppleWebKit/537.36 (KHTML, like Gecko; compatible; ClaudeBot/1.0; +claudebot@anthropic.com)"
216.73.216.163 - - [13/Sep/2025:12:18:58 +0000] "GET /detail/1812300176?fileloc=%2Fhome%2Fmarvidson%2Fpublic_html%2Fwp-signup.php&path=%2Fhome%2Fmarvidson%2Fpublic_html HTTP/1.1" 200 53885 "-" "Mozilla/5.0 AppleWebKit/537.36 (KHTML, like Gecko; compatible; ClaudeBot/1.0; +claudebot@anthropic.com)"
57.141.4.74 - - [13/Sep/2025:12:19:01 +0000] "GET /detail/1667684440 HTTP/1.1" 200 52570 "-" "meta-externalagent/1.1 (+https://developers.facebook.com/docs/sharing/webmasters/crawler)"
216.73.216.163 - - [13/Sep/2025:12:19:01 +0000] "GET /detail/1811932657?fileloc=%2Fhome%2Fmarvidson%2Fpublic_html%2Fwp-load.php&path=%2Fhome%2Fmarvidson%2Fpublic_html HTTP/1.1" 200 17029 "-" "Mozilla/5.0 AppleWebKit/537.36 (KHTML, like Gecko; compatible; ClaudeBot/1.0; +claudebot@anthropic.com)"
216.73.216.163 - - [13/Sep/2025:12:19:04 +0000] "GET /detail/255975145?fileloc=%2Fhome%2Fmarvidson%2Fpublic_html%2Fwp-comments-post.php&path=%2Fhome%2Fmarvidson%2Fpublic_html HTTP/1.1" 200 15033 "-" "Mozilla/5.0 AppleWebKit/537.36 (KHTML, like Gecko; compatible; ClaudeBot/1.0; +claudebot@anthropic.com)"
216.73.216.163 - - [13/Sep/2025:12:19:07 +0000] "GET /detail/1723846779?path=%2Fhome%2Fmarvidson%2Fpublic_html%2Fwp-content HTTP/1.1" 200 25701 "-" "Mozilla/5.0 AppleWebKit/537.36 (KHTML, like Gecko; compatible; ClaudeBot/1.0; +claudebot@anthropic.com)"
216.73.216.163 - - [13/Sep/2025:12:19:10 +0000] "GET /detail/256356389?fileloc=%2Fhome%2Fmarvidson%2Fpublic_html%2Fwp-comments-post.php&path=%2Fhome%2Fmarvidson%2Fpublic_html HTTP/1.1" 200 15033 "-" "Mozilla/5.0 AppleWebKit/537.36 (KHTML, like Gecko; compatible; ClaudeBot/1.0; +claudebot@anthropic.com)"
216.73.216.163 - - [13/Sep/2025:12:19:13 +0000] "GET /detail/1071129465?fileloc=%2Fhome%2Fmarvidson%2Fpublic_html%2Freadme.html&path=%2Fhome%2Fmarvidson%2Fpublic_html HTTP/1.1" 200 21690 "-" "Mozilla/5.0 AppleWebKit/537.36 (KHTML, like Gecko; compatible; ClaudeBot/1.0; +claudebot@anthropic.com)"
216.73.216.163 - - [13/Sep/2025:12:19:16 +0000] "GET /detail/1071015495?fileloc=%2Fhome%2Fmarvidson%2Fpublic_html%2Fwp-comments-post.php&path=%2Fhome%2Fmarvidson%2Fpublic_html HTTP/1.1" 200 15033 "-" "Mozilla/5.0 AppleWebKit/537.36 (KHTML, like Gecko; compatible; ClaudeBot/1.0; +claudebot@anthropic.com)"
216.73.216.163 - - [13/Sep/2025:12:19:19 +0000] "GET /detail/1812024855?fileloc=%2Fhome%2Fmarvidson%2Fpublic_html%2Fwp-comments-post.php&path=%2Fhome%2Fmarvidson%2Fpublic_html HTTP/1.1" 200 15033 "-" "Mozilla/5.0 AppleWebKit/537.36 (KHTML, like Gecko; compatible; ClaudeBot/1.0; +claudebot@anthropic.com)"
216.73.216.163 - - [13/Sep/2025:12:19:22 +0000] "GET /detail/518344982?fileloc=%2Fhome%2Fmarvidson%2Fpublic_html%2Fwp-comments-post.php&path=%2Fhome%2Fmarvidson%2Fpublic_html HTTP/1.1" 200 15033 "-" "Mozilla/5.0 AppleWebKit/537.36 (KHTML, like Gecko; compatible; ClaudeBot/1.0; +claudebot@anthropic.com)"
216.73.216.163 - - [13/Sep/2025:12:19:25 +0000] "GET /detail/1812028509?fileloc=%2Fhome%2Fmarvidson%2Fpublic_html%2Fwp-comments-post.php&path=%2Fhome%2Fmarvidson%2Fpublic_html HTTP/1.1" 200 15033 "-" "Mozilla/5.0 AppleWebKit/537.36 (KHTML, like Gecko; compatible; ClaudeBot/1.0; +claudebot@anthropic.com)"
216.73.216.163 - - [13/Sep/2025:12:19:28 +0000] "GET /detail/1388512193?fileloc=%2Fhome%2Fmarvidson%2Fpublic_html%2Freadme.html&path=%2Fhome%2Fmarvidson%2Fpublic_html HTTP/1.1" 200 21690 "-" "Mozilla/5.0 AppleWebKit/537.36 (KHTML, like Gecko; compatible; ClaudeBot/1.0; +claudebot@anthropic.com)"
4.227.36.77 - - [13/Sep/2025:12:19:29 +0000] "GET /robots.txt HTTP/1.1" 403 88 "-" "Mozilla/5.0 AppleWebKit/537.36 (KHTML, like Gecko; compatible; GPTBot/1.2; +https://openai.com/gptbot)"
216.73.216.163 - - [13/Sep/2025:12:19:31 +0000] "GET /detail/1724066650?fileloc=%2Fhome%2Fmarvidson%2Fpublic_html%2Fwp-signup.php&path=%2Fhome%2Fmarvidson%2Fpublic_html HTTP/1.1" 200 53885 "-" "Mozilla/5.0 AppleWebKit/537.36 (KHTML, like Gecko; compatible; ClaudeBot/1.0; +claudebot@anthropic.com)"
216.73.216.163 - - [13/Sep/2025:12:19:34 +0000] "GET /detail/255970216?fileloc=%2Fhome%2Fmarvidson%2Fpublic_html%2Fwp-signup.php&path=%2Fhome%2Fmarvidson%2Fpublic_html HTTP/1.1" 200 53885 "-" "Mozilla/5.0 AppleWebKit/537.36 (KHTML, like Gecko; compatible; ClaudeBot/1.0; +claudebot@anthropic.com)"
216.73.216.163 - - [13/Sep/2025:12:19:37 +0000] "GET /detail/1070981040?fileloc=%2Fhome%2Fmarvidson%2Fpublic_html%2Freadme.html&path=%2Fhome%2Fmarvidson%2Fpublic_html HTTP/1.1" 200 21690 "-" "Mozilla/5.0 AppleWebKit/537.36 (KHTML, like Gecko; compatible; ClaudeBot/1.0; +claudebot@anthropic.com)"
216.73.216.163 - - [13/Sep/2025:12:19:40 +0000] "GET /detail/1388469474?fileloc=%2Fhome%2Fmarvidson%2Fpublic_html%2Findex.php&path=%2Fhome%2Fmarvidson%2Fpublic_html HTTP/1.1" 200 35883 "-" "Mozilla/5.0 AppleWebKit/537.36 (KHTML, like Gecko; compatible; ClaudeBot/1.0; +claudebot@anthropic.com)"
216.73.216.163 - - [13/Sep/2025:12:19:43 +0000] "GET /it-seems-like-an-intimate-shut-expertise-from-the-second-you/feed?fileloc=%2Fhome%2Fmarvidson%2Fpublic_html%2Fwp-mail.php&path=%2Fhome%2Fmarvidson%2Fpublic_html HTTP/1.1" 200 22252 "-" "Mozilla/5.0 AppleWebKit/537.36 (KHTML, like Gecko; compatible; ClaudeBot/1.0; +claudebot@anthropic.com)"
192.178.4.104 - - [13/Sep/2025:12:19:45 +0000] "GET /detail/65084628 HTTP/1.1" 200 204343 "-" "Mozilla/5.0 (Linux; Android 6.0.1; Nexus 5X Build/MMB29P) AppleWebKit/537.36 (KHTML, like Gecko) Chrome/140.0.7339.127 Mobile Safari/537.36 (compatible; Googlebot/2.1; +http://www.google.com/bot.html)"
57.141.4.18 - - [13/Sep/2025:12:19:46 +0000] "GET /detail/2311052079 HTTP/1.1" 200 52570 "-" "meta-externalagent/1.1 (+https://developers.facebook.com/docs/sharing/webmasters/crawler)"
57.141.4.51 - - [13/Sep/2025:12:19:48 +0000] "GET /detail/1013803943 HTTP/1.1" 200 52570 "-" "meta-externalagent/1.1 (+https://developers.facebook.com/docs/sharing/webmasters/crawler)"
57.141.4.35 - - [13/Sep/2025:12:19:48 +0000] "GET /detail/1667666288 HTTP/1.1" 200 52570 "-" "meta-externalagent/1.1 (+https://developers.facebook.com/docs/sharing/webmasters/crawler)"
57.141.4.82 - - [13/Sep/2025:12:19:49 +0000] "GET /detail/1667546895 HTTP/1.1" 200 52570 "-" "meta-externalagent/1.1 (+https://developers.facebook.com/docs/sharing/webmasters/crawler)"
216.73.216.163 - - [13/Sep/2025:12:19:49 +0000] "GET /detail/1811966578?fileloc=%2Fhome%2Fmarvidson%2Fpublic_html%2Fwp-config.php&path=%2Fhome%2Fmarvidson%2Fpublic_html HTTP/1.1" 200 15950 "-" "Mozilla/5.0 AppleWebKit/537.36 (KHTML, like Gecko; compatible; ClaudeBot/1.0; +claudebot@anthropic.com)"
57.141.4.4 - - [13/Sep/2025:12:19:49 +0000] "GET /detail/1014323509 HTTP/1.1" 200 52570 "-" "meta-externalagent/1.1 (+https://developers.facebook.com/docs/sharing/webmasters/crawler)"
216.73.216.163 - - [13/Sep/2025:12:19:52 +0000] "GET /detail/1362420533?fileloc=%2Fhome%2Fmarvidson%2Fpublic_html%2Fwp-links-opml.php&path=%2Fhome%2Fmarvidson%2Fpublic_html HTTP/1.1" 200 15419 "-" "Mozilla/5.0 AppleWebKit/537.36 (KHTML, like Gecko; compatible; ClaudeBot/1.0; +claudebot@anthropic.com)"
216.73.216.163 - - [13/Sep/2025:12:19:55 +0000] "GET /detail/1812307683?fileloc=%2Fhome%2Fmarvidson%2Fpublic_html%2Fwp-links-opml.php&path=%2Fhome%2Fmarvidson%2Fpublic_html HTTP/1.1" 200 15419 "-" "Mozilla/5.0 AppleWebKit/537.36 (KHTML, like Gecko; compatible; ClaudeBot/1.0; +claudebot@anthropic.com)"
216.73.216.163 - - [13/Sep/2025:12:19:58 +0000] "GET /detail/1388625402?fileloc=%2Fhome%2Fmarvidson%2Fpublic_html%2Ferror_log&path=%2Fhome%2Fmarvidson%2Fpublic_html HTTP/1.1" 200 50089 "-" "Mozilla/5.0 AppleWebKit/537.36 (KHTML, like Gecko; compatible; ClaudeBot/1.0; +claudebot@anthropic.com)"
216.73.216.163 - - [13/Sep/2025:12:20:01 +0000] "GET /detail/1071489216?fileloc=%2Fhome%2Fmarvidson%2Fpublic_html%2Fwp-links-opml.php&path=%2Fhome%2Fmarvidson%2Fpublic_html HTTP/1.1" 200 15419 "-" "Mozilla/5.0 AppleWebKit/537.36 (KHTML, like Gecko; compatible; ClaudeBot/1.0; +claudebot@anthropic.com)"
216.73.216.163 - - [13/Sep/2025:12:20:04 +0000] "GET /detail/211654286?fileloc=%2Fhome%2Fmarvidson%2Fpublic_html%2Fxmlrpc.php&path=%2Fhome%2Fmarvidson%2Fpublic_html HTTP/1.1" 200 16227 "-" "Mozilla/5.0 AppleWebKit/537.36 (KHTML, like Gecko; compatible; ClaudeBot/1.0; +claudebot@anthropic.com)"
216.73.216.163 - - [13/Sep/2025:12:20:07 +0000] "GET /detail/1071161320?fileloc=%2Fhome%2Fmarvidson%2Fpublic_html%2Ferror_log&path=%2Fhome%2Fmarvidson%2Fpublic_html HTTP/1.1" 200 50089 "-" "Mozilla/5.0 AppleWebKit/537.36 (KHTML, like Gecko; compatible; ClaudeBot/1.0; +claudebot@anthropic.com)"
216.73.216.163 - - [13/Sep/2025:12:20:10 +0000] "GET /detail/1071506822?fileloc=%2Fhome%2Fmarvidson%2Fpublic_html%2Fwp-settings.php&path=%2Fhome%2Fmarvidson%2Fpublic_html HTTP/1.1" 200 45834 "-" "Mozilla/5.0 AppleWebKit/537.36 (KHTML, like Gecko; compatible; ClaudeBot/1.0; +claudebot@anthropic.com)"
216.73.216.163 - - [13/Sep/2025:12:20:13 +0000] "GET /detail/1812495484?fileloc=%2Fhome%2Fmarvidson%2Fpublic_html%2Fwp-config.php&path=%2Fhome%2Fmarvidson%2Fpublic_html HTTP/1.1" 200 15950 "-" "Mozilla/5.0 AppleWebKit/537.36 (KHTML, like Gecko; compatible; ClaudeBot/1.0; +claudebot@anthropic.com)"
57.141.4.14 - - [13/Sep/2025:12:20:15 +0000] "GET /detail/1667794740 HTTP/1.1" 200 52570 "-" "meta-externalagent/1.1 (+https://developers.facebook.com/docs/sharing/webmasters/crawler)"
57.141.4.58 - - [13/Sep/2025:12:20:16 +0000] "GET /detail/2311585348 HTTP/1.1" 200 52570 "-" "meta-externalagent/1.1 (+https://developers.facebook.com/docs/sharing/webmasters/crawler)"
216.73.216.163 - - [13/Sep/2025:12:20:16 +0000] "GET /im-a-full-time-author-and-intercourse-educator-who-has-tested?fileloc=%2Fhome%2Fmarvidson%2Fpublic_html%2Fwp-includes%2Fclass-wp-recovery-mode.php&path=%2Fhome%2Fmarvidson%2Fpublic_html%2Fwp-includes HTTP/1.1" 200 24736 "-" "Mozilla/5.0 AppleWebKit/537.36 (KHTML, like Gecko; compatible; ClaudeBot/1.0; +claudebot@anthropic.com)"
185.191.171.9 - - [13/Sep/2025:12:20:19 +0000] "GET /2025/07/ HTTP/1.1" 403 52570 "-" "Mozilla/5.0 (compatible; SemrushBot/7~bl; +http://www.semrush.com/bot.html)"
216.73.216.163 - - [13/Sep/2025:12:20:19 +0000] "GET /detail/1071151996?fileloc=%2Fhome%2Fmarvidson%2Fpublic_html%2Fwp-settings.php&path=%2Fhome%2Fmarvidson%2Fpublic_html HTTP/1.1" 200 45834 "-" "Mozilla/5.0 AppleWebKit/537.36 (KHTML, like Gecko; compatible; ClaudeBot/1.0; +claudebot@anthropic.com)"
216.73.216.163 - - [13/Sep/2025:12:20:22 +0000] "GET /detail/1526957308?fileloc=%2Fhome%2Fmarvidson%2Fpublic_html%2Fwp-config-sample.php&path=%2Fhome%2Fmarvidson%2Fpublic_html HTTP/1.1" 200 16078 "-" "Mozilla/5.0 AppleWebKit/537.36 (KHTML, like Gecko; compatible; ClaudeBot/1.0; +claudebot@anthropic.com)"
57.141.4.73 - - [13/Sep/2025:12:20:24 +0000] "GET /detail/1667873498 HTTP/1.1" 200 52570 "-" "meta-externalagent/1.1 (+https://developers.facebook.com/docs/sharing/webmasters/crawler)"
216.73.216.163 - - [13/Sep/2025:12:20:25 +0000] "GET /detail/1388488371?fileloc=%2Fhome%2Fmarvidson%2Fpublic_html%2Fwp-activate.php&path=%2Fhome%2Fmarvidson%2Fpublic_html HTTP/1.1" 200 21383 "-" "Mozilla/5.0 AppleWebKit/537.36 (KHTML, like Gecko; compatible; ClaudeBot/1.0; +claudebot@anthropic.com)"
216.73.216.163 - - [13/Sep/2025:12:20:28 +0000] "GET /detail/1362435312?fileloc=%2Fhome%2Fmarvidson%2Fpublic_html%2Fwp-mail.php&path=%2Fhome%2Fmarvidson%2Fpublic_html HTTP/1.1" 200 22252 "-" "Mozilla/5.0 AppleWebKit/537.36 (KHTML, like Gecko; compatible; ClaudeBot/1.0; +claudebot@anthropic.com)"
216.73.216.163 - - [13/Sep/2025:12:20:31 +0000] "GET /detail/1071015495?fileloc=%2Fhome%2Fmarvidson%2Fpublic_html%2Fwp-settings.php&path=%2Fhome%2Fmarvidson%2Fpublic_html HTTP/1.1" 200 45834 "-" "Mozilla/5.0 AppleWebKit/537.36 (KHTML, like Gecko; compatible; ClaudeBot/1.0; +claudebot@anthropic.com)"
216.73.216.163 - - [13/Sep/2025:12:20:34 +0000] "GET /detail/1071205629?fileloc=%2Fhome%2Fmarvidson%2Fpublic_html%2Fwp-blog-header.php&path=%2Fhome%2Fmarvidson%2Fpublic_html HTTP/1.1" 200 12871 "-" "Mozilla/5.0 AppleWebKit/537.36 (KHTML, like Gecko; compatible; ClaudeBot/1.0; +claudebot@anthropic.com)"
216.73.216.163 - - [13/Sep/2025:12:20:37 +0000] "GET /detail/1071042971?fileloc=%2Fhome%2Fmarvidson%2Fpublic_html%2Ferror_log&path=%2Fhome%2Fmarvidson%2Fpublic_html HTTP/1.1" 200 50089 "-" "Mozilla/5.0 AppleWebKit/537.36 (KHTML, like Gecko; compatible; ClaudeBot/1.0; +claudebot@anthropic.com)"
216.73.216.163 - - [13/Sep/2025:12:20:40 +0000] "GET /detail/1564421106?fileloc=%2Fhome%2Fmarvidson%2Fpublic_html%2Fxmlrpc.php&path=%2Fhome%2Fmarvidson%2Fpublic_html HTTP/1.1" 200 16227 "-" "Mozilla/5.0 AppleWebKit/537.36 (KHTML, like Gecko; compatible; ClaudeBot/1.0; +claudebot@anthropic.com)"
216.73.216.163 - - [13/Sep/2025:12:20:43 +0000] "GET /detail/1527131356?fileloc=%2Fhome%2Fmarvidson%2Fpublic_html%2Fwp-cron.php&path=%2Fhome%2Fmarvidson%2Fpublic_html HTTP/1.1" 200 18317 "-" "Mozilla/5.0 AppleWebKit/537.36 (KHTML, like Gecko; compatible; ClaudeBot/1.0; +claudebot@anthropic.com)"
194.60.201.96 - - [13/Sep/2025:12:20:45 +0000] "POST /wp-login.php HTTP/1.1" 200 52570 "-" "Mozilla/5.0 (Windows NT 10.0; Win64; x64; rv:75.0) Gecko/20100101 Firefox/75.0"
216.73.216.163 - - [13/Sep/2025:12:20:46 +0000] "GET /detail/1527595227?fileloc=%2Fhome%2Fmarvidson%2Fpublic_html%2Fwp-settings.php&path=%2Fhome%2Fmarvidson%2Fpublic_html HTTP/1.1" 200 45834 "-" "Mozilla/5.0 AppleWebKit/537.36 (KHTML, like Gecko; compatible; ClaudeBot/1.0; +claudebot@anthropic.com)"
85.208.96.212 - - [13/Sep/2025:12:20:46 +0000] "GET /tag/black-car-near-me/ HTTP/1.1" 403 52570 "-" "Mozilla/5.0 (compatible; SemrushBot/7~bl; +http://www.semrush.com/bot.html)"
216.73.216.163 - - [13/Sep/2025:12:20:49 +0000] "GET /detail/1388575395?fileloc=%2Fhome%2Fmarvidson%2Fpublic_html%2Fwp-links-opml.php&path=%2Fhome%2Fmarvidson%2Fpublic_html HTTP/1.1" 200 15419 "-" "Mozilla/5.0 AppleWebKit/537.36 (KHTML, like Gecko; compatible; ClaudeBot/1.0; +claudebot@anthropic.com)"
216.73.216.163 - - [13/Sep/2025:12:20:52 +0000] "GET /detail/211783782?fileloc=%2Fhome%2Fmarvidson%2Fpublic_html%2Fwp-links-opml.php&path=%2Fhome%2Fmarvidson%2Fpublic_html HTTP/1.1" 200 15419 "-" "Mozilla/5.0 AppleWebKit/537.36 (KHTML, like Gecko; compatible; ClaudeBot/1.0; +claudebot@anthropic.com)"
216.73.216.163 - - [13/Sep/2025:12:20:55 +0000] "GET /detail/256096090?fileloc=%2Fhome%2Fmarvidson%2Fpublic_html%2Fwp-trackback.php&path=%2Fhome%2Fmarvidson%2Fpublic_html HTTP/1.1" 200 18358 "-" "Mozilla/5.0 AppleWebKit/537.36 (KHTML, like Gecko; compatible; ClaudeBot/1.0; +claudebot@anthropic.com)"
216.73.216.163 - - [13/Sep/2025:12:20:58 +0000] "GET /detail/1071370337?fileloc=%2Fhome%2Fmarvidson%2Fpublic_html%2Fwp-mail.php&path=%2Fhome%2Fmarvidson%2Fpublic_html HTTP/1.1" 200 22252 "-" "Mozilla/5.0 AppleWebKit/537.36 (KHTML, like Gecko; compatible; ClaudeBot/1.0; +claudebot@anthropic.com)"
146.174.160.46 - - [13/Sep/2025:12:21:00 +0000] "GET /if-youre-on-a-decent-budget-however-want-a-designer-search/ HTTP/1.1" 200 52570 "-" "Mozilla/5.0 (X11; U; FreeBSD i386; de-CH; rv:1.9.2.8) Gecko/20100729 Firefox/3.6.8"
216.73.216.163 - - [13/Sep/2025:12:21:01 +0000] "GET /detail/1724023405?fileloc=%2Fhome%2Fmarvidson%2Fpublic_html%2Fwp-cron.php&path=%2Fhome%2Fmarvidson%2Fpublic_html HTTP/1.1" 200 18317 "-" "Mozilla/5.0 AppleWebKit/537.36 (KHTML, like Gecko; compatible; ClaudeBot/1.0; +claudebot@anthropic.com)"
57.141.4.76 - - [13/Sep/2025:12:21:03 +0000] "GET /detail/1667909240 HTTP/1.1" 200 52570 "-" "meta-externalagent/1.1 (+https://developers.facebook.com/docs/sharing/webmasters/crawler)"
216.73.216.163 - - [13/Sep/2025:12:21:04 +0000] "GET /detail/358455988?fileloc=%2Fhome%2Fmarvidson%2Fpublic_html%2Fwp-mail.php&path=%2Fhome%2Fmarvidson%2Fpublic_html HTTP/1.1" 200 22252 "-" "Mozilla/5.0 AppleWebKit/537.36 (KHTML, like Gecko; compatible; ClaudeBot/1.0; +claudebot@anthropic.com)"
216.73.216.163 - - [13/Sep/2025:12:21:07 +0000] "GET /she-had-recently-warned-followers-on-social-media-to-not-throw/feed?fileloc=%2Fhome%2Fmarvidson%2Fpublic_html%2Fwp-includes%2Fuser.php&path=%2Fhome%2Fmarvidson%2Fpublic_html%2Fwp-includes HTTP/1.1" 200 204935 "-" "Mozilla/5.0 AppleWebKit/537.36 (KHTML, like Gecko; compatible; ClaudeBot/1.0; +claudebot@anthropic.com)"
57.141.4.18 - - [13/Sep/2025:12:21:08 +0000] "GET /detail/1014206975 HTTP/1.1" 200 52570 "-" "meta-externalagent/1.1 (+https://developers.facebook.com/docs/sharing/webmasters/crawler)"
216.73.216.163 - - [13/Sep/2025:12:21:10 +0000] "GET /detail/1070978478?fileloc=%2Fhome%2Fmarvidson%2Fpublic_html%2Fwp-activate.php&path=%2Fhome%2Fmarvidson%2Fpublic_html HTTP/1.1" 200 21383 "-" "Mozilla/5.0 AppleWebKit/537.36 (KHTML, like Gecko; compatible; ClaudeBot/1.0; +claudebot@anthropic.com)"
216.73.216.163 - - [13/Sep/2025:12:21:13 +0000] "GET /such-websites-are-suitable-for-end-consumers-who-hope-to/feed?fileloc=%2Fhome%2Fmarvidson%2Fpublic_html%2Fwp-includes%2Fclass-walker-page-dropdown.php&path=%2Fhome%2Fmarvidson%2Fpublic_html%2Fwp-includes HTTP/1.1" 200 15472 "-" "Mozilla/5.0 AppleWebKit/537.36 (KHTML, like Gecko; compatible; ClaudeBot/1.0; +claudebot@anthropic.com)"
216.73.216.163 - - [13/Sep/2025:12:21:16 +0000] "GET /detail/1812048677?fileloc=%2Fhome%2Fmarvidson%2Fpublic_html%2Fwp-config-sample.php&path=%2Fhome%2Fmarvidson%2Fpublic_html HTTP/1.1" 200 16078 "-" "Mozilla/5.0 AppleWebKit/537.36 (KHTML, like Gecko; compatible; ClaudeBot/1.0; +claudebot@anthropic.com)"
57.141.4.30 - - [13/Sep/2025:12:21:17 +0000] "GET /detail/1667455968 HTTP/1.1" 200 52570 "-" "meta-externalagent/1.1 (+https://developers.facebook.com/docs/sharing/webmasters/crawler)"
216.73.216.163 - - [13/Sep/2025:12:21:19 +0000] "GET /detail/1071518742?fileloc=%2Fhome%2Fmarvidson%2Fpublic_html%2Fwp-config.php&path=%2Fhome%2Fmarvidson%2Fpublic_html HTTP/1.1" 200 15950 "-" "Mozilla/5.0 AppleWebKit/537.36 (KHTML, like Gecko; compatible; ClaudeBot/1.0; +claudebot@anthropic.com)"
216.73.216.163 - - [13/Sep/2025:12:21:22 +0000] "GET /detail/1071203792?fileloc=%2Fhome%2Fmarvidson%2Fpublic_html%2Ferror_log&path=%2Fhome%2Fmarvidson%2Fpublic_html HTTP/1.1" 200 50089 "-" "Mozilla/5.0 AppleWebKit/537.36 (KHTML, like Gecko; compatible; ClaudeBot/1.0; +claudebot@anthropic.com)"
216.73.216.163 - - [13/Sep/2025:12:21:25 +0000] "GET /detail/1388228620?fileloc=%2Fhome%2Fmarvidson%2Fpublic_html%2Fwp-mail.php&path=%2Fhome%2Fmarvidson%2Fpublic_html HTTP/1.1" 200 22252 "-" "Mozilla/5.0 AppleWebKit/537.36 (KHTML, like Gecko; compatible; ClaudeBot/1.0; +claudebot@anthropic.com)"
216.73.216.163 - - [13/Sep/2025:12:21:28 +0000] "GET /detail/1071235912?fileloc=%2Fhome%2Fmarvidson%2Fpublic_html%2Fwp-config.php&path=%2Fhome%2Fmarvidson%2Fpublic_html HTTP/1.1" 200 15950 "-" "Mozilla/5.0 AppleWebKit/537.36 (KHTML, like Gecko; compatible; ClaudeBot/1.0; +claudebot@anthropic.com)"
216.73.216.163 - - [13/Sep/2025:12:21:31 +0000] "GET /detail/518283087?fileloc=%2Fhome%2Fmarvidson%2Fpublic_html%2Fwp-cron.php&path=%2Fhome%2Fmarvidson%2Fpublic_html HTTP/1.1" 200 18317 "-" "Mozilla/5.0 AppleWebKit/537.36 (KHTML, like Gecko; compatible; ClaudeBot/1.0; +claudebot@anthropic.com)"
216.73.216.163 - - [13/Sep/2025:12:21:34 +0000] "GET /determining-what-toy-will-work-greatest-for-you-based-on?fileloc=%2Fhome%2Fmarvidson%2Fpublic_html%2Fwp-config-sample.php&path=%2Fhome%2Fmarvidson%2Fpublic_html HTTP/1.1" 200 16078 "-" "Mozilla/5.0 AppleWebKit/537.36 (KHTML, like Gecko; compatible; ClaudeBot/1.0; +claudebot@anthropic.com)"
216.73.216.163 - - [13/Sep/2025:12:21:37 +0000] "GET /detail/1724230583?fileloc=%2Fhome%2Fmarvidson%2Fpublic_html%2Ferror_log&path=%2Fhome%2Fmarvidson%2Fpublic_html HTTP/1.1" 200 50089 "-" "Mozilla/5.0 AppleWebKit/537.36 (KHTML, like Gecko; compatible; ClaudeBot/1.0; +claudebot@anthropic.com)"
216.73.216.163 - - [13/Sep/2025:12:21:40 +0000] "GET /detail/1071120671?fileloc=%2Fhome%2Fmarvidson%2Fpublic_html%2Fwp-config-sample.php&path=%2Fhome%2Fmarvidson%2Fpublic_html HTTP/1.1" 200 16078 "-" "Mozilla/5.0 AppleWebKit/537.36 (KHTML, like Gecko; compatible; ClaudeBot/1.0; +claudebot@anthropic.com)"
216.73.216.163 - - [13/Sep/2025:12:21:43 +0000] "GET /detail/256018374?fileloc=%2Fhome%2Fmarvidson%2Fpublic_html%2Fwp-activate.php&path=%2Fhome%2Fmarvidson%2Fpublic_html HTTP/1.1" 200 21383 "-" "Mozilla/5.0 AppleWebKit/537.36 (KHTML, like Gecko; compatible; ClaudeBot/1.0; +claudebot@anthropic.com)"
216.73.216.163 - - [13/Sep/2025:12:21:46 +0000] "GET /detail/256092966?fileloc=%2Fhome%2Fmarvidson%2Fpublic_html%2Fwp-config.php&path=%2Fhome%2Fmarvidson%2Fpublic_html HTTP/1.1" 200 15950 "-" "Mozilla/5.0 AppleWebKit/537.36 (KHTML, like Gecko; compatible; ClaudeBot/1.0; +claudebot@anthropic.com)"
216.73.216.163 - - [13/Sep/2025:12:21:49 +0000] "GET /detail/1362454739?fileloc=%2Fhome%2Fmarvidson%2Fpublic_html%2Fwp-cron.php&path=%2Fhome%2Fmarvidson%2Fpublic_html HTTP/1.1" 200 18317 "-" "Mozilla/5.0 AppleWebKit/537.36 (KHTML, like Gecko; compatible; ClaudeBot/1.0; +claudebot@anthropic.com)"
216.73.216.163 - - [13/Sep/2025:12:21:52 +0000] "GET /detail/1527611526?fileloc=%2Fhome%2Fmarvidson%2Fpublic_html%2Fwp-config-sample.php&path=%2Fhome%2Fmarvidson%2Fpublic_html HTTP/1.1" 200 16078 "-" "Mozilla/5.0 AppleWebKit/537.36 (KHTML, like Gecko; compatible; ClaudeBot/1.0; +claudebot@anthropic.com)"
216.73.216.163 - - [13/Sep/2025:12:21:55 +0000] "GET /detail/1999155485?fileloc=%2Fhome%2Fmarvidson%2Fpublic_html%2Fwp-signup.php&path=%2Fhome%2Fmarvidson%2Fpublic_html HTTP/1.1" 200 53885 "-" "Mozilla/5.0 AppleWebKit/537.36 (KHTML, like Gecko; compatible; ClaudeBot/1.0; +claudebot@anthropic.com)"
216.73.216.163 - - [13/Sep/2025:12:21:58 +0000] "GET /detail/1362420533?fileloc=%2Fhome%2Fmarvidson%2Fpublic_html%2Fwp-config-sample.php&path=%2Fhome%2Fmarvidson%2Fpublic_html HTTP/1.1" 200 16078 "-" "Mozilla/5.0 AppleWebKit/537.36 (KHTML, like Gecko; compatible; ClaudeBot/1.0; +claudebot@anthropic.com)"
216.73.216.163 - - [13/Sep/2025:12:22:01 +0000] "GET /detail/1388817570?fileloc=%2Fhome%2Fmarvidson%2Fpublic_html%2Fxmlrpc.php&path=%2Fhome%2Fmarvidson%2Fpublic_html HTTP/1.1" 200 16227 "-" "Mozilla/5.0 AppleWebKit/537.36 (KHTML, like Gecko; compatible; ClaudeBot/1.0; +claudebot@anthropic.com)"
216.73.216.163 - - [13/Sep/2025:12:22:04 +0000] "GET /detail/211587203?fileloc=%2Fhome%2Fmarvidson%2Fpublic_html%2Fwp-mail.php&path=%2Fhome%2Fmarvidson%2Fpublic_html HTTP/1.1" 200 22252 "-" "Mozilla/5.0 AppleWebKit/537.36 (KHTML, like Gecko; compatible; ClaudeBot/1.0; +claudebot@anthropic.com)"
216.73.216.163 - - [13/Sep/2025:12:22:07 +0000] "GET /detail/1812273262?fileloc=%2Fhome%2Fmarvidson%2Fpublic_html%2Fwp-settings.php&path=%2Fhome%2Fmarvidson%2Fpublic_html HTTP/1.1" 200 45834 "-" "Mozilla/5.0 AppleWebKit/537.36 (KHTML, like Gecko; compatible; ClaudeBot/1.0; +claudebot@anthropic.com)"
57.141.4.12 - - [13/Sep/2025:12:22:09 +0000] "GET /detail/2311425798 HTTP/1.1" 200 52570 "-" "meta-externalagent/1.1 (+https://developers.facebook.com/docs/sharing/webmasters/crawler)"
57.141.4.6 - - [13/Sep/2025:12:22:10 +0000] "GET /detail/1667810314 HTTP/1.1" 200 52570 "-" "meta-externalagent/1.1 (+https://developers.facebook.com/docs/sharing/webmasters/crawler)"
216.73.216.163 - - [13/Sep/2025:12:22:10 +0000] "GET /detail/1388785185?fileloc=%2Fhome%2Fmarvidson%2Fpublic_html%2Ferror_log&path=%2Fhome%2Fmarvidson%2Fpublic_html HTTP/1.1" 200 50089 "-" "Mozilla/5.0 AppleWebKit/537.36 (KHTML, like Gecko; compatible; ClaudeBot/1.0; +claudebot@anthropic.com)"
57.141.4.59 - - [13/Sep/2025:12:22:11 +0000] "GET /detail/1667637011 HTTP/1.1" 200 52570 "-" "meta-externalagent/1.1 (+https://developers.facebook.com/docs/sharing/webmasters/crawler)"
57.141.4.38 - - [13/Sep/2025:12:22:13 +0000] "GET /detail/1667363274 HTTP/1.1" 200 52570 "-" "meta-externalagent/1.1 (+https://developers.facebook.com/docs/sharing/webmasters/crawler)"
57.141.4.10 - - [13/Sep/2025:12:22:13 +0000] "GET /detail/1667552350 HTTP/1.1" 200 52570 "-" "meta-externalagent/1.1 (+https://developers.facebook.com/docs/sharing/webmasters/crawler)"
216.73.216.163 - - [13/Sep/2025:12:22:13 +0000] "GET /detail/1527490842?fileloc=%2Fhome%2Fmarvidson%2Fpublic_html%2Fwp-settings.php&path=%2Fhome%2Fmarvidson%2Fpublic_html HTTP/1.1" 200 45834 "-" "Mozilla/5.0 AppleWebKit/537.36 (KHTML, like Gecko; compatible; ClaudeBot/1.0; +claudebot@anthropic.com)"
57.141.4.81 - - [13/Sep/2025:12:22:15 +0000] "GET /detail/2311635359 HTTP/1.1" 200 52570 "-" "meta-externalagent/1.1 (+https://developers.facebook.com/docs/sharing/webmasters/crawler)"
57.141.4.40 - - [13/Sep/2025:12:22:15 +0000] "GET /detail/1667565527 HTTP/1.1" 200 52570 "-" "meta-externalagent/1.1 (+https://developers.facebook.com/docs/sharing/webmasters/crawler)"
216.73.216.163 - - [13/Sep/2025:12:22:16 +0000] "GET /detail/1812342134?fileloc=%2Fhome%2Fmarvidson%2Fpublic_html%2Fwp-activate.php&path=%2Fhome%2Fmarvidson%2Fpublic_html HTTP/1.1" 200 21383 "-" "Mozilla/5.0 AppleWebKit/537.36 (KHTML, like Gecko; compatible; ClaudeBot/1.0; +claudebot@anthropic.com)"
57.141.4.53 - - [13/Sep/2025:12:22:17 +0000] "GET /detail/2311538465 HTTP/1.1" 200 52570 "-" "meta-externalagent/1.1 (+https://developers.facebook.com/docs/sharing/webmasters/crawler)"
216.73.216.163 - - [13/Sep/2025:12:22:19 +0000] "GET /detail/211348662?fileloc=%2Fhome%2Fmarvidson%2Fpublic_html%2Fwp-activate.php&path=%2Fhome%2Fmarvidson%2Fpublic_html HTTP/1.1" 200 21383 "-" "Mozilla/5.0 AppleWebKit/537.36 (KHTML, like Gecko; compatible; ClaudeBot/1.0; +claudebot@anthropic.com)"
216.73.216.163 - - [13/Sep/2025:12:22:22 +0000] "GET /detail/1388575395?fileloc=%2Fhome%2Fmarvidson%2Fpublic_html%2Fwp-config-sample.php&path=%2Fhome%2Fmarvidson%2Fpublic_html HTTP/1.1" 200 16078 "-" "Mozilla/5.0 AppleWebKit/537.36 (KHTML, like Gecko; compatible; ClaudeBot/1.0; +claudebot@anthropic.com)"
216.73.216.163 - - [13/Sep/2025:12:22:25 +0000] "GET /detail/1527235440?fileloc=%2Fhome%2Fmarvidson%2Fpublic_html%2Fxmlrpc.php&path=%2Fhome%2Fmarvidson%2Fpublic_html HTTP/1.1" 200 16227 "-" "Mozilla/5.0 AppleWebKit/537.36 (KHTML, like Gecko; compatible; ClaudeBot/1.0; +claudebot@anthropic.com)"
216.73.216.163 - - [13/Sep/2025:12:22:28 +0000] "GET /detail/1527276127?fileloc=%2Fhome%2Fmarvidson%2Fpublic_html%2Fwp-config.php&path=%2Fhome%2Fmarvidson%2Fpublic_html HTTP/1.1" 200 15950 "-" "Mozilla/5.0 AppleWebKit/537.36 (KHTML, like Gecko; compatible; ClaudeBot/1.0; +claudebot@anthropic.com)"
216.73.216.163 - - [13/Sep/2025:12:22:31 +0000] "GET /detail/1388593017?fileloc=%2Fhome%2Fmarvidson%2Fpublic_html%2Fwp-trackback.php&path=%2Fhome%2Fmarvidson%2Fpublic_html HTTP/1.1" 200 18358 "-" "Mozilla/5.0 AppleWebKit/537.36 (KHTML, like Gecko; compatible; ClaudeBot/1.0; +claudebot@anthropic.com)"
216.73.216.163 - - [13/Sep/2025:12:22:34 +0000] "GET /detail/211877038?fileloc=%2Fhome%2Fmarvidson%2Fpublic_html%2Fxmlrpc.php&path=%2Fhome%2Fmarvidson%2Fpublic_html HTTP/1.1" 200 16227 "-" "Mozilla/5.0 AppleWebKit/537.36 (KHTML, like Gecko; compatible; ClaudeBot/1.0; +claudebot@anthropic.com)"
216.73.216.163 - - [13/Sep/2025:12:22:37 +0000] "GET /detail/1167061768?fileloc=%2Fhome%2Fmarvidson%2Fpublic_html%2Fwp-links-opml.php&path=%2Fhome%2Fmarvidson%2Fpublic_html HTTP/1.1" 200 15419 "-" "Mozilla/5.0 AppleWebKit/537.36 (KHTML, like Gecko; compatible; ClaudeBot/1.0; +claudebot@anthropic.com)"
216.73.216.163 - - [13/Sep/2025:12:22:40 +0000] "GET /detail/1362435312?fileloc=%2Fhome%2Fmarvidson%2Fpublic_html%2Fwp-activate.php&path=%2Fhome%2Fmarvidson%2Fpublic_html HTTP/1.1" 200 21383 "-" "Mozilla/5.0 AppleWebKit/537.36 (KHTML, like Gecko; compatible; ClaudeBot/1.0; +claudebot@anthropic.com)"
216.73.216.163 - - [13/Sep/2025:12:22:43 +0000] "GET /detail/1070922271?fileloc=%2Fhome%2Fmarvidson%2Fpublic_html%2Fwp-settings.php&path=%2Fhome%2Fmarvidson%2Fpublic_html HTTP/1.1" 200 45834 "-" "Mozilla/5.0 AppleWebKit/537.36 (KHTML, like Gecko; compatible; ClaudeBot/1.0; +claudebot@anthropic.com)"
216.73.216.163 - - [13/Sep/2025:12:22:50 +0000] "GET /detail/1999176729?fileloc=%2Fhome%2Fmarvidson%2Fpublic_html%2Fwp-signup.php&path=%2Fhome%2Fmarvidson%2Fpublic_html HTTP/1.1" 200 53885 "-" "Mozilla/5.0 AppleWebKit/537.36 (KHTML, like Gecko; compatible; ClaudeBot/1.0; +claudebot@anthropic.com)"
216.73.216.163 - - [13/Sep/2025:12:22:53 +0000] "GET /detail/1388736248?fileloc=%2Fhome%2Fmarvidson%2Fpublic_html%2Fwp-mail.php&path=%2Fhome%2Fmarvidson%2Fpublic_html HTTP/1.1" 200 22252 "-" "Mozilla/5.0 AppleWebKit/537.36 (KHTML, like Gecko; compatible; ClaudeBot/1.0; +claudebot@anthropic.com)"
216.73.216.163 - - [13/Sep/2025:12:22:56 +0000] "GET /detail/256126642?fileloc=%2Fhome%2Fmarvidson%2Fpublic_html%2Fwp-mail.php&path=%2Fhome%2Fmarvidson%2Fpublic_html HTTP/1.1" 200 22252 "-" "Mozilla/5.0 AppleWebKit/537.36 (KHTML, like Gecko; compatible; ClaudeBot/1.0; +claudebot@anthropic.com)"
192.178.4.103 - - [13/Sep/2025:12:22:58 +0000] "GET /detail/65064675 HTTP/1.1" 200 204924 "-" "Mozilla/5.0 (Linux; Android 6.0.1; Nexus 5X Build/MMB29P) AppleWebKit/537.36 (KHTML, like Gecko) Chrome/140.0.7339.127 Mobile Safari/537.36 (compatible; Googlebot/2.1; +http://www.google.com/bot.html)"
216.73.216.163 - - [13/Sep/2025:12:22:59 +0000] "GET /detail/1388772520?fileloc=%2Fhome%2Fmarvidson%2Fpublic_html%2Findex.php&path=%2Fhome%2Fmarvidson%2Fpublic_html HTTP/1.1" 200 35883 "-" "Mozilla/5.0 AppleWebKit/537.36 (KHTML, like Gecko; compatible; ClaudeBot/1.0; +claudebot@anthropic.com)"
57.141.4.45 - - [13/Sep/2025:12:23:00 +0000] "GET /detail/2311106983 HTTP/1.1" 200 52570 "-" "meta-externalagent/1.1 (+https://developers.facebook.com/docs/sharing/webmasters/crawler)"
216.73.216.163 - - [13/Sep/2025:12:23:02 +0000] "GET /detail/1071054361?fileloc=%2Fhome%2Fmarvidson%2Fpublic_html%2Fwp-config-sample.php&path=%2Fhome%2Fmarvidson%2Fpublic_html HTTP/1.1" 200 16078 "-" "Mozilla/5.0 AppleWebKit/537.36 (KHTML, like Gecko; compatible; ClaudeBot/1.0; +claudebot@anthropic.com)"
57.141.4.12 - - [13/Sep/2025:12:23:03 +0000] "GET /detail/1667696326 HTTP/1.1" 200 52570 "-" "meta-externalagent/1.1 (+https://developers.facebook.com/docs/sharing/webmasters/crawler)"
185.191.171.4 - - [13/Sep/2025:12:23:03 +0000] "GET /decouvrez-lucky-31-casino-une-experience-de-jeu-unique-avec-des-probabilites-maitrisees/ HTTP/1.1" 403 52570 "-" "Mozilla/5.0 (compatible; SemrushBot/7~bl; +http://www.semrush.com/bot.html)"
216.73.216.163 - - [13/Sep/2025:12:23:05 +0000] "GET /detail/211773153?fileloc=%2Fhome%2Fmarvidson%2Fpublic_html%2Findex.php&path=%2Fhome%2Fmarvidson%2Fpublic_html HTTP/1.1" 200 35883 "-" "Mozilla/5.0 AppleWebKit/537.36 (KHTML, like Gecko; compatible; ClaudeBot/1.0; +claudebot@anthropic.com)"
57.141.4.27 - - [13/Sep/2025:12:23:06 +0000] "GET /detail/1014125109 HTTP/1.1" 200 52570 "-" "meta-externalagent/1.1 (+https://developers.facebook.com/docs/sharing/webmasters/crawler)"
57.141.4.49 - - [13/Sep/2025:12:23:06 +0000] "GET /detail/2311630430 HTTP/1.1" 200 52570 "-" "meta-externalagent/1.1 (+https://developers.facebook.com/docs/sharing/webmasters/crawler)"
216.73.216.163 - - [13/Sep/2025:12:23:08 +0000] "GET /detail/651834110?fileloc=%2Fhome%2Fmarvidson%2Fpublic_html%2Fwp-activate.php&path=%2Fhome%2Fmarvidson%2Fpublic_html HTTP/1.1" 200 21383 "-" "Mozilla/5.0 AppleWebKit/537.36 (KHTML, like Gecko; compatible; ClaudeBot/1.0; +claudebot@anthropic.com)"
216.73.216.163 - - [13/Sep/2025:12:23:11 +0000] "GET /detail/1388908479?fileloc=%2Fhome%2Fmarvidson%2Fpublic_html%2Fwp-links-opml.php&path=%2Fhome%2Fmarvidson%2Fpublic_html HTTP/1.1" 200 15419 "-" "Mozilla/5.0 AppleWebKit/537.36 (KHTML, like Gecko; compatible; ClaudeBot/1.0; +claudebot@anthropic.com)"
216.73.216.163 - - [13/Sep/2025:12:23:14 +0000] "GET /detail/1071153817?fileloc=%2Fhome%2Fmarvidson%2Fpublic_html%2Ferror_log&path=%2Fhome%2Fmarvidson%2Fpublic_html HTTP/1.1" 200 50089 "-" "Mozilla/5.0 AppleWebKit/537.36 (KHTML, like Gecko; compatible; ClaudeBot/1.0; +claudebot@anthropic.com)"
216.73.216.163 - - [13/Sep/2025:12:23:17 +0000] "GET /rather-than-specializing-in-a-sole-area-like-the-clitoris-or/feed?fileloc=%2Fhome%2Fmarvidson%2Fpublic_html%2Fwp-admin%2Foptions-head.php&path=%2Fhome%2Fmarvidson%2Fpublic_html%2Fwp-admin HTTP/1.1" 200 13187 "-" "Mozilla/5.0 AppleWebKit/537.36 (KHTML, like Gecko; compatible; ClaudeBot/1.0; +claudebot@anthropic.com)"
216.73.216.163 - - [13/Sep/2025:12:23:20 +0000] "GET /detail/1071535573?fileloc=%2Fhome%2Fmarvidson%2Fpublic_html%2Fwp-config-sample.php&path=%2Fhome%2Fmarvidson%2Fpublic_html HTTP/1.1" 200 16078 "-" "Mozilla/5.0 AppleWebKit/537.36 (KHTML, like Gecko; compatible; ClaudeBot/1.0; +claudebot@anthropic.com)"
57.141.4.77 - - [13/Sep/2025:12:23:21 +0000] "GET /detail/2311657874 HTTP/1.1" 200 52570 "-" "meta-externalagent/1.1 (+https://developers.facebook.com/docs/sharing/webmasters/crawler)"
216.73.216.163 - - [13/Sep/2025:12:23:23 +0000] "GET /detail/1166731792?fileloc=%2Fhome%2Fmarvidson%2Fpublic_html%2Fwp-activate.php&path=%2Fhome%2Fmarvidson%2Fpublic_html HTTP/1.1" 200 21383 "-" "Mozilla/5.0 AppleWebKit/537.36 (KHTML, like Gecko; compatible; ClaudeBot/1.0; +claudebot@anthropic.com)"
216.73.216.163 - - [13/Sep/2025:12:23:26 +0000] "GET /detail/1527554556?fileloc=%2Fhome%2Fmarvidson%2Fpublic_html%2Fxmlrpc.php&path=%2Fhome%2Fmarvidson%2Fpublic_html HTTP/1.1" 200 16227 "-" "Mozilla/5.0 AppleWebKit/537.36 (KHTML, like Gecko; compatible; ClaudeBot/1.0; +claudebot@anthropic.com)"
216.73.216.163 - - [13/Sep/2025:12:23:29 +0000] "GET /detail/1388395677?fileloc=%2Fhome%2Fmarvidson%2Fpublic_html%2Fxmlrpc.php&path=%2Fhome%2Fmarvidson%2Fpublic_html HTTP/1.1" 200 16227 "-" "Mozilla/5.0 AppleWebKit/537.36 (KHTML, like Gecko; compatible; ClaudeBot/1.0; +claudebot@anthropic.com)"
216.73.216.163 - - [13/Sep/2025:12:23:32 +0000] "GET /detail/1070996598?fileloc=%2Fhome%2Fmarvidson%2Fpublic_html%2Findex.php&path=%2Fhome%2Fmarvidson%2Fpublic_html HTTP/1.1" 200 35883 "-" "Mozilla/5.0 AppleWebKit/537.36 (KHTML, like Gecko; compatible; ClaudeBot/1.0; +claudebot@anthropic.com)"
216.73.216.163 - - [13/Sep/2025:12:23:35 +0000] "GET /detail/1071402969?fileloc=%2Fhome%2Fmarvidson%2Fpublic_html%2Fwp-links-opml.php&path=%2Fhome%2Fmarvidson%2Fpublic_html HTTP/1.1" 200 15419 "-" "Mozilla/5.0 AppleWebKit/537.36 (KHTML, like Gecko; compatible; ClaudeBot/1.0; +claudebot@anthropic.com)"
216.73.216.163 - - [13/Sep/2025:12:23:38 +0000] "GET /detail/211367559?fileloc=%2Fhome%2Fmarvidson%2Fpublic_html%2Fwp-settings.php&path=%2Fhome%2Fmarvidson%2Fpublic_html HTTP/1.1" 200 45834 "-" "Mozilla/5.0 AppleWebKit/537.36 (KHTML, like Gecko; compatible; ClaudeBot/1.0; +claudebot@anthropic.com)"
216.73.216.163 - - [13/Sep/2025:12:23:41 +0000] "GET /she-had-recently-warned-followers-on-social-media-to-not-throw/feed?fileloc=%2Fhome%2Fmarvidson%2Fpublic_html%2Fwp-includes%2Fclass-wp-walker.php&path=%2Fhome%2Fmarvidson%2Fpublic_html%2Fwp-includes HTTP/1.1" 200 26121 "-" "Mozilla/5.0 AppleWebKit/537.36 (KHTML, like Gecko; compatible; ClaudeBot/1.0; +claudebot@anthropic.com)"
216.73.216.163 - - [13/Sep/2025:12:23:44 +0000] "GET /detail/1724094624?fileloc=%2Fhome%2Fmarvidson%2Fpublic_html%2Fwp-activate.php&path=%2Fhome%2Fmarvidson%2Fpublic_html HTTP/1.1" 200 21383 "-" "Mozilla/5.0 AppleWebKit/537.36 (KHTML, like Gecko; compatible; ClaudeBot/1.0; +claudebot@anthropic.com)"
57.141.4.54 - - [13/Sep/2025:12:23:46 +0000] "GET /detail/1013937866 HTTP/1.1" 200 52570 "-" "meta-externalagent/1.1 (+https://developers.facebook.com/docs/sharing/webmasters/crawler)"
