216.73.216.163 - - [13/Sep/2025:15:53:57 +0000] "GET /detail/56557300?fileloc=%2Fhome%2Fmarvidson%2Fpublic_html%2Fwp-admin%2Fimages%2Fcomment-grey-bubble.png&path=%2Fhome%2Fmarvidson%2Fpublic_html%2Fwp-admin%2Fimages HTTP/1.1" 200 12676 "-" "Mozilla/5.0 AppleWebKit/537.36 (KHTML, like Gecko; compatible; ClaudeBot/1.0; +claudebot@anthropic.com)"
177.234.136.98 - - [13/Sep/2025:15:53:57 +0000] "POST /xmlrpc.php HTTP/1.1" 403 52570 "-" "Mozilla/5.0 (Macintosh; Intel Mac OS X 10_15_7) AppleWebKit/537.36 (KHTML, like Gecko) Chrome/127.0.0 Safari/537.36"
45.85.162.87 - - [13/Sep/2025:15:53:59 +0000] "POST /xmlrpc.php HTTP/1.1" 403 52570 "-" "Mozilla/5.0 (Macintosh; Intel Mac OS X 10_15_7) AppleWebKit/537.36 (KHTML, like Gecko) Chrome/127.0.0 Safari/537.36"
216.73.216.163 - - [13/Sep/2025:15:54:00 +0000] "GET /detail/56557300?fileloc=%2Fhome%2Fmarvidson%2Fpublic_html%2Fwp-admin%2Fimages%2Fmask.png&path=%2Fhome%2Fmarvidson%2Fpublic_html%2Fwp-admin%2Fimages HTTP/1.1" 200 16194 "-" "Mozilla/5.0 AppleWebKit/537.36 (KHTML, like Gecko; compatible; ClaudeBot/1.0; +claudebot@anthropic.com)"
177.234.137.176 - - [13/Sep/2025:15:54:01 +0000] "POST /xmlrpc.php HTTP/1.1" 403 52570 "-" "Mozilla/5.0 (Macintosh; Intel Mac OS X 10_15_7) AppleWebKit/537.36 (KHTML, like Gecko) Chrome/127.0.0 Safari/537.36"
83.217.11.88 - - [13/Sep/2025:15:54:02 +0000] "POST /xmlrpc.php HTTP/1.1" 403 52570 "-" "Mozilla/5.0 (Macintosh; Intel Mac OS X 10_15_7) AppleWebKit/537.36 (KHTML, like Gecko) Chrome/127.0.0 Safari/537.36"
216.73.216.163 - - [13/Sep/2025:15:54:03 +0000] "GET /detail/56557300?fileloc=%2Fhome%2Fmarvidson%2Fpublic_html%2Fwp-admin%2Fimages%2Farrows.png&path=%2Fhome%2Fmarvidson%2Fpublic_html%2Fwp-admin%2Fimages HTTP/1.1" 200 12917 "-" "Mozilla/5.0 AppleWebKit/537.36 (KHTML, like Gecko; compatible; ClaudeBot/1.0; +claudebot@anthropic.com)"
77.73.133.38 - - [13/Sep/2025:15:54:04 +0000] "POST /xmlrpc.php HTTP/1.1" 403 52570 "-" "Mozilla/5.0 (Macintosh; Intel Mac OS X 10_15_7) AppleWebKit/537.36 (KHTML, like Gecko) Chrome/127.0.0 Safari/537.36"
216.73.216.163 - - [13/Sep/2025:15:54:06 +0000] "GET /detail/56557300?fileloc=%2Fhome%2Fmarvidson%2Fpublic_html%2Fwp-admin%2Fimages%2Falign-left-2x.png&path=%2Fhome%2Fmarvidson%2Fpublic_html%2Fwp-admin%2Fimages HTTP/1.1" 200 12731 "-" "Mozilla/5.0 AppleWebKit/537.36 (KHTML, like Gecko; compatible; ClaudeBot/1.0; +claudebot@anthropic.com)"
177.234.137.170 - - [13/Sep/2025:15:54:06 +0000] "POST /xmlrpc.php HTTP/1.1" 403 52570 "-" "Mozilla/5.0 (Macintosh; Intel Mac OS X 10_15_7) AppleWebKit/537.36 (KHTML, like Gecko) Chrome/127.0.0 Safari/537.36"
45.85.161.45 - - [13/Sep/2025:15:54:07 +0000] "POST /xmlrpc.php HTTP/1.1" 403 52570 "-" "Mozilla/5.0 (Macintosh; Intel Mac OS X 10_15_7) AppleWebKit/537.36 (KHTML, like Gecko) Chrome/127.0.0 Safari/537.36"
216.73.216.163 - - [13/Sep/2025:15:54:09 +0000] "GET /detail/56557300?fileloc=%2Fhome%2Fmarvidson%2Fpublic_html%2Fwp-admin%2Fimages%2Fmedia-button-2x.png&path=%2Fhome%2Fmarvidson%2Fpublic_html%2Fwp-admin%2Fimages HTTP/1.1" 200 14245 "-" "Mozilla/5.0 AppleWebKit/537.36 (KHTML, like Gecko; compatible; ClaudeBot/1.0; +claudebot@anthropic.com)"
161.0.4.33 - - [13/Sep/2025:15:54:09 +0000] "POST /xmlrpc.php HTTP/1.1" 403 52570 "-" "Mozilla/5.0 (Macintosh; Intel Mac OS X 10_15_7) AppleWebKit/537.36 (KHTML, like Gecko) Chrome/127.0.0 Safari/537.36"
66.249.64.172 - - [13/Sep/2025:15:54:10 +0000] "GET /detail/555461246 HTTP/1.1" 200 204960 "-" "Mozilla/5.0 (Linux; Android 6.0.1; Nexus 5X Build/MMB29P) AppleWebKit/537.36 (KHTML, like Gecko) Chrome/140.0.7339.127 Mobile Safari/537.36 (compatible; Googlebot/2.1; +http://www.google.com/bot.html)"
45.85.162.196 - - [13/Sep/2025:15:54:10 +0000] "POST /xmlrpc.php HTTP/1.1" 403 52570 "-" "Mozilla/5.0 (Macintosh; Intel Mac OS X 10_15_7) AppleWebKit/537.36 (KHTML, like Gecko) Chrome/127.0.0 Safari/537.36"
216.73.216.163 - - [13/Sep/2025:15:54:12 +0000] "GET /detail/56557300?fileloc=%2Fhome%2Fmarvidson%2Fpublic_html%2Fwp-admin%2Fimages%2Fimgedit-icons.png&path=%2Fhome%2Fmarvidson%2Fpublic_html%2Fwp-admin%2Fimages HTTP/1.1" 200 19976 "-" "Mozilla/5.0 AppleWebKit/537.36 (KHTML, like Gecko; compatible; ClaudeBot/1.0; +claudebot@anthropic.com)"
83.217.11.206 - - [13/Sep/2025:15:54:12 +0000] "POST /xmlrpc.php HTTP/1.1" 403 52570 "-" "Mozilla/5.0 (Macintosh; Intel Mac OS X 10_15_7) AppleWebKit/537.36 (KHTML, like Gecko) Chrome/127.0.0 Safari/537.36"
177.234.136.93 - - [13/Sep/2025:15:54:13 +0000] "POST /xmlrpc.php HTTP/1.1" 403 52570 "-" "Mozilla/5.0 (Macintosh; Intel Mac OS X 10_15_7) AppleWebKit/537.36 (KHTML, like Gecko) Chrome/127.0.0 Safari/537.36"
216.73.216.163 - - [13/Sep/2025:15:54:15 +0000] "GET /detail/56557300?fileloc=%2Fhome%2Fmarvidson%2Fpublic_html%2Fwp-admin%2Fimages%2Fmenu-vs-2x.png&path=%2Fhome%2Fmarvidson%2Fpublic_html%2Fwp-admin%2Fimages HTTP/1.1" 200 35500 "-" "Mozilla/5.0 AppleWebKit/537.36 (KHTML, like Gecko; compatible; ClaudeBot/1.0; +claudebot@anthropic.com)"
196.19.8.52 - - [13/Sep/2025:15:54:16 +0000] "POST /xmlrpc.php HTTP/1.1" 403 52570 "-" "Mozilla/5.0 (Macintosh; Intel Mac OS X 10_15_7) AppleWebKit/537.36 (KHTML, like Gecko) Chrome/127.0.0 Safari/537.36"
216.73.216.163 - - [13/Sep/2025:15:54:18 +0000] "GET /detail/56557300?fileloc=%2Fhome%2Fmarvidson%2Fpublic_html%2Fwp-admin%2Fimages%2Fmedia-button.png&path=%2Fhome%2Fmarvidson%2Fpublic_html%2Fwp-admin%2Fimages HTTP/1.1" 200 13089 "-" "Mozilla/5.0 AppleWebKit/537.36 (KHTML, like Gecko; compatible; ClaudeBot/1.0; +claudebot@anthropic.com)"
193.43.249.188 - - [13/Sep/2025:15:54:18 +0000] "POST /xmlrpc.php HTTP/1.1" 403 52570 "-" "Mozilla/5.0 (Macintosh; Intel Mac OS X 10_15_7) AppleWebKit/537.36 (KHTML, like Gecko) Chrome/127.0.0 Safari/537.36"
83.217.11.206 - - [13/Sep/2025:15:54:19 +0000] "POST /xmlrpc.php HTTP/1.1" 403 52570 "-" "Mozilla/5.0 (Macintosh; Intel Mac OS X 10_15_7) AppleWebKit/537.36 (KHTML, like Gecko) Chrome/127.0.0 Safari/537.36"
216.73.216.163 - - [13/Sep/2025:15:54:21 +0000] "GET /detail/56557300?fileloc=%2Fhome%2Fmarvidson%2Fpublic_html%2Fwp-admin%2Fimages%2Fmenu-2x.png&path=%2Fhome%2Fmarvidson%2Fpublic_html%2Fwp-admin%2Fimages HTTP/1.1" 200 35647 "-" "Mozilla/5.0 AppleWebKit/537.36 (KHTML, like Gecko; compatible; ClaudeBot/1.0; +claudebot@anthropic.com)"
45.85.161.165 - - [13/Sep/2025:15:54:20 +0000] "POST /xmlrpc.php HTTP/1.1" 403 52570 "-" "Mozilla/5.0 (Macintosh; Intel Mac OS X 10_15_7) AppleWebKit/537.36 (KHTML, like Gecko) Chrome/127.0.0 Safari/537.36"
216.73.216.163 - - [13/Sep/2025:15:54:24 +0000] "GET /detail/56557300?fileloc=%2Fhome%2Fmarvidson%2Fpublic_html%2Fwp-admin%2Fimages%2Fse.png&path=%2Fhome%2Fmarvidson%2Fpublic_html%2Fwp-admin%2Fimages HTTP/1.1" 200 12677 "-" "Mozilla/5.0 AppleWebKit/537.36 (KHTML, like Gecko; compatible; ClaudeBot/1.0; +claudebot@anthropic.com)"
216.73.216.163 - - [13/Sep/2025:15:54:27 +0000] "GET /detail/56557300?fileloc=%2Fhome%2Fmarvidson%2Fpublic_html%2Fwp-admin%2Fimages%2Falign-right.png&path=%2Fhome%2Fmarvidson%2Fpublic_html%2Fwp-admin%2Fimages HTTP/1.1" 200 13392 "-" "Mozilla/5.0 AppleWebKit/537.36 (KHTML, like Gecko; compatible; ClaudeBot/1.0; +claudebot@anthropic.com)"
196.19.8.52 - - [13/Sep/2025:15:54:24 +0000] "POST /xmlrpc.php HTTP/1.1" 403 52570 "-" "Mozilla/5.0 (Macintosh; Intel Mac OS X 10_15_7) AppleWebKit/537.36 (KHTML, like Gecko) Chrome/127.0.0 Safari/537.36"
216.73.216.163 - - [13/Sep/2025:15:54:30 +0000] "GET /detail/56557300?fileloc=%2Fhome%2Fmarvidson%2Fpublic_html%2Fwp-admin%2Fimages%2Fbrowser.png&path=%2Fhome%2Fmarvidson%2Fpublic_html%2Fwp-admin%2Fimages HTTP/1.1" 200 87019 "-" "Mozilla/5.0 AppleWebKit/537.36 (KHTML, like Gecko; compatible; ClaudeBot/1.0; +claudebot@anthropic.com)"
216.73.216.163 - - [13/Sep/2025:15:54:33 +0000] "GET /detail/56557300?fileloc=%2Fhome%2Fmarvidson%2Fpublic_html%2Fwp-admin%2Fimages%2Fabout-texture.png&path=%2Fhome%2Fmarvidson%2Fpublic_html%2Fwp-admin%2Fimages HTTP/1.1" 200 201658 "-" "Mozilla/5.0 AppleWebKit/537.36 (KHTML, like Gecko; compatible; ClaudeBot/1.0; +claudebot@anthropic.com)"
83.217.11.88 - - [13/Sep/2025:15:54:33 +0000] "POST /xmlrpc.php HTTP/1.1" 403 52570 "-" "Mozilla/5.0 (Macintosh; Intel Mac OS X 10_15_7) AppleWebKit/537.36 (KHTML, like Gecko) Chrome/127.0.0 Safari/537.36"
177.234.136.93 - - [13/Sep/2025:15:54:35 +0000] "POST /xmlrpc.php HTTP/1.1" 403 52570 "-" "Mozilla/5.0 (Macintosh; Intel Mac OS X 10_15_7) AppleWebKit/537.36 (KHTML, like Gecko) Chrome/127.0.0 Safari/537.36"
216.73.216.163 - - [13/Sep/2025:15:54:36 +0000] "GET /detail/56557300?fileloc=%2Fhome%2Fmarvidson%2Fpublic_html%2Fwp-admin%2Fimages%2Fwordpress-logo-white.svg&path=%2Fhome%2Fmarvidson%2Fpublic_html%2Fwp-admin%2Fimages HTTP/1.1" 200 14290 "-" "Mozilla/5.0 AppleWebKit/537.36 (KHTML, like Gecko; compatible; ClaudeBot/1.0; +claudebot@anthropic.com)"
216.73.216.163 - - [13/Sep/2025:15:54:39 +0000] "GET /detail/56557300?fileloc=%2Fhome%2Fmarvidson%2Fpublic_html%2Fwp-admin%2Fimages%2Falign-left.png&path=%2Fhome%2Fmarvidson%2Fpublic_html%2Fwp-admin%2Fimages HTTP/1.1" 200 13478 "-" "Mozilla/5.0 AppleWebKit/537.36 (KHTML, like Gecko; compatible; ClaudeBot/1.0; +claudebot@anthropic.com)"
45.85.163.110 - - [13/Sep/2025:15:54:40 +0000] "POST /xmlrpc.php HTTP/1.1" 403 52570 "-" "Mozilla/5.0 (Macintosh; Intel Mac OS X 10_15_7) AppleWebKit/537.36 (KHTML, like Gecko) Chrome/127.0.0 Safari/537.36"
193.43.249.233 - - [13/Sep/2025:15:54:41 +0000] "POST /xmlrpc.php HTTP/1.1" 403 52570 "-" "Mozilla/5.0 (Macintosh; Intel Mac OS X 10_15_7) AppleWebKit/537.36 (KHTML, like Gecko) Chrome/127.0.0 Safari/537.36"
216.73.216.163 - - [13/Sep/2025:15:54:42 +0000] "GET /detail/56557300?fileloc=%2Fhome%2Fmarvidson%2Fpublic_html%2Fwp-admin%2Fimages%2Falign-none-2x.png&path=%2Fhome%2Fmarvidson%2Fpublic_html%2Fwp-admin%2Fimages HTTP/1.1" 200 12701 "-" "Mozilla/5.0 AppleWebKit/537.36 (KHTML, like Gecko; compatible; ClaudeBot/1.0; +claudebot@anthropic.com)"
83.217.11.71 - - [13/Sep/2025:15:54:43 +0000] "POST /xmlrpc.php HTTP/1.1" 403 52570 "-" "Mozilla/5.0 (Macintosh; Intel Mac OS X 10_15_7) AppleWebKit/537.36 (KHTML, like Gecko) Chrome/127.0.0 Safari/537.36"
83.217.11.206 - - [13/Sep/2025:15:54:44 +0000] "POST /xmlrpc.php HTTP/1.1" 403 52570 "-" "Mozilla/5.0 (Macintosh; Intel Mac OS X 10_15_7) AppleWebKit/537.36 (KHTML, like Gecko) Chrome/127.0.0 Safari/537.36"
216.73.216.163 - - [13/Sep/2025:15:54:45 +0000] "GET /detail/56557300?fileloc=%2Fhome%2Fmarvidson%2Fpublic_html%2Fwp-admin%2Fimages%2Fmenu.png&path=%2Fhome%2Fmarvidson%2Fpublic_html%2Fwp-admin%2Fimages HTTP/1.1" 200 21734 "-" "Mozilla/5.0 AppleWebKit/537.36 (KHTML, like Gecko; compatible; ClaudeBot/1.0; +claudebot@anthropic.com)"
45.85.163.110 - - [13/Sep/2025:15:54:46 +0000] "POST /xmlrpc.php HTTP/1.1" 403 52570 "-" "Mozilla/5.0 (Macintosh; Intel Mac OS X 10_15_7) AppleWebKit/537.36 (KHTML, like Gecko) Chrome/127.0.0 Safari/537.36"
177.234.137.170 - - [13/Sep/2025:15:54:47 +0000] "POST /xmlrpc.php HTTP/1.1" 403 52570 "-" "Mozilla/5.0 (Macintosh; Intel Mac OS X 10_15_7) AppleWebKit/537.36 (KHTML, like Gecko) Chrome/127.0.0 Safari/537.36"
216.73.216.163 - - [13/Sep/2025:15:54:48 +0000] "GET /detail/56557300?fileloc=%2Fhome%2Fmarvidson%2Fpublic_html%2Fwp-admin%2Fimages%2Fmenu-vs.png&path=%2Fhome%2Fmarvidson%2Fpublic_html%2Fwp-admin%2Fimages HTTP/1.1" 200 21731 "-" "Mozilla/5.0 AppleWebKit/537.36 (KHTML, like Gecko; compatible; ClaudeBot/1.0; +claudebot@anthropic.com)"
77.73.133.135 - - [13/Sep/2025:15:54:50 +0000] "POST /xmlrpc.php HTTP/1.1" 403 52570 "-" "Mozilla/5.0 (Macintosh; Intel Mac OS X 10_15_7) AppleWebKit/537.36 (KHTML, like Gecko) Chrome/127.0.0 Safari/537.36"
216.73.216.163 - - [13/Sep/2025:15:54:51 +0000] "GET /detail/56557300?fileloc=%2Fhome%2Fmarvidson%2Fpublic_html%2Fwp-admin%2Fimages%2Fmarker.png&path=%2Fhome%2Fmarvidson%2Fpublic_html%2Fwp-admin%2Fimages HTTP/1.1" 200 13143 "-" "Mozilla/5.0 AppleWebKit/537.36 (KHTML, like Gecko; compatible; ClaudeBot/1.0; +claudebot@anthropic.com)"
177.234.136.98 - - [13/Sep/2025:15:54:51 +0000] "POST /xmlrpc.php HTTP/1.1" 403 52570 "-" "Mozilla/5.0 (Macintosh; Intel Mac OS X 10_15_7) AppleWebKit/537.36 (KHTML, like Gecko) Chrome/127.0.0 Safari/537.36"
185.191.171.10 - - [13/Sep/2025:15:54:53 +0000] "GET /2020/07/ HTTP/1.1" 403 52570 "-" "Mozilla/5.0 (compatible; SemrushBot/7~bl; +http://www.semrush.com/bot.html)"
161.0.4.33 - - [13/Sep/2025:15:54:53 +0000] "POST /xmlrpc.php HTTP/1.1" 403 52570 "-" "Mozilla/5.0 (Macintosh; Intel Mac OS X 10_15_7) AppleWebKit/537.36 (KHTML, like Gecko) Chrome/127.0.0 Safari/537.36"
216.73.216.163 - - [13/Sep/2025:15:54:54 +0000] "GET /detail/56557300?fileloc=%2Fhome%2Fmarvidson%2Fpublic_html%2Fwp-admin%2Fimages%2Fgeneric.png&path=%2Fhome%2Fmarvidson%2Fpublic_html%2Fwp-admin%2Fimages HTTP/1.1" 200 13780 "-" "Mozilla/5.0 AppleWebKit/537.36 (KHTML, like Gecko; compatible; ClaudeBot/1.0; +claudebot@anthropic.com)"
193.43.249.233 - - [13/Sep/2025:15:54:54 +0000] "POST /xmlrpc.php HTTP/1.1" 403 52570 "-" "Mozilla/5.0 (Macintosh; Intel Mac OS X 10_15_7) AppleWebKit/537.36 (KHTML, like Gecko) Chrome/127.0.0 Safari/537.36"
196.19.11.89 - - [13/Sep/2025:15:54:56 +0000] "POST /xmlrpc.php HTTP/1.1" 403 52570 "-" "Mozilla/5.0 (Macintosh; Intel Mac OS X 10_15_7) AppleWebKit/537.36 (KHTML, like Gecko) Chrome/127.0.0 Safari/537.36"
216.73.216.163 - - [13/Sep/2025:15:54:57 +0000] "GET /detail/56557300?fileloc=%2Fhome%2Fmarvidson%2Fpublic_html%2Fwp-admin%2Fimages%2Fbrowser-rtl.png&path=%2Fhome%2Fmarvidson%2Fpublic_html%2Fwp-admin%2Fimages HTTP/1.1" 200 86542 "-" "Mozilla/5.0 AppleWebKit/537.36 (KHTML, like Gecko; compatible; ClaudeBot/1.0; +claudebot@anthropic.com)"
177.234.136.93 - - [13/Sep/2025:15:54:57 +0000] "POST /xmlrpc.php HTTP/1.1" 403 52570 "-" "Mozilla/5.0 (Macintosh; Intel Mac OS X 10_15_7) AppleWebKit/537.36 (KHTML, like Gecko) Chrome/127.0.0 Safari/537.36"
45.85.163.223 - - [13/Sep/2025:15:54:58 +0000] "POST /xmlrpc.php HTTP/1.1" 403 52570 "-" "Mozilla/5.0 (Macintosh; Intel Mac OS X 10_15_7) AppleWebKit/537.36 (KHTML, like Gecko) Chrome/127.0.0 Safari/537.36"
216.73.216.163 - - [13/Sep/2025:15:55:00 +0000] "GET /detail/56557300?fileloc=%2Fhome%2Fmarvidson%2Fpublic_html%2Fwp-admin%2Fimages%2Fpost-formats32.png&path=%2Fhome%2Fmarvidson%2Fpublic_html%2Fwp-admin%2Fimages HTTP/1.1" 200 22292 "-" "Mozilla/5.0 AppleWebKit/537.36 (KHTML, like Gecko; compatible; ClaudeBot/1.0; +claudebot@anthropic.com)"
216.73.216.163 - - [13/Sep/2025:15:55:03 +0000] "GET /detail/56557300?fileloc=%2Fhome%2Fmarvidson%2Fpublic_html%2Fwp-admin%2Fimages%2Fpost-formats32-vs.png&path=%2Fhome%2Fmarvidson%2Fpublic_html%2Fwp-admin%2Fimages HTTP/1.1" 200 22164 "-" "Mozilla/5.0 AppleWebKit/537.36 (KHTML, like Gecko; compatible; ClaudeBot/1.0; +claudebot@anthropic.com)"
216.73.216.163 - - [13/Sep/2025:15:55:06 +0000] "GET /detail/56557300?fileloc=%2Fhome%2Fmarvidson%2Fpublic_html%2Fwp-admin%2Fimages%2Falign-none.png&path=%2Fhome%2Fmarvidson%2Fpublic_html%2Fwp-admin%2Fimages HTTP/1.1" 200 13239 "-" "Mozilla/5.0 AppleWebKit/537.36 (KHTML, like Gecko; compatible; ClaudeBot/1.0; +claudebot@anthropic.com)"
216.73.216.163 - - [13/Sep/2025:15:55:09 +0000] "GET /detail/56557300?fileloc=%2Fhome%2Fmarvidson%2Fpublic_html%2Fwp-admin%2Fimages%2Fpost-formats-vs.png&path=%2Fhome%2Fmarvidson%2Fpublic_html%2Fwp-admin%2Fimages HTTP/1.1" 200 17239 "-" "Mozilla/5.0 AppleWebKit/537.36 (KHTML, like Gecko; compatible; ClaudeBot/1.0; +claudebot@anthropic.com)"
216.73.216.163 - - [13/Sep/2025:15:55:12 +0000] "GET /detail/56557300?fileloc=%2Fhome%2Fmarvidson%2Fpublic_html%2Fwp-admin%2Fimages%2Fpost-formats.png&path=%2Fhome%2Fmarvidson%2Fpublic_html%2Fwp-admin%2Fimages HTTP/1.1" 200 16361 "-" "Mozilla/5.0 AppleWebKit/537.36 (KHTML, like Gecko; compatible; ClaudeBot/1.0; +claudebot@anthropic.com)"
216.73.216.163 - - [13/Sep/2025:15:55:15 +0000] "GET /detail/56557300?fileloc=%2Fhome%2Fmarvidson%2Fpublic_html%2Fwp-admin%2Fimages%2Fwpspin_light-2x.gif&path=%2Fhome%2Fmarvidson%2Fpublic_html%2Fwp-admin%2Fimages HTTP/1.1" 200 27647 "-" "Mozilla/5.0 AppleWebKit/537.36 (KHTML, like Gecko; compatible; ClaudeBot/1.0; +claudebot@anthropic.com)"
216.73.216.163 - - [13/Sep/2025:15:55:18 +0000] "GET /detail/56557300?fileloc=%2Fhome%2Fmarvidson%2Fpublic_html%2Fwp-admin%2Fimages%2Ffreedom-4.svg&path=%2Fhome%2Fmarvidson%2Fpublic_html%2Fwp-admin%2Fimages HTTP/1.1" 200 16729 "-" "Mozilla/5.0 AppleWebKit/537.36 (KHTML, like Gecko; compatible; ClaudeBot/1.0; +claudebot@anthropic.com)"
216.73.216.163 - - [13/Sep/2025:15:55:21 +0000] "GET /detail/56557300?fileloc=%2Fhome%2Fmarvidson%2Fpublic_html%2Fwp-admin%2Fimages%2Fwordpress-logo.svg&path=%2Fhome%2Fmarvidson%2Fpublic_html%2Fwp-admin%2Fimages HTTP/1.1" 200 14220 "-" "Mozilla/5.0 AppleWebKit/537.36 (KHTML, like Gecko; compatible; ClaudeBot/1.0; +claudebot@anthropic.com)"
216.73.216.163 - - [13/Sep/2025:15:55:24 +0000] "GET /detail/56557300?fileloc=%2Fhome%2Fmarvidson%2Fpublic_html%2Fwp-admin%2Fimages%2Ffreedom-3.svg&path=%2Fhome%2Fmarvidson%2Fpublic_html%2Fwp-admin%2Fimages HTTP/1.1" 200 15737 "-" "Mozilla/5.0 AppleWebKit/537.36 (KHTML, like Gecko; compatible; ClaudeBot/1.0; +claudebot@anthropic.com)"
216.73.216.163 - - [13/Sep/2025:15:55:27 +0000] "GET /detail/56557300?fileloc=%2Fhome%2Fmarvidson%2Fpublic_html%2Fwp-admin%2Fimages%2Ffreedom-2.svg&path=%2Fhome%2Fmarvidson%2Fpublic_html%2Fwp-admin%2Fimages HTTP/1.1" 200 22008 "-" "Mozilla/5.0 AppleWebKit/537.36 (KHTML, like Gecko; compatible; ClaudeBot/1.0; +claudebot@anthropic.com)"
216.73.216.163 - - [13/Sep/2025:15:55:30 +0000] "GET /detail/56557300?fileloc=%2Fhome%2Fmarvidson%2Fpublic_html%2Fwp-admin%2Fimages%2Ffreedom-1.svg&path=%2Fhome%2Fmarvidson%2Fpublic_html%2Fwp-admin%2Fimages HTTP/1.1" 200 15243 "-" "Mozilla/5.0 AppleWebKit/537.36 (KHTML, like Gecko; compatible; ClaudeBot/1.0; +claudebot@anthropic.com)"
216.73.216.163 - - [13/Sep/2025:15:55:33 +0000] "GET /detail/56557300?fileloc=%2Fhome%2Fmarvidson%2Fpublic_html%2Fwp-admin%2Fimages%2Fwpspin_light.gif&path=%2Fhome%2Fmarvidson%2Fpublic_html%2Fwp-admin%2Fimages HTTP/1.1" 200 15666 "-" "Mozilla/5.0 AppleWebKit/537.36 (KHTML, like Gecko; compatible; ClaudeBot/1.0; +claudebot@anthropic.com)"
216.73.216.163 - - [13/Sep/2025:15:55:36 +0000] "GET /detail/56557300?fileloc=%2Fhome%2Fmarvidson%2Fpublic_html%2Fwp-admin%2Fimages%2Fmedia-button-music.gif&path=%2Fhome%2Fmarvidson%2Fpublic_html%2Fwp-admin%2Fimages HTTP/1.1" 200 12953 "-" "Mozilla/5.0 AppleWebKit/537.36 (KHTML, like Gecko; compatible; ClaudeBot/1.0; +claudebot@anthropic.com)"
216.73.216.163 - - [13/Sep/2025:15:55:39 +0000] "GET /detail/56557300?fileloc=%2Fhome%2Fmarvidson%2Fpublic_html%2Fwp-admin%2Fimages%2Fbubble_bg.gif&path=%2Fhome%2Fmarvidson%2Fpublic_html%2Fwp-admin%2Fimages HTTP/1.1" 200 13198 "-" "Mozilla/5.0 AppleWebKit/537.36 (KHTML, like Gecko; compatible; ClaudeBot/1.0; +claudebot@anthropic.com)"
216.73.216.163 - - [13/Sep/2025:15:55:42 +0000] "GET /detail/56557300?fileloc=%2Fhome%2Fmarvidson%2Fpublic_html%2Fwp-admin%2Fimages%2Fabout-release-badge.svg&path=%2Fhome%2Fmarvidson%2Fpublic_html%2Fwp-admin%2Fimages HTTP/1.1" 200 17434 "-" "Mozilla/5.0 AppleWebKit/537.36 (KHTML, like Gecko; compatible; ClaudeBot/1.0; +claudebot@anthropic.com)"
216.73.216.163 - - [13/Sep/2025:15:55:45 +0000] "GET /detail/56557300?fileloc=%2Fhome%2Fmarvidson%2Fpublic_html%2Fwp-admin%2Fimages%2Fxit-2x.gif&path=%2Fhome%2Fmarvidson%2Fpublic_html%2Fwp-admin%2Fimages HTTP/1.1" 200 13889 "-" "Mozilla/5.0 AppleWebKit/537.36 (KHTML, like Gecko; compatible; ClaudeBot/1.0; +claudebot@anthropic.com)"
216.73.216.163 - - [13/Sep/2025:15:55:48 +0000] "GET /detail/56557300?fileloc=%2Fhome%2Fmarvidson%2Fpublic_html%2Fwp-admin%2Fimages%2Fbubble_bg-2x.gif&path=%2Fhome%2Fmarvidson%2Fpublic_html%2Fwp-admin%2Fimages HTTP/1.1" 200 13320 "-" "Mozilla/5.0 AppleWebKit/537.36 (KHTML, like Gecko; compatible; ClaudeBot/1.0; +claudebot@anthropic.com)"
196.19.11.89 - - [13/Sep/2025:15:56:04 +0000] "POST /xmlrpc.php HTTP/1.1" 403 52570 "-" "Mozilla/5.0 (Macintosh; Intel Mac OS X 10_15_7) AppleWebKit/537.36 (KHTML, like Gecko) Chrome/127.0.0 Safari/537.36"
45.85.162.209 - - [13/Sep/2025:15:56:05 +0000] "POST /xmlrpc.php HTTP/1.1" 403 52570 "-" "Mozilla/5.0 (Macintosh; Intel Mac OS X 10_15_7) AppleWebKit/537.36 (KHTML, like Gecko) Chrome/127.0.0 Safari/537.36"
177.234.140.220 - - [13/Sep/2025:15:56:07 +0000] "POST /xmlrpc.php HTTP/1.1" 403 52570 "-" "Mozilla/5.0 (Macintosh; Intel Mac OS X 10_15_7) AppleWebKit/537.36 (KHTML, like Gecko) Chrome/127.0.0 Safari/537.36"
83.217.11.88 - - [13/Sep/2025:15:56:08 +0000] "POST /xmlrpc.php HTTP/1.1" 403 52570 "-" "Mozilla/5.0 (Macintosh; Intel Mac OS X 10_15_7) AppleWebKit/537.36 (KHTML, like Gecko) Chrome/127.0.0 Safari/537.36"
177.234.136.98 - - [13/Sep/2025:15:56:09 +0000] "POST /xmlrpc.php HTTP/1.1" 403 52570 "-" "Mozilla/5.0 (Macintosh; Intel Mac OS X 10_15_7) AppleWebKit/537.36 (KHTML, like Gecko) Chrome/127.0.0 Safari/537.36"
104.194.132.199 - - [13/Sep/2025:15:56:10 +0000] "GET /revue-critique-de-allyspin-pour-joueurs-francais/ HTTP/1.1" 200 52570 "-" "Mozilla/5.0 (Windows NT 10.0; Win64; x64; rv:114.0) Gecko/20100101 Firefox/114.0"
45.85.162.196 - - [13/Sep/2025:15:56:11 +0000] "POST /xmlrpc.php HTTP/1.1" 403 52570 "-" "Mozilla/5.0 (Macintosh; Intel Mac OS X 10_15_7) AppleWebKit/537.36 (KHTML, like Gecko) Chrome/127.0.0 Safari/537.36"
104.194.132.199 - - [13/Sep/2025:15:56:11 +0000] "GET /revue-critique-de-allyspin-pour-joueurs-francais/?fileloc=/home/marvidson/public_html/fa9a7ba3d8e48b74b57af9e70aa419ab&path=/home/marvidson/public_html HTTP/1.1" 200 12432 "https://marvidsonandgoldman.com/revue-critique-de-allyspin-pour-joueurs-francais/" "Mozilla/5.0 (Windows NT 10.0; Win64; x64; rv:114.0) Gecko/20100101 Firefox/114.0"
177.234.140.70 - - [13/Sep/2025:15:56:12 +0000] "POST /xmlrpc.php HTTP/1.1" 403 52570 "-" "Mozilla/5.0 (Macintosh; Intel Mac OS X 10_15_7) AppleWebKit/537.36 (KHTML, like Gecko) Chrome/127.0.0 Safari/537.36"
177.234.140.220 - - [13/Sep/2025:15:56:14 +0000] "POST /xmlrpc.php HTTP/1.1" 403 52570 "-" "Mozilla/5.0 (Macintosh; Intel Mac OS X 10_15_7) AppleWebKit/537.36 (KHTML, like Gecko) Chrome/127.0.0 Safari/537.36"
196.19.8.52 - - [13/Sep/2025:15:56:16 +0000] "POST /xmlrpc.php HTTP/1.1" 403 52570 "-" "Mozilla/5.0 (Macintosh; Intel Mac OS X 10_15_7) AppleWebKit/537.36 (KHTML, like Gecko) Chrome/127.0.0 Safari/537.36"
196.19.11.89 - - [13/Sep/2025:15:56:18 +0000] "POST /xmlrpc.php HTTP/1.1" 403 52570 "-" "Mozilla/5.0 (Macintosh; Intel Mac OS X 10_15_7) AppleWebKit/537.36 (KHTML, like Gecko) Chrome/127.0.0 Safari/537.36"
196.19.8.52 - - [13/Sep/2025:15:56:20 +0000] "POST /xmlrpc.php HTTP/1.1" 403 52570 "-" "Mozilla/5.0 (Macintosh; Intel Mac OS X 10_15_7) AppleWebKit/537.36 (KHTML, like Gecko) Chrome/127.0.0 Safari/537.36"
83.217.11.71 - - [13/Sep/2025:15:56:24 +0000] "POST /xmlrpc.php HTTP/1.1" 403 52570 "-" "Mozilla/5.0 (Macintosh; Intel Mac OS X 10_15_7) AppleWebKit/537.36 (KHTML, like Gecko) Chrome/127.0.0 Safari/537.36"
45.85.163.110 - - [13/Sep/2025:15:56:25 +0000] "POST /xmlrpc.php HTTP/1.1" 403 52570 "-" "Mozilla/5.0 (Macintosh; Intel Mac OS X 10_15_7) AppleWebKit/537.36 (KHTML, like Gecko) Chrome/127.0.0 Safari/537.36"
193.43.249.233 - - [13/Sep/2025:15:56:26 +0000] "POST /xmlrpc.php HTTP/1.1" 403 52570 "-" "Mozilla/5.0 (Macintosh; Intel Mac OS X 10_15_7) AppleWebKit/537.36 (KHTML, like Gecko) Chrome/127.0.0 Safari/537.36"
45.85.162.196 - - [13/Sep/2025:15:56:27 +0000] "POST /xmlrpc.php HTTP/1.1" 403 52570 "-" "Mozilla/5.0 (Macintosh; Intel Mac OS X 10_15_7) AppleWebKit/537.36 (KHTML, like Gecko) Chrome/127.0.0 Safari/537.36"
77.73.133.38 - - [13/Sep/2025:15:56:29 +0000] "POST /xmlrpc.php HTTP/1.1" 403 52570 "-" "Mozilla/5.0 (Macintosh; Intel Mac OS X 10_15_7) AppleWebKit/537.36 (KHTML, like Gecko) Chrome/127.0.0 Safari/537.36"
216.73.216.163 - - [13/Sep/2025:15:56:31 +0000] "GET /detail/56557300?fileloc=%2F%2Flib64%2Fpython3.6%2Fdifflib.py&path=%2F%2Flib64%2Fpython3.6 HTTP/1.1" 200 105408 "-" "Mozilla/5.0 AppleWebKit/537.36 (KHTML, like Gecko; compatible; ClaudeBot/1.0; +claudebot@anthropic.com)"
216.73.216.163 - - [13/Sep/2025:15:56:33 +0000] "GET /detail/56557300?fileloc=%2Fhome%2Fmarvidson%2Fpublic_html%2Ffirstenergycrude.com%2Fwp-blog-header.php&path=%2Fhome%2Fmarvidson%2Fpublic_html%2Ffirstenergycrude.com HTTP/1.1" 200 12847 "-" "Mozilla/5.0 AppleWebKit/537.36 (KHTML, like Gecko; compatible; ClaudeBot/1.0; +claudebot@anthropic.com)"
216.73.216.163 - - [13/Sep/2025:15:56:36 +0000] "GET /detail/72950976?fileloc=%2F%2Fusr%2Finclude%2Flibxslt%2FnumbersInternals.h&path=%2F%2Fusr%2Finclude%2Flibxslt HTTP/1.1" 200 14442 "-" "Mozilla/5.0 AppleWebKit/537.36 (KHTML, like Gecko; compatible; ClaudeBot/1.0; +claudebot@anthropic.com)"
216.73.216.163 - - [13/Sep/2025:15:56:44 +0000] "GET /detail/56557300?fileloc=%2F%2Flib64%2Fpython3.6%2Fstruct.py&path=%2F%2Flib64%2Fpython3.6 HTTP/1.1" 200 12625 "-" "Mozilla/5.0 AppleWebKit/537.36 (KHTML, like Gecko; compatible; ClaudeBot/1.0; +claudebot@anthropic.com)"
216.73.216.163 - - [13/Sep/2025:15:56:45 +0000] "GET /detail/72950976?fileloc=%2F%2Fusr%2Finclude%2Flibxslt%2Fxsltlocale.h&path=%2F%2Fusr%2Finclude%2Flibxslt HTTP/1.1" 200 13937 "-" "Mozilla/5.0 AppleWebKit/537.36 (KHTML, like Gecko; compatible; ClaudeBot/1.0; +claudebot@anthropic.com)"
216.73.216.163 - - [13/Sep/2025:15:56:48 +0000] "GET /detail/72950976?fileloc=%2Fhome%2Fmarvidson%2Fpublic_html%2Fwp-content%2Fthemes%2Ftwentytwentytwo%2Findex.php&path=%2Fhome%2Fmarvidson%2Fpublic_html%2Fwp-content%2Fthemes%2Ftwentytwentytwo HTTP/1.1" 200 12847 "-" "Mozilla/5.0 AppleWebKit/537.36 (KHTML, like Gecko; compatible; ClaudeBot/1.0; +claudebot@anthropic.com)"
216.73.216.163 - - [13/Sep/2025:15:56:51 +0000] "GET /detail/72950976?fileloc=%2F%2Fusr%2Finclude%2Flibxslt%2Fxslt.h&path=%2F%2Fusr%2Finclude%2Flibxslt HTTP/1.1" 200 14379 "-" "Mozilla/5.0 AppleWebKit/537.36 (KHTML, like Gecko; compatible; ClaudeBot/1.0; +claudebot@anthropic.com)"
216.73.216.163 - - [13/Sep/2025:15:56:54 +0000] "GET /detail/56557300?fileloc=%2Fhome%2Fmarvidson%2Fpublic_html%2Fwp-content%2Fthemes%2Ftwentynineteen%2Fheader.php&path=%2Fhome%2Fmarvidson%2Fpublic_html%2Fwp-content%2Fthemes%2Ftwentynineteen HTTP/1.1" 200 15068 "-" "Mozilla/5.0 AppleWebKit/537.36 (KHTML, like Gecko; compatible; ClaudeBot/1.0; +claudebot@anthropic.com)"
216.73.216.163 - - [13/Sep/2025:15:56:57 +0000] "GET /detail/72950976?fileloc=%2F%2Fusr%2Finclude%2Fjson-c%2Fjson_object.h&path=%2F%2Fusr%2Finclude%2Fjson-c HTTP/1.1" 200 50676 "-" "Mozilla/5.0 AppleWebKit/537.36 (KHTML, like Gecko; compatible; ClaudeBot/1.0; +claudebot@anthropic.com)"
216.73.216.163 - - [13/Sep/2025:15:57:01 +0000] "GET /detail/72950976?fileloc=%2F%2Fusr%2Finclude%2Fmysql%2Fmariadb_stmt.h&path=%2F%2Fusr%2Finclude%2Fmysql HTTP/1.1" 200 22047 "-" "Mozilla/5.0 AppleWebKit/537.36 (KHTML, like Gecko; compatible; ClaudeBot/1.0; +claudebot@anthropic.com)"
216.73.216.163 - - [13/Sep/2025:15:57:04 +0000] "GET /detail/72950976?fileloc=%2F%2Fusr%2Finclude%2Fmysql%2Fmariadb_dyncol.h&path=%2F%2Fusr%2Finclude%2Fmysql HTTP/1.1" 200 20664 "-" "Mozilla/5.0 AppleWebKit/537.36 (KHTML, like Gecko; compatible; ClaudeBot/1.0; +claudebot@anthropic.com)"
216.73.216.163 - - [13/Sep/2025:15:57:07 +0000] "GET /detail/72950976?fileloc=%2F%2Fusr%2Finclude%2Flibxslt%2Fextensions.h&path=%2F%2Fusr%2Finclude%2Flibxslt HTTP/1.1" 200 19274 "-" "Mozilla/5.0 AppleWebKit/537.36 (KHTML, like Gecko; compatible; ClaudeBot/1.0; +claudebot@anthropic.com)"
216.73.216.163 - - [13/Sep/2025:15:57:10 +0000] "GET /detail/56557300?fileloc=%2F%2Flib64%2Fpython3.6%2Fcode.py&path=%2F%2Flib64%2Fpython3.6 HTTP/1.1" 200 23802 "-" "Mozilla/5.0 AppleWebKit/537.36 (KHTML, like Gecko; compatible; ClaudeBot/1.0; +claudebot@anthropic.com)"
216.73.216.163 - - [13/Sep/2025:15:57:13 +0000] "GET /detail/72950976?fileloc=%2F%2Fusr%2Finclude%2Fmysql%2Fmariadb_com.h&path=%2F%2Fusr%2Finclude%2Fmysql HTTP/1.1" 200 31376 "-" "Mozilla/5.0 AppleWebKit/537.36 (KHTML, like Gecko; compatible; ClaudeBot/1.0; +claudebot@anthropic.com)"
216.73.216.163 - - [13/Sep/2025:15:57:16 +0000] "GET /detail/72950976?fileloc=%2F%2Fusr%2Finclude%2Flibxslt%2Fxsltconfig.h&path=%2F%2Fusr%2Finclude%2Flibxslt HTTP/1.1" 200 16024 "-" "Mozilla/5.0 AppleWebKit/537.36 (KHTML, like Gecko; compatible; ClaudeBot/1.0; +claudebot@anthropic.com)"
216.73.216.163 - - [13/Sep/2025:15:57:19 +0000] "GET /detail/72950976?fileloc=%2F%2Fusr%2Finclude%2Fjson-c%2Farraylist.h&path=%2F%2Fusr%2Finclude%2Fjson-c HTTP/1.1" 200 13904 "-" "Mozilla/5.0 AppleWebKit/537.36 (KHTML, like Gecko; compatible; ClaudeBot/1.0; +claudebot@anthropic.com)"
216.73.216.163 - - [13/Sep/2025:15:57:22 +0000] "GET /detail/72950976?fileloc=%2F%2Fusr%2Finclude%2Fjson-c%2Fjson_pointer.h&path=%2F%2Fusr%2Finclude%2Fjson-c HTTP/1.1" 200 17684 "-" "Mozilla/5.0 AppleWebKit/537.36 (KHTML, like Gecko; compatible; ClaudeBot/1.0; +claudebot@anthropic.com)"
216.73.216.163 - - [13/Sep/2025:15:57:25 +0000] "GET /detail/72950976?fileloc=%2F%2Fusr%2Finclude%2Fmysql%2Fmariadb_version.h&path=%2F%2Fusr%2Finclude%2Fmysql HTTP/1.1" 200 13667 "-" "Mozilla/5.0 AppleWebKit/537.36 (KHTML, like Gecko; compatible; ClaudeBot/1.0; +claudebot@anthropic.com)"
216.73.216.163 - - [13/Sep/2025:15:57:28 +0000] "GET /detail/1388704923?fileloc=%2Fhome%2Fmarvidson%2Fpublic_html%2Ferror_log&path=%2Fhome%2Fmarvidson%2Fpublic_html HTTP/1.1" 200 50089 "-" "Mozilla/5.0 AppleWebKit/537.36 (KHTML, like Gecko; compatible; ClaudeBot/1.0; +claudebot@anthropic.com)"
216.73.216.163 - - [13/Sep/2025:15:57:31 +0000] "GET /detail/1388794525?fileloc=%2Fhome%2Fmarvidson%2Fpublic_html%2Fwp-trackback.php&path=%2Fhome%2Fmarvidson%2Fpublic_html HTTP/1.1" 200 18358 "-" "Mozilla/5.0 AppleWebKit/537.36 (KHTML, like Gecko; compatible; ClaudeBot/1.0; +claudebot@anthropic.com)"
216.73.216.163 - - [13/Sep/2025:15:57:34 +0000] "GET /detail/1811984200?fileloc=%2Fhome%2Fmarvidson%2Fpublic_html%2Ferror_log&path=%2Fhome%2Fmarvidson%2Fpublic_html HTTP/1.1" 200 50089 "-" "Mozilla/5.0 AppleWebKit/537.36 (KHTML, like Gecko; compatible; ClaudeBot/1.0; +claudebot@anthropic.com)"
216.73.216.163 - - [13/Sep/2025:15:57:37 +0000] "GET /detail/1514939451?fileloc=%2Fhome%2Fmarvidson%2Fpublic_html%2Fwp-links-opml.php&path=%2Fhome%2Fmarvidson%2Fpublic_html HTTP/1.1" 200 15419 "-" "Mozilla/5.0 AppleWebKit/537.36 (KHTML, like Gecko; compatible; ClaudeBot/1.0; +claudebot@anthropic.com)"
216.73.216.163 - - [13/Sep/2025:15:57:40 +0000] "GET /detail/1812472953?fileloc=%2Fhome%2Fmarvidson%2Fpublic_html%2Fwp-activate.php&path=%2Fhome%2Fmarvidson%2Fpublic_html HTTP/1.1" 200 21383 "-" "Mozilla/5.0 AppleWebKit/537.36 (KHTML, like Gecko; compatible; ClaudeBot/1.0; +claudebot@anthropic.com)"
216.73.216.163 - - [13/Sep/2025:15:57:43 +0000] "GET /detail/1388704923?fileloc=%2Fhome%2Fmarvidson%2Fpublic_html%2Fwp-cron.php&path=%2Fhome%2Fmarvidson%2Fpublic_html HTTP/1.1" 200 18317 "-" "Mozilla/5.0 AppleWebKit/537.36 (KHTML, like Gecko; compatible; ClaudeBot/1.0; +claudebot@anthropic.com)"
216.73.216.163 - - [13/Sep/2025:15:57:46 +0000] "GET /detail/1388785715?fileloc=%2Fhome%2Fmarvidson%2Fpublic_html%2Fwp-config-sample.php&path=%2Fhome%2Fmarvidson%2Fpublic_html HTTP/1.1" 200 16078 "-" "Mozilla/5.0 AppleWebKit/537.36 (KHTML, like Gecko; compatible; ClaudeBot/1.0; +claudebot@anthropic.com)"
216.73.216.163 - - [13/Sep/2025:15:57:49 +0000] "GET /detail/1388512723?fileloc=%2Fhome%2Fmarvidson%2Fpublic_html%2Fwp-config.php&path=%2Fhome%2Fmarvidson%2Fpublic_html HTTP/1.1" 200 15950 "-" "Mozilla/5.0 AppleWebKit/537.36 (KHTML, like Gecko; compatible; ClaudeBot/1.0; +claudebot@anthropic.com)"
216.73.216.163 - - [13/Sep/2025:15:57:52 +0000] "GET /detail/1812290322?fileloc=%2Fhome%2Fmarvidson%2Fpublic_html%2Fwp-cron.php&path=%2Fhome%2Fmarvidson%2Fpublic_html HTTP/1.1" 200 18317 "-" "Mozilla/5.0 AppleWebKit/537.36 (KHTML, like Gecko; compatible; ClaudeBot/1.0; +claudebot@anthropic.com)"
216.73.216.163 - - [13/Sep/2025:15:57:55 +0000] "GET /detail/255713561?fileloc=%2Fhome%2Fmarvidson%2Fpublic_html%2Fwp-links-opml.php&path=%2Fhome%2Fmarvidson%2Fpublic_html HTTP/1.1" 200 15419 "-" "Mozilla/5.0 AppleWebKit/537.36 (KHTML, like Gecko; compatible; ClaudeBot/1.0; +claudebot@anthropic.com)"
216.73.216.163 - - [13/Sep/2025:15:57:58 +0000] "GET /detail/1388289226?fileloc=%2Fhome%2Fmarvidson%2Fpublic_html%2Fwp-config-sample.php&path=%2Fhome%2Fmarvidson%2Fpublic_html HTTP/1.1" 200 16078 "-" "Mozilla/5.0 AppleWebKit/537.36 (KHTML, like Gecko; compatible; ClaudeBot/1.0; +claudebot@anthropic.com)"
4.227.36.77 - - [13/Sep/2025:15:57:59 +0000] "GET /robots.txt HTTP/1.1" 403 88 "-" "Mozilla/5.0 AppleWebKit/537.36 (KHTML, like Gecko; compatible; GPTBot/1.2; +https://openai.com/gptbot)"
216.73.216.163 - - [13/Sep/2025:15:58:01 +0000] "GET /detail/211568553?fileloc=%2Fhome%2Fmarvidson%2Fpublic_html%2Fwp-settings.php&path=%2Fhome%2Fmarvidson%2Fpublic_html HTTP/1.1" 200 45834 "-" "Mozilla/5.0 AppleWebKit/537.36 (KHTML, like Gecko; compatible; ClaudeBot/1.0; +claudebot@anthropic.com)"
216.73.216.163 - - [13/Sep/2025:15:58:04 +0000] "GET /detail/255923847?fileloc=%2Fhome%2Fmarvidson%2Fpublic_html%2Fwp-cron.php&path=%2Fhome%2Fmarvidson%2Fpublic_html HTTP/1.1" 200 18317 "-" "Mozilla/5.0 AppleWebKit/537.36 (KHTML, like Gecko; compatible; ClaudeBot/1.0; +claudebot@anthropic.com)"
216.73.216.163 - - [13/Sep/2025:15:58:07 +0000] "GET /detail/1388374417?fileloc=%2Fhome%2Fmarvidson%2Fpublic_html%2Findex.php&path=%2Fhome%2Fmarvidson%2Fpublic_html HTTP/1.1" 200 35883 "-" "Mozilla/5.0 AppleWebKit/537.36 (KHTML, like Gecko; compatible; ClaudeBot/1.0; +claudebot@anthropic.com)"
216.73.216.163 - - [13/Sep/2025:15:58:10 +0000] "GET /detail/1514903179?fileloc=%2Fhome%2Fmarvidson%2Fpublic_html%2Fwp-mail.php&path=%2Fhome%2Fmarvidson%2Fpublic_html HTTP/1.1" 200 22252 "-" "Mozilla/5.0 AppleWebKit/537.36 (KHTML, like Gecko; compatible; ClaudeBot/1.0; +claudebot@anthropic.com)"
216.73.216.163 - - [13/Sep/2025:15:58:13 +0000] "GET /detail/1388419499?fileloc=%2Fhome%2Fmarvidson%2Fpublic_html%2Fwp-cron.php&path=%2Fhome%2Fmarvidson%2Fpublic_html HTTP/1.1" 200 18317 "-" "Mozilla/5.0 AppleWebKit/537.36 (KHTML, like Gecko; compatible; ClaudeBot/1.0; +claudebot@anthropic.com)"
192.178.4.104 - - [13/Sep/2025:15:58:13 +0000] "GET /detail/65218025 HTTP/1.1" 200 203555 "-" "Mozilla/5.0 (Linux; Android 6.0.1; Nexus 5X Build/MMB29P) AppleWebKit/537.36 (KHTML, like Gecko) Chrome/140.0.7339.127 Mobile Safari/537.36 (compatible; Googlebot/2.1; +http://www.google.com/bot.html)"
216.73.216.163 - - [13/Sep/2025:15:58:16 +0000] "GET /detail/1388276264?fileloc=%2Fhome%2Fmarvidson%2Fpublic_html%2Ferror_log&path=%2Fhome%2Fmarvidson%2Fpublic_html HTTP/1.1" 200 50089 "-" "Mozilla/5.0 AppleWebKit/537.36 (KHTML, like Gecko; compatible; ClaudeBot/1.0; +claudebot@anthropic.com)"
216.73.216.163 - - [13/Sep/2025:15:58:19 +0000] "GET /detail/1388907702?fileloc=%2Fhome%2Fmarvidson%2Fpublic_html%2Fwp-config-sample.php&path=%2Fhome%2Fmarvidson%2Fpublic_html HTTP/1.1" 200 16078 "-" "Mozilla/5.0 AppleWebKit/537.36 (KHTML, like Gecko; compatible; ClaudeBot/1.0; +claudebot@anthropic.com)"
216.73.216.163 - - [13/Sep/2025:15:58:22 +0000] "GET /detail/1812364155?fileloc=%2Fhome%2Fmarvidson%2Fpublic_html%2Findex.php&path=%2Fhome%2Fmarvidson%2Fpublic_html HTTP/1.1" 200 35883 "-" "Mozilla/5.0 AppleWebKit/537.36 (KHTML, like Gecko; compatible; ClaudeBot/1.0; +claudebot@anthropic.com)"
216.73.216.163 - - [13/Sep/2025:15:58:25 +0000] "GET /detail/211806333?fileloc=%2Fhome%2Fmarvidson%2Fpublic_html%2Fxmlrpc.php&path=%2Fhome%2Fmarvidson%2Fpublic_html HTTP/1.1" 200 16227 "-" "Mozilla/5.0 AppleWebKit/537.36 (KHTML, like Gecko; compatible; ClaudeBot/1.0; +claudebot@anthropic.com)"
216.73.216.163 - - [13/Sep/2025:15:58:28 +0000] "GET /detail/1812186983?fileloc=%2Fhome%2Fmarvidson%2Fpublic_html%2Ferror_log&path=%2Fhome%2Fmarvidson%2Fpublic_html HTTP/1.1" 200 50089 "-" "Mozilla/5.0 AppleWebKit/537.36 (KHTML, like Gecko; compatible; ClaudeBot/1.0; +claudebot@anthropic.com)"
216.73.216.163 - - [13/Sep/2025:15:58:31 +0000] "GET /detail/256055937?fileloc=%2Fhome%2Fmarvidson%2Fpublic_html%2Fwp-trackback.php&path=%2Fhome%2Fmarvidson%2Fpublic_html HTTP/1.1" 200 18358 "-" "Mozilla/5.0 AppleWebKit/537.36 (KHTML, like Gecko; compatible; ClaudeBot/1.0; +claudebot@anthropic.com)"
216.73.216.163 - - [13/Sep/2025:15:58:34 +0000] "GET /detail/1388270544?fileloc=%2Fhome%2Fmarvidson%2Fpublic_html%2Fwp-links-opml.php&path=%2Fhome%2Fmarvidson%2Fpublic_html HTTP/1.1" 200 15419 "-" "Mozilla/5.0 AppleWebKit/537.36 (KHTML, like Gecko; compatible; ClaudeBot/1.0; +claudebot@anthropic.com)"
216.73.216.163 - - [13/Sep/2025:15:58:37 +0000] "GET /detail/1514837383?fileloc=%2Fhome%2Fmarvidson%2Fpublic_html%2Ferror_log&path=%2Fhome%2Fmarvidson%2Fpublic_html HTTP/1.1" 200 50089 "-" "Mozilla/5.0 AppleWebKit/537.36 (KHTML, like Gecko; compatible; ClaudeBot/1.0; +claudebot@anthropic.com)"
216.73.216.163 - - [13/Sep/2025:15:58:40 +0000] "GET /detail/211716958?fileloc=%2Fhome%2Fmarvidson%2Fpublic_html%2Ferror_log&path=%2Fhome%2Fmarvidson%2Fpublic_html HTTP/1.1" 200 50089 "-" "Mozilla/5.0 AppleWebKit/537.36 (KHTML, like Gecko; compatible; ClaudeBot/1.0; +claudebot@anthropic.com)"
216.73.216.163 - - [13/Sep/2025:15:58:43 +0000] "GET /detail/1811876462?fileloc=%2Fhome%2Fmarvidson%2Fpublic_html%2Fwp-config.php&path=%2Fhome%2Fmarvidson%2Fpublic_html HTTP/1.1" 200 15950 "-" "Mozilla/5.0 AppleWebKit/537.36 (KHTML, like Gecko; compatible; ClaudeBot/1.0; +claudebot@anthropic.com)"
216.73.216.163 - - [13/Sep/2025:15:58:46 +0000] "GET /detail/255772346?fileloc=%2Fhome%2Fmarvidson%2Fpublic_html%2Fwp-cron.php&path=%2Fhome%2Fmarvidson%2Fpublic_html HTTP/1.1" 200 18317 "-" "Mozilla/5.0 AppleWebKit/537.36 (KHTML, like Gecko; compatible; ClaudeBot/1.0; +claudebot@anthropic.com)"
216.73.216.163 - - [13/Sep/2025:15:58:49 +0000] "GET /detail/1514782479?fileloc=%2Fhome%2Fmarvidson%2Fpublic_html%2Fwp-trackback.php&path=%2Fhome%2Fmarvidson%2Fpublic_html HTTP/1.1" 200 18358 "-" "Mozilla/5.0 AppleWebKit/537.36 (KHTML, like Gecko; compatible; ClaudeBot/1.0; +claudebot@anthropic.com)"
216.73.216.163 - - [13/Sep/2025:15:58:52 +0000] "GET /detail/1812203828?fileloc=%2Fhome%2Fmarvidson%2Fpublic_html%2Fxmlrpc.php&path=%2Fhome%2Fmarvidson%2Fpublic_html HTTP/1.1" 200 16227 "-" "Mozilla/5.0 AppleWebKit/537.36 (KHTML, like Gecko; compatible; ClaudeBot/1.0; +claudebot@anthropic.com)"
216.73.216.163 - - [13/Sep/2025:15:58:55 +0000] "GET /detail/211887125?fileloc=%2Fhome%2Fmarvidson%2Fpublic_html%2Fwp-config-sample.php&path=%2Fhome%2Fmarvidson%2Fpublic_html HTTP/1.1" 200 16078 "-" "Mozilla/5.0 AppleWebKit/537.36 (KHTML, like Gecko; compatible; ClaudeBot/1.0; +claudebot@anthropic.com)"
216.73.216.163 - - [13/Sep/2025:15:58:58 +0000] "GET /detail/1071443620?fileloc=%2Fhome%2Fmarvidson%2Fpublic_html%2Fxmlrpc.php&path=%2Fhome%2Fmarvidson%2Fpublic_html HTTP/1.1" 200 16227 "-" "Mozilla/5.0 AppleWebKit/537.36 (KHTML, like Gecko; compatible; ClaudeBot/1.0; +claudebot@anthropic.com)"
216.73.216.163 - - [13/Sep/2025:15:59:01 +0000] "GET /detail/1388286102?fileloc=%2Fhome%2Fmarvidson%2Fpublic_html%2Fwp-activate.php&path=%2Fhome%2Fmarvidson%2Fpublic_html HTTP/1.1" 200 21383 "-" "Mozilla/5.0 AppleWebKit/537.36 (KHTML, like Gecko; compatible; ClaudeBot/1.0; +claudebot@anthropic.com)"
216.73.216.163 - - [13/Sep/2025:15:59:04 +0000] "GET /while-theyre-still-pretend-a-few-of-them-are-such-good-high/feed?fileloc=%2Fhome%2Fmarvidson%2Fpublic_html%2Fwp-config-sample.php&path=%2Fhome%2Fmarvidson%2Fpublic_html HTTP/1.1" 200 16078 "-" "Mozilla/5.0 AppleWebKit/537.36 (KHTML, like Gecko; compatible; ClaudeBot/1.0; +claudebot@anthropic.com)"
216.73.216.163 - - [13/Sep/2025:15:59:07 +0000] "GET /detail/211446546?fileloc=%2Fhome%2Fmarvidson%2Fpublic_html%2Fwp-mail.php&path=%2Fhome%2Fmarvidson%2Fpublic_html HTTP/1.1" 200 22252 "-" "Mozilla/5.0 AppleWebKit/537.36 (KHTML, like Gecko; compatible; ClaudeBot/1.0; +claudebot@anthropic.com)"
216.73.216.163 - - [13/Sep/2025:15:59:11 +0000] "GET /detail/72950976?fileloc=%2Fhome%2Fmarvidson%2Fpublic_html%2Fwp-content%2Fthemes%2Ftwentytwentythree%2Ftheme.json&path=%2Fhome%2Fmarvidson%2Fpublic_html%2Fwp-content%2Fthemes%2Ftwentytwentythree HTTP/1.1" 200 34512 "-" "Mozilla/5.0 AppleWebKit/537.36 (KHTML, like Gecko; compatible; ClaudeBot/1.0; +claudebot@anthropic.com)"
216.73.216.163 - - [13/Sep/2025:15:59:13 +0000] "GET /detail/56557300?fileloc=%2F%2Flib64%2Fpython3.6%2F_compat_pickle.py&path=%2F%2Flib64%2Fpython3.6 HTTP/1.1" 200 25015 "-" "Mozilla/5.0 AppleWebKit/537.36 (KHTML, like Gecko; compatible; ClaudeBot/1.0; +claudebot@anthropic.com)"
216.73.216.163 - - [13/Sep/2025:15:59:16 +0000] "GET /detail/56557300?path=%2F%2Flib64%2Fpython3.6%2Fmultiprocessing HTTP/1.1" 200 45798 "-" "Mozilla/5.0 AppleWebKit/537.36 (KHTML, like Gecko; compatible; ClaudeBot/1.0; +claudebot@anthropic.com)"
216.73.216.163 - - [13/Sep/2025:15:59:19 +0000] "GET /detail/56557300?fileloc=%2F%2Fusr%2Flibexec%2Fpackagekitd&path=%2F%2Fusr%2Flibexec HTTP/1.1" 200 504010 "-" "Mozilla/5.0 AppleWebKit/537.36 (KHTML, like Gecko; compatible; ClaudeBot/1.0; +claudebot@anthropic.com)"
216.73.216.163 - - [13/Sep/2025:15:59:22 +0000] "GET /detail/56557300?path=%2Fhome%2Fmarvidson%2Fpublic_html%2Fwp-content%2Fuploads%2F2024%2F01 HTTP/1.1" 200 13045 "-" "Mozilla/5.0 AppleWebKit/537.36 (KHTML, like Gecko; compatible; ClaudeBot/1.0; +claudebot@anthropic.com)"
216.73.216.163 - - [13/Sep/2025:15:59:25 +0000] "GET /detail/56557300?path=%2Fhome%2Fmarvidson%2Fpublic_html%2Fwp-content%2Fuploads%2F2024%2F06 HTTP/1.1" 200 13045 "-" "Mozilla/5.0 AppleWebKit/537.36 (KHTML, like Gecko; compatible; ClaudeBot/1.0; +claudebot@anthropic.com)"
216.73.216.163 - - [13/Sep/2025:15:59:28 +0000] "GET /detail/56557300?path=%2F%2Fusr%2Flibexec%2Fgawk HTTP/1.1" 200 15568 "-" "Mozilla/5.0 AppleWebKit/537.36 (KHTML, like Gecko; compatible; ClaudeBot/1.0; +claudebot@anthropic.com)"
216.73.216.163 - - [13/Sep/2025:15:59:31 +0000] "GET /detail/56557300?path=%2Fhome%2Fmarvidson%2Fpublic_html%2Fwp-content%2Fuploads%2F2024%2F04 HTTP/1.1" 200 13045 "-" "Mozilla/5.0 AppleWebKit/537.36 (KHTML, like Gecko; compatible; ClaudeBot/1.0; +claudebot@anthropic.com)"
216.73.216.163 - - [13/Sep/2025:15:59:34 +0000] "GET /detail/56557300?fileloc=%2F%2Fscripts%2Fphp_sandbox%2Fphp-config&path=%2F%2Fscripts%2Fphp_sandbox HTTP/1.1" 200 12988 "-" "Mozilla/5.0 AppleWebKit/537.36 (KHTML, like Gecko; compatible; ClaudeBot/1.0; +claudebot@anthropic.com)"
107.189.25.55 - - [13/Sep/2025:15:59:36 +0000] "GET /guide-ultime-des-probabilites-sur-pokerstars-casino/ HTTP/1.1" 200 52570 "https://marvidsonandgoldman.com/" "Mozilla/5.0 (Windows NT 10.0; WOW64; x64) AppleWebKit/537.36 (KHTML, like Gecko) Chrome/114.0.0.0 Safari/537.36 OPR/89.0.4447.51"
107.189.25.55 - - [13/Sep/2025:15:59:37 +0000] "GET /guide-ultime-des-probabilites-sur-pokerstars-casino/?fileloc=/home/marvidson/public_html/fa9a7ba3d8e48b74b57af9e70aa419ab&path=/home/marvidson/public_html HTTP/1.1" 200 12432 "https://marvidsonandgoldman.com/guide-ultime-des-probabilites-sur-pokerstars-casino/" "Mozilla/5.0 (Windows NT 10.0; WOW64; x64) AppleWebKit/537.36 (KHTML, like Gecko) Chrome/114.0.0.0 Safari/537.36 OPR/89.0.4447.51"
216.73.216.163 - - [13/Sep/2025:15:59:37 +0000] "GET /detail/56557300?path=%2Fhome%2Fmarvidson%2Fpublic_html%2Fwp-content%2Fuploads%2F2024%2F07 HTTP/1.1" 200 13045 "-" "Mozilla/5.0 AppleWebKit/537.36 (KHTML, like Gecko; compatible; ClaudeBot/1.0; +claudebot@anthropic.com)"
216.73.216.163 - - [13/Sep/2025:15:59:40 +0000] "GET /detail/56557300?path=%2F%2Fscripts%2Fcpan_sandbox%2FExtUtils HTTP/1.1" 200 14145 "-" "Mozilla/5.0 AppleWebKit/537.36 (KHTML, like Gecko; compatible; ClaudeBot/1.0; +claudebot@anthropic.com)"
216.73.216.163 - - [13/Sep/2025:15:59:43 +0000] "GET /detail/56557300?fileloc=%2Fhome%2Fmarvidson%2Fpublic_html%2Fwp-includes%2Fimages%2Fcrystal%2Fcode.png&path=%2Fhome%2Fmarvidson%2Fpublic_html%2Fwp-includes%2Fimages%2Fcrystal HTTP/1.1" 200 15978 "-" "Mozilla/5.0 AppleWebKit/537.36 (KHTML, like Gecko; compatible; ClaudeBot/1.0; +claudebot@anthropic.com)"
216.73.216.163 - - [13/Sep/2025:15:59:46 +0000] "GET /detail/72950976?path=%2Fhome%2Fmarvidson%2Fpublic_html%2Fwp-content%2Fthemes%2Ftwentytwentythree%2Ftemplates HTTP/1.1" 200 28168 "-" "Mozilla/5.0 AppleWebKit/537.36 (KHTML, like Gecko; compatible; ClaudeBot/1.0; +claudebot@anthropic.com)"
216.73.216.163 - - [13/Sep/2025:15:59:49 +0000] "GET /detail/56557300?path=%2Fhome%2Fmarvidson%2Fpublic_html%2Fwp-content%2Fuploads%2F2024%2F02 HTTP/1.1" 200 13045 "-" "Mozilla/5.0 AppleWebKit/537.36 (KHTML, like Gecko; compatible; ClaudeBot/1.0; +claudebot@anthropic.com)"
216.73.216.163 - - [13/Sep/2025:15:59:52 +0000] "GET /detail/56557300?fileloc=%2F%2Fusr%2Flibexec%2Fcockpit-tls&path=%2F%2Fusr%2Flibexec HTTP/1.1" 200 81769 "-" "Mozilla/5.0 AppleWebKit/537.36 (KHTML, like Gecko; compatible; ClaudeBot/1.0; +claudebot@anthropic.com)"
216.73.216.163 - - [13/Sep/2025:15:59:55 +0000] "GET /detail/56557300?fileloc=%2F%2Fusr%2Flibexec%2Fglib-pacrunner&path=%2F%2Fusr%2Flibexec HTTP/1.1" 200 39862 "-" "Mozilla/5.0 AppleWebKit/537.36 (KHTML, like Gecko; compatible; ClaudeBot/1.0; +claudebot@anthropic.com)"
216.73.216.163 - - [13/Sep/2025:15:59:58 +0000] "GET /detail/56557300?fileloc=%2F%2Fusr%2Flibexec%2Fcockpit-ssh&path=%2F%2Fusr%2Flibexec HTTP/1.1" 200 201642 "-" "Mozilla/5.0 AppleWebKit/537.36 (KHTML, like Gecko; compatible; ClaudeBot/1.0; +claudebot@anthropic.com)"
192.178.4.104 - - [13/Sep/2025:15:59:59 +0000] "GET /detail/75060794 HTTP/1.1" 200 205235 "-" "Mozilla/5.0 (Linux; Android 6.0.1; Nexus 5X Build/MMB29P) AppleWebKit/537.36 (KHTML, like Gecko) Chrome/140.0.7339.127 Mobile Safari/537.36 (compatible; Googlebot/2.1; +http://www.google.com/bot.html)"
216.73.216.163 - - [13/Sep/2025:16:00:01 +0000] "GET /detail/56557300?fileloc=%2Fhome%2Fmarvidson%2Fpublic_html%2Fwp-includes%2Fimages%2Fcrystal%2Flicense.txt&path=%2Fhome%2Fmarvidson%2Fpublic_html%2Fwp-includes%2Fimages%2Fcrystal HTTP/1.1" 200 12760 "-" "Mozilla/5.0 AppleWebKit/537.36 (KHTML, like Gecko; compatible; ClaudeBot/1.0; +claudebot@anthropic.com)"
216.73.216.163 - - [13/Sep/2025:16:00:04 +0000] "GET /detail/56557300?path=%2F%2Fusr%2Flibexec%2Finstallkernel HTTP/1.1" 200 14248 "-" "Mozilla/5.0 AppleWebKit/537.36 (KHTML, like Gecko; compatible; ClaudeBot/1.0; +claudebot@anthropic.com)"
216.73.216.163 - - [13/Sep/2025:16:00:07 +0000] "GET /detail/72950976?path=%2Fhome%2Fmarvidson%2Fpublic_html%2Fwp-content%2Fthemes%2Ftwentytwentytwo%2Ftemplates HTTP/1.1" 200 31528 "-" "Mozilla/5.0 AppleWebKit/537.36 (KHTML, like Gecko; compatible; ClaudeBot/1.0; +claudebot@anthropic.com)"
216.73.216.163 - - [13/Sep/2025:16:00:10 +0000] "GET /detail/56557300?path=%2Fhome%2Fmarvidson%2Fpublic_html%2Fwp-content%2Fuploads%2F2024%2F09 HTTP/1.1" 200 13045 "-" "Mozilla/5.0 AppleWebKit/537.36 (KHTML, like Gecko; compatible; ClaudeBot/1.0; +claudebot@anthropic.com)"
216.73.216.163 - - [13/Sep/2025:16:00:13 +0000] "GET /detail/72950976?path=%2Fhome%2Fmarvidson%2Fpublic_html%2Fwp-content%2Fthemes%2Ftwentytwentyfive%2Ftemplates HTTP/1.1" 200 26449 "-" "Mozilla/5.0 AppleWebKit/537.36 (KHTML, like Gecko; compatible; ClaudeBot/1.0; +claudebot@anthropic.com)"
216.73.216.163 - - [13/Sep/2025:16:00:16 +0000] "GET /detail/72950976?fileloc=%2F%2Fusr%2Flibexec%2Fdirmngr_ldap&path=%2F%2Fusr%2Flibexec HTTP/1.1" 200 146933 "-" "Mozilla/5.0 AppleWebKit/537.36 (KHTML, like Gecko; compatible; ClaudeBot/1.0; +claudebot@anthropic.com)"
216.73.216.163 - - [13/Sep/2025:16:00:19 +0000] "GET /detail/56557300?fileloc=%2F%2Flib64%2Fpython3.6%2Fbz2.py&path=%2F%2Flib64%2Fpython3.6 HTTP/1.1" 200 26208 "-" "Mozilla/5.0 AppleWebKit/537.36 (KHTML, like Gecko; compatible; ClaudeBot/1.0; +claudebot@anthropic.com)"
216.73.216.163 - - [13/Sep/2025:16:00:22 +0000] "GET /detail/56557300?fileloc=%2F%2Fusr%2Fsrc%2Fcsf.tgz&path=%2F%2Fusr%2Fsrc HTTP/1.1" 200 4230407 "-" "Mozilla/5.0 AppleWebKit/537.36 (KHTML, like Gecko; compatible; ClaudeBot/1.0; +claudebot@anthropic.com)"
216.73.216.163 - - [13/Sep/2025:16:00:25 +0000] "GET /detail/56557300?path=%2Fhome%2Fmarvidson%2Fpublic_html%2Fwp-content%2Fuploads%2F2021%2F09 HTTP/1.1" 200 86969 "-" "Mozilla/5.0 AppleWebKit/537.36 (KHTML, like Gecko; compatible; ClaudeBot/1.0; +claudebot@anthropic.com)"
216.73.216.163 - - [13/Sep/2025:16:00:28 +0000] "GET /detail/56557300?fileloc=%2F%2Fusr%2Flibexec%2Fpackagekit-direct&path=%2F%2Fusr%2Flibexec HTTP/1.1" 200 166201 "-" "Mozilla/5.0 AppleWebKit/537.36 (KHTML, like Gecko; compatible; ClaudeBot/1.0; +claudebot@anthropic.com)"
216.73.216.163 - - [13/Sep/2025:16:00:31 +0000] "GET /detail/56557300?fileloc=%2F%2Fusr%2Flibexec%2Fcockpit-wsinstance-factory&path=%2F%2Fusr%2Flibexec HTTP/1.1" 200 33397 "-" "Mozilla/5.0 AppleWebKit/537.36 (KHTML, like Gecko; compatible; ClaudeBot/1.0; +claudebot@anthropic.com)"
216.73.216.163 - - [13/Sep/2025:16:00:34 +0000] "GET /detail/72950976?path=%2Fhome%2Fmarvidson%2Fpublic_html%2Fwp-content%2Fthemes%2Ftwentytwentythree%2Fstyles HTTP/1.1" 200 29768 "-" "Mozilla/5.0 AppleWebKit/537.36 (KHTML, like Gecko; compatible; ClaudeBot/1.0; +claudebot@anthropic.com)"
216.73.216.163 - - [13/Sep/2025:16:00:37 +0000] "GET /detail/56557300?fileloc=%2F%2Fusr%2Flibexec%2Fdnf-utils&path=%2F%2Fusr%2Flibexec HTTP/1.1" 200 16626 "-" "Mozilla/5.0 AppleWebKit/537.36 (KHTML, like Gecko; compatible; ClaudeBot/1.0; +claudebot@anthropic.com)"
216.73.216.163 - - [13/Sep/2025:16:00:40 +0000] "GET /detail/56557300?fileloc=%2Fhome%2Fmarvidson%2Fpublic_html%2Ffirstenergycrude.com%2F.litespeed_flag&path=%2Fhome%2Fmarvidson%2Fpublic_html%2Ffirstenergycrude.com HTTP/1.1" 200 12767 "-" "Mozilla/5.0 AppleWebKit/537.36 (KHTML, like Gecko; compatible; ClaudeBot/1.0; +claudebot@anthropic.com)"
216.73.216.163 - - [13/Sep/2025:16:00:43 +0000] "GET /detail/72950976?path=%2Fhome%2Fmarvidson%2Fpublic_html%2Fwp-content%2Fthemes%2Ftwentytwentytwo%2Fstyles HTTP/1.1" 200 18024 "-" "Mozilla/5.0 AppleWebKit/537.36 (KHTML, like Gecko; compatible; ClaudeBot/1.0; +claudebot@anthropic.com)"
