216.73.216.163 - - [13/Sep/2025:16:00:46 +0000] "GET /detail/72950976?path=%2F%2Fusr%2Finclude%2Fmysql%2Fserver HTTP/1.1" 200 86730 "-" "Mozilla/5.0 AppleWebKit/537.36 (KHTML, like Gecko; compatible; ClaudeBot/1.0; +claudebot@anthropic.com)"
216.73.216.163 - - [13/Sep/2025:16:00:49 +0000] "GET /detail/72950976?path=%2Fhome%2Fmarvidson%2Fpublic_html%2Fwp-content%2Fthemes%2Ftwentytwentyfive%2Fstyles HTTP/1.1" 200 32464 "-" "Mozilla/5.0 AppleWebKit/537.36 (KHTML, like Gecko; compatible; ClaudeBot/1.0; +claudebot@anthropic.com)"
216.73.216.163 - - [13/Sep/2025:16:00:52 +0000] "GET /detail/56557300?path=%2Fhome%2Fmarvidson%2Fpublic_html%2Fwp-content%2Fuploads%2F2024%2F03 HTTP/1.1" 200 67147 "-" "Mozilla/5.0 AppleWebKit/537.36 (KHTML, like Gecko; compatible; ClaudeBot/1.0; +claudebot@anthropic.com)"
216.73.216.163 - - [13/Sep/2025:16:00:55 +0000] "GET /detail/72950976?path=%2Fhome%2Fmarvidson%2Fpublic_html%2Fwp-content%2Fthemes%2Ftwentytwentytwo%2Finc HTTP/1.1" 200 16234 "-" "Mozilla/5.0 AppleWebKit/537.36 (KHTML, like Gecko; compatible; ClaudeBot/1.0; +claudebot@anthropic.com)"
216.73.216.163 - - [13/Sep/2025:16:00:58 +0000] "GET /detail/56557300?fileloc=%2F%2Flib64%2Fpython3.6%2F__future__.py&path=%2F%2Flib64%2Fpython3.6 HTTP/1.1" 200 17606 "-" "Mozilla/5.0 AppleWebKit/537.36 (KHTML, like Gecko; compatible; ClaudeBot/1.0; +claudebot@anthropic.com)"
216.73.216.163 - - [13/Sep/2025:16:01:01 +0000] "GET /detail/56557300?path=%2Fhome%2Fmarvidson%2Fpublic_html%2Fwp-content%2Fuploads%2F2024%2F10 HTTP/1.1" 200 13045 "-" "Mozilla/5.0 AppleWebKit/537.36 (KHTML, like Gecko; compatible; ClaudeBot/1.0; +claudebot@anthropic.com)"
216.73.216.163 - - [13/Sep/2025:16:01:04 +0000] "GET /robots.txt HTTP/1.1" 200 88 "-" "Mozilla/5.0 AppleWebKit/537.36 (KHTML, like Gecko; compatible; ClaudeBot/1.0; +claudebot@anthropic.com)"
216.73.216.163 - - [13/Sep/2025:16:01:04 +0000] "GET /detail/56557300?fileloc=%2F%2Flib64%2Fpython3.6%2Fantigravity.py&path=%2F%2Flib64%2Fpython3.6 HTTP/1.1" 200 12859 "-" "Mozilla/5.0 AppleWebKit/537.36 (KHTML, like Gecko; compatible; ClaudeBot/1.0; +claudebot@anthropic.com)"
216.73.216.163 - - [13/Sep/2025:16:01:07 +0000] "GET /detail/72950976?fileloc=%2F%2Fusr%2Flibexec%2Faudit-functions&path=%2F%2Fusr%2Flibexec HTTP/1.1" 200 12280 "-" "Mozilla/5.0 AppleWebKit/537.36 (KHTML, like Gecko; compatible; ClaudeBot/1.0; +claudebot@anthropic.com)"
216.73.216.163 - - [13/Sep/2025:16:01:10 +0000] "GET /detail/56557300?path=%2Fhome%2Fmarvidson%2Fpublic_html%2Fwp-content%2Fuploads%2F2021%2F10 HTTP/1.1" 200 52598 "-" "Mozilla/5.0 AppleWebKit/537.36 (KHTML, like Gecko; compatible; ClaudeBot/1.0; +claudebot@anthropic.com)"
216.73.216.163 - - [13/Sep/2025:16:01:13 +0000] "GET /detail/56557300?path=%2Fhome%2Fmarvidson%2Fpublic_html%2Fwp-includes%2Fblocks%2Fpost-author-biography HTTP/1.1" 200 21300 "-" "Mozilla/5.0 AppleWebKit/537.36 (KHTML, like Gecko; compatible; ClaudeBot/1.0; +claudebot@anthropic.com)"
216.73.216.163 - - [13/Sep/2025:16:01:16 +0000] "GET /detail/56557300?fileloc=%2F%2Flib64%2Fpython3.6%2F_strptime.py&path=%2F%2Flib64%2Fpython3.6 HTTP/1.1" 200 39776 "-" "Mozilla/5.0 AppleWebKit/537.36 (KHTML, like Gecko; compatible; ClaudeBot/1.0; +claudebot@anthropic.com)"
216.73.216.163 - - [13/Sep/2025:16:01:19 +0000] "GET /detail/56557300?fileloc=%2F%2Flib64%2Fpython3.6%2Fquopri.py&path=%2F%2Flib64%2Fpython3.6 HTTP/1.1" 200 20528 "-" "Mozilla/5.0 AppleWebKit/537.36 (KHTML, like Gecko; compatible; ClaudeBot/1.0; +claudebot@anthropic.com)"
51.68.247.222 - - [13/Sep/2025:16:01:20 +0000] "GET /robots.txt HTTP/1.1" 403 88 "-" "Mozilla/5.0 (compatible; AhrefsBot/7.0; +http://ahrefs.com/robot/)"
216.73.216.163 - - [13/Sep/2025:16:01:22 +0000] "GET /detail/72950976?path=%2F%2Fusr%2Flibexec%2Finitscripts HTTP/1.1" 200 14122 "-" "Mozilla/5.0 AppleWebKit/537.36 (KHTML, like Gecko; compatible; ClaudeBot/1.0; +claudebot@anthropic.com)"
216.73.216.163 - - [13/Sep/2025:16:01:25 +0000] "GET /detail/56557300?fileloc=%2F%2Fusr%2Flibexec%2Fplatform-python3.6m-x86_64-config&path=%2F%2Fusr%2Flibexec HTTP/1.1" 200 16436 "-" "Mozilla/5.0 AppleWebKit/537.36 (KHTML, like Gecko; compatible; ClaudeBot/1.0; +claudebot@anthropic.com)"
216.73.216.163 - - [13/Sep/2025:16:01:28 +0000] "GET /detail/56557300?fileloc=%2F%2Flib64%2Fpython3.6%2Fpyclbr.py&path=%2F%2Flib64%2Fpython3.6 HTTP/1.1" 200 26551 "-" "Mozilla/5.0 AppleWebKit/537.36 (KHTML, like Gecko; compatible; ClaudeBot/1.0; +claudebot@anthropic.com)"
216.73.216.163 - - [13/Sep/2025:16:01:31 +0000] "GET /detail/56557300?fileloc=%2F%2Flib64%2Fpython3.6%2Ftabnanny.py&path=%2F%2Flib64%2Fpython3.6 HTTP/1.1" 200 24270 "-" "Mozilla/5.0 AppleWebKit/537.36 (KHTML, like Gecko; compatible; ClaudeBot/1.0; +claudebot@anthropic.com)"
216.73.216.163 - - [13/Sep/2025:16:01:34 +0000] "GET /detail/56557300?fileloc=%2F%2Flib64%2Fpython3.6%2Fsymbol.py&path=%2F%2Flib64%2Fpython3.6 HTTP/1.1" 200 14492 "-" "Mozilla/5.0 AppleWebKit/537.36 (KHTML, like Gecko; compatible; ClaudeBot/1.0; +claudebot@anthropic.com)"
216.73.216.163 - - [13/Sep/2025:16:01:37 +0000] "GET /detail/56557300?fileloc=%2F%2Flib64%2Fpython3.6%2Fsmtpd.py&path=%2F%2Flib64%2Fpython3.6 HTTP/1.1" 200 50279 "-" "Mozilla/5.0 AppleWebKit/537.36 (KHTML, like Gecko; compatible; ClaudeBot/1.0; +claudebot@anthropic.com)"
216.73.216.163 - - [13/Sep/2025:16:01:40 +0000] "GET /detail/56557300?fileloc=%2F%2Fusr%2Flibexec%2Fgpg-check-pattern&path=%2F%2Fusr%2Flibexec HTTP/1.1" 200 186810 "-" "Mozilla/5.0 AppleWebKit/537.36 (KHTML, like Gecko; compatible; ClaudeBot/1.0; +claudebot@anthropic.com)"
216.73.216.163 - - [13/Sep/2025:16:01:47 +0000] "GET /detail/56557300?path=%2Fhome%2Fmarvidson%2Fpublic_html%2Ffirstenergycrude.com%2Fwp-admin HTTP/1.1" 200 178988 "-" "Mozilla/5.0 AppleWebKit/537.36 (KHTML, like Gecko; compatible; ClaudeBot/1.0; +claudebot@anthropic.com)"
216.73.216.163 - - [13/Sep/2025:16:01:50 +0000] "GET /detail/56557300?fileloc=%2F%2Flib64%2Fpython3.6%2Fcolorsys.py&path=%2F%2Flib64%2Fpython3.6 HTTP/1.1" 200 16493 "-" "Mozilla/5.0 AppleWebKit/537.36 (KHTML, like Gecko; compatible; ClaudeBot/1.0; +claudebot@anthropic.com)"
216.73.216.163 - - [13/Sep/2025:16:01:53 +0000] "GET /detail/72950976?fileloc=%2F%2Fusr%2Flibexec%2Fplatform-python3.6m&path=%2F%2Fusr%2Flibexec HTTP/1.1" 200 26167 "-" "Mozilla/5.0 AppleWebKit/537.36 (KHTML, like Gecko; compatible; ClaudeBot/1.0; +claudebot@anthropic.com)"
216.73.216.163 - - [13/Sep/2025:16:01:56 +0000] "GET /detail/56557300?fileloc=%2Fhome%2Fmarvidson%2Fpublic_html%2Fwp-content%2Fthemes%2Ftwentynineteen%2Fstyle.css&path=%2Fhome%2Fmarvidson%2Fpublic_html%2Fwp-content%2Fthemes%2Ftwentynineteen HTTP/1.1" 200 244683 "-" "Mozilla/5.0 AppleWebKit/537.36 (KHTML, like Gecko; compatible; ClaudeBot/1.0; +claudebot@anthropic.com)"
216.73.216.163 - - [13/Sep/2025:16:01:59 +0000] "GET /detail/56557300?path=%2Fhome%2Fmarvidson%2Fpublic_html%2Fwp-content%2Fthemes%2Ftwentynineteen%2Fsass HTTP/1.1" 200 31073 "-" "Mozilla/5.0 AppleWebKit/537.36 (KHTML, like Gecko; compatible; ClaudeBot/1.0; +claudebot@anthropic.com)"
216.73.216.163 - - [13/Sep/2025:16:02:02 +0000] "GET /detail/56557300?fileloc=%2Fhome%2Fmarvidson%2Fpublic_html%2Ffirstenergycrude.com%2F.htaccess&path=%2Fhome%2Fmarvidson%2Fpublic_html%2Ffirstenergycrude.com HTTP/1.1" 200 14537 "-" "Mozilla/5.0 AppleWebKit/537.36 (KHTML, like Gecko; compatible; ClaudeBot/1.0; +claudebot@anthropic.com)"
216.73.216.163 - - [13/Sep/2025:16:02:05 +0000] "GET /detail/56557300?fileloc=%2F%2Flib64%2Fpython3.6%2Ffnmatch.py&path=%2F%2Flib64%2Fpython3.6 HTTP/1.1" 200 15870 "-" "Mozilla/5.0 AppleWebKit/537.36 (KHTML, like Gecko; compatible; ClaudeBot/1.0; +claudebot@anthropic.com)"
216.73.216.163 - - [13/Sep/2025:16:02:08 +0000] "GET /detail/56557300?fileloc=%2F%2Flib64%2Fpython3.6%2Fpstats.py&path=%2F%2Flib64%2Fpython3.6 HTTP/1.1" 200 40621 "-" "Mozilla/5.0 AppleWebKit/537.36 (KHTML, like Gecko; compatible; ClaudeBot/1.0; +claudebot@anthropic.com)"
216.73.216.163 - - [13/Sep/2025:16:02:11 +0000] "GET /detail/56557300?fileloc=%2F%2Flib64%2Fpython3.6%2Fkeyword.py&path=%2F%2Flib64%2Fpython3.6 HTTP/1.1" 200 15086 "-" "Mozilla/5.0 AppleWebKit/537.36 (KHTML, like Gecko; compatible; ClaudeBot/1.0; +claudebot@anthropic.com)"
216.73.216.163 - - [13/Sep/2025:16:02:14 +0000] "GET /detail/72950976?fileloc=%2F%2Fusr%2Flibexec%2Fplatform-python3.6m-config&path=%2F%2Fusr%2Flibexec HTTP/1.1" 200 12530 "-" "Mozilla/5.0 AppleWebKit/537.36 (KHTML, like Gecko; compatible; ClaudeBot/1.0; +claudebot@anthropic.com)"
80.85.246.217 - - [13/Sep/2025:16:02:17 +0000] "GET / HTTP/1.1" 200 52570 "-" "Mozilla/5.0 (Macintosh; Intel Mac OS X 10_15_7) AppleWebKit/537.36 (KHTML, like Gecko) Chrome/133.0.0.0 Safari/537.36"
216.73.216.163 - - [13/Sep/2025:16:02:17 +0000] "GET /detail/56557300?path=%2F%2Fusr%2Flibexec%2Fnfs-utils HTTP/1.1" 200 14208 "-" "Mozilla/5.0 AppleWebKit/537.36 (KHTML, like Gecko; compatible; ClaudeBot/1.0; +claudebot@anthropic.com)"
80.85.246.217 - - [13/Sep/2025:16:02:18 +0000] "GET /?fileloc=/home/marvidson/public_html/.htaccess&path=/home/marvidson/public_html HTTP/1.1" 200 14426 "-" "Mozilla/5.0 (Macintosh; Intel Mac OS X 10_15_7) AppleWebKit/537.36 (KHTML, like Gecko) Chrome/133.0.0.0 Safari/537.36"
80.85.246.217 - - [13/Sep/2025:16:02:19 +0000] "GET /?fileloc=/home/marvidson/public_html/error_log&path=/home/marvidson/public_html HTTP/1.1" 200 50089 "-" "Mozilla/5.0 (Macintosh; Intel Mac OS X 10_15_7) AppleWebKit/537.36 (KHTML, like Gecko) Chrome/133.0.0.0 Safari/537.36"
80.85.246.217 - - [13/Sep/2025:16:02:20 +0000] "GET /?fileloc=/home/marvidson/public_html/wp-blog-header.php&path=/home/marvidson/public_html HTTP/1.1" 200 12871 "-" "Mozilla/5.0 (Macintosh; Intel Mac OS X 10_15_7) AppleWebKit/537.36 (KHTML, like Gecko) Chrome/133.0.0.0 Safari/537.36"
216.73.216.163 - - [13/Sep/2025:16:02:20 +0000] "GET /detail/56557300?fileloc=%2F%2Flib64%2Fpython3.6%2Fasynchat.py&path=%2F%2Flib64%2Fpython3.6 HTTP/1.1" 200 24108 "-" "Mozilla/5.0 AppleWebKit/537.36 (KHTML, like Gecko; compatible; ClaudeBot/1.0; +claudebot@anthropic.com)"
80.85.246.217 - - [13/Sep/2025:16:02:21 +0000] "GET /?fileloc=/home/marvidson/public_html/wp-comments-post.php&path=/home/marvidson/public_html HTTP/1.1" 200 15033 "-" "Mozilla/5.0 (Macintosh; Intel Mac OS X 10_15_7) AppleWebKit/537.36 (KHTML, like Gecko) Chrome/133.0.0.0 Safari/537.36"
80.85.246.217 - - [13/Sep/2025:16:02:22 +0000] "GET /?fileloc=/home/marvidson/public_html/wp-login.php&path=/home/marvidson/public_html HTTP/1.1" 200 74869 "-" "Mozilla/5.0 (Macintosh; Intel Mac OS X 10_15_7) AppleWebKit/537.36 (KHTML, like Gecko) Chrome/133.0.0.0 Safari/537.36"
80.85.246.217 - - [13/Sep/2025:16:02:23 +0000] "GET /?fileloc=/home/marvidson/public_html/wp-signup.php&path=/home/marvidson/public_html HTTP/1.1" 200 53885 "-" "Mozilla/5.0 (Macintosh; Intel Mac OS X 10_15_7) AppleWebKit/537.36 (KHTML, like Gecko) Chrome/133.0.0.0 Safari/537.36"
216.73.216.163 - - [13/Sep/2025:16:02:23 +0000] "GET /detail/56557300?fileloc=%2Fhome%2Fmarvidson%2Fpublic_html%2Fwp-includes%2Fblocks%2Fmedia-text%2Fstyle.min.css&path=%2Fhome%2Fmarvidson%2Fpublic_html%2Fwp-includes%2Fblocks%2Fmedia-text HTTP/1.1" 200 15333 "-" "Mozilla/5.0 AppleWebKit/537.36 (KHTML, like Gecko; compatible; ClaudeBot/1.0; +claudebot@anthropic.com)"
216.73.216.163 - - [13/Sep/2025:16:02:26 +0000] "GET /detail/72950976?path=%2F%2Fusr%2Fsrc%2Fdebug HTTP/1.1" 200 12714 "-" "Mozilla/5.0 AppleWebKit/537.36 (KHTML, like Gecko; compatible; ClaudeBot/1.0; +claudebot@anthropic.com)"
216.73.216.163 - - [13/Sep/2025:16:02:29 +0000] "GET /detail/56557300?fileloc=%2Fhome%2Fmarvidson%2Fpublic_html%2Fwp-includes%2Fblocks%2Fsite-logo%2Feditor-rtl.min.css&path=%2Fhome%2Fmarvidson%2Fpublic_html%2Fwp-includes%2Fblocks%2Fsite-logo HTTP/1.1" 200 15606 "-" "Mozilla/5.0 AppleWebKit/537.36 (KHTML, like Gecko; compatible; ClaudeBot/1.0; +claudebot@anthropic.com)"
216.73.216.163 - - [13/Sep/2025:16:02:32 +0000] "GET /detail/72950976?path=%2Fhome%2Fmarvidson%2Fpublic_html%2Fwp-content%2Fuploads%2F2020 HTTP/1.1" 200 21499 "-" "Mozilla/5.0 AppleWebKit/537.36 (KHTML, like Gecko; compatible; ClaudeBot/1.0; +claudebot@anthropic.com)"
216.73.216.163 - - [13/Sep/2025:16:02:35 +0000] "GET /detail/56557300?fileloc=%2F%2Flib64%2Fpython3.6%2Faifc.py&path=%2F%2Flib64%2Fpython3.6 HTTP/1.1" 200 46667 "-" "Mozilla/5.0 AppleWebKit/537.36 (KHTML, like Gecko; compatible; ClaudeBot/1.0; +claudebot@anthropic.com)"
192.178.4.104 - - [13/Sep/2025:16:02:36 +0000] "GET /detail/75062069 HTTP/1.1" 200 232153 "-" "Mozilla/5.0 (Linux; Android 6.0.1; Nexus 5X Build/MMB29P) AppleWebKit/537.36 (KHTML, like Gecko) Chrome/140.0.7339.127 Mobile Safari/537.36 (compatible; Googlebot/2.1; +http://www.google.com/bot.html)"
216.73.216.163 - - [13/Sep/2025:16:02:38 +0000] "GET /detail/72950976?fileloc=%2F%2Fusr%2Flib64%2Flibcairo-script-interpreter.so.2.11512.0&path=%2F%2Fusr%2Flib64 HTTP/1.1" 200 246365 "-" "Mozilla/5.0 AppleWebKit/537.36 (KHTML, like Gecko; compatible; ClaudeBot/1.0; +claudebot@anthropic.com)"
216.73.216.163 - - [13/Sep/2025:16:02:41 +0000] "GET /detail/56557300?fileloc=%2Fhome%2Fmarvidson%2Fpublic_html%2Fwp-includes%2Fimages%2Fdown_arrow-2x.gif&path=%2Fhome%2Fmarvidson%2Fpublic_html%2Fwp-includes%2Fimages HTTP/1.1" 200 12659 "-" "Mozilla/5.0 AppleWebKit/537.36 (KHTML, like Gecko; compatible; ClaudeBot/1.0; +claudebot@anthropic.com)"
216.73.216.163 - - [13/Sep/2025:16:02:44 +0000] "GET /detail/56557300?path=%2Fhome%2Fmarvidson%2Fpublic_html%2Fwp-content%2Fthemes%2Ftwentytwentyone HTTP/1.1" 200 56385 "-" "Mozilla/5.0 AppleWebKit/537.36 (KHTML, like Gecko; compatible; ClaudeBot/1.0; +claudebot@anthropic.com)"
216.73.216.163 - - [13/Sep/2025:16:02:47 +0000] "GET /detail/56557300?fileloc=%2F%2Flib64%2Fpython3.6%2Fsunau.py&path=%2F%2Flib64%2Fpython3.6 HTTP/1.1" 200 31176 "-" "Mozilla/5.0 AppleWebKit/537.36 (KHTML, like Gecko; compatible; ClaudeBot/1.0; +claudebot@anthropic.com)"
216.73.216.163 - - [13/Sep/2025:16:02:50 +0000] "GET /detail/56557300?fileloc=%2Fhome%2Fmarvidson%2Fpublic_html%2Fwp-includes%2Fblocks%2Fvideo%2Fstyle.min.css&path=%2Fhome%2Fmarvidson%2Fpublic_html%2Fwp-includes%2Fblocks%2Fvideo HTTP/1.1" 200 12886 "-" "Mozilla/5.0 AppleWebKit/537.36 (KHTML, like Gecko; compatible; ClaudeBot/1.0; +claudebot@anthropic.com)"
216.73.216.163 - - [13/Sep/2025:16:02:53 +0000] "GET /detail/56557300?fileloc=%2F%2Flib64%2Fpython3.6%2Ftarfile.py&path=%2F%2Flib64%2Fpython3.6 HTTP/1.1" 200 134080 "-" "Mozilla/5.0 AppleWebKit/537.36 (KHTML, like Gecko; compatible; ClaudeBot/1.0; +claudebot@anthropic.com)"
216.73.216.163 - - [13/Sep/2025:16:02:56 +0000] "GET /detail/56557300?fileloc=%2F%2Flib64%2Fpython3.6%2Fwebbrowser.py&path=%2F%2Flib64%2Fpython3.6 HTTP/1.1" 200 36639 "-" "Mozilla/5.0 AppleWebKit/537.36 (KHTML, like Gecko; compatible; ClaudeBot/1.0; +claudebot@anthropic.com)"
216.73.216.163 - - [13/Sep/2025:16:02:59 +0000] "GET /detail/56557300?fileloc=%2Fhome%2Fmarvidson%2Fpublic_html%2Fwp-includes%2Fimages%2Farrow-pointer-blue.png&path=%2Fhome%2Fmarvidson%2Fpublic_html%2Fwp-includes%2Fimages HTTP/1.1" 200 14096 "-" "Mozilla/5.0 AppleWebKit/537.36 (KHTML, like Gecko; compatible; ClaudeBot/1.0; +claudebot@anthropic.com)"
216.73.216.163 - - [13/Sep/2025:16:03:02 +0000] "GET /detail/56557300?fileloc=%2F%2Flib64%2Fpython3.6%2F_bootlocale.py&path=%2F%2Flib64%2Fpython3.6 HTTP/1.1" 200 13659 "-" "Mozilla/5.0 AppleWebKit/537.36 (KHTML, like Gecko; compatible; ClaudeBot/1.0; +claudebot@anthropic.com)"
216.73.216.163 - - [13/Sep/2025:16:03:05 +0000] "GET /detail/56557300?fileloc=%2F%2Flib64%2Fpython3.6%2Fimghdr.py&path=%2F%2Flib64%2Fpython3.6 HTTP/1.1" 200 16902 "-" "Mozilla/5.0 AppleWebKit/537.36 (KHTML, like Gecko; compatible; ClaudeBot/1.0; +claudebot@anthropic.com)"
216.73.216.163 - - [13/Sep/2025:16:03:08 +0000] "GET /detail/56557300?path=%2Fhome%2Fmarvidson%2Fpublic_html%2Fwp-content%2Fuploads%2F2023 HTTP/1.1" 200 25765 "-" "Mozilla/5.0 AppleWebKit/537.36 (KHTML, like Gecko; compatible; ClaudeBot/1.0; +claudebot@anthropic.com)"
216.73.216.163 - - [13/Sep/2025:16:03:11 +0000] "GET /detail/72950976?fileloc=%2F%2Fusr%2Finclude%2Fpcrecpp.h&path=%2F%2Fusr%2Finclude HTTP/1.1" 200 40392 "-" "Mozilla/5.0 AppleWebKit/537.36 (KHTML, like Gecko; compatible; ClaudeBot/1.0; +claudebot@anthropic.com)"
216.73.216.163 - - [13/Sep/2025:16:03:14 +0000] "GET /detail/56557300?fileloc=%2Fhome%2Fmarvidson%2Fpublic_html%2Fwp-includes%2Fimages%2Fw-beeebeca.gif&path=%2Fhome%2Fmarvidson%2Fpublic_html%2Fwp-includes%2Fimages HTTP/1.1" 200 71623 "-" "Mozilla/5.0 AppleWebKit/537.36 (KHTML, like Gecko; compatible; ClaudeBot/1.0; +claudebot@anthropic.com)"
216.73.216.163 - - [13/Sep/2025:16:03:17 +0000] "GET /detail/56557300?path=%2F%2Fusr%2Fsrc%2Fannobin HTTP/1.1" 200 14202 "-" "Mozilla/5.0 AppleWebKit/537.36 (KHTML, like Gecko; compatible; ClaudeBot/1.0; +claudebot@anthropic.com)"
216.73.216.163 - - [13/Sep/2025:16:03:20 +0000] "GET /detail/56557300?fileloc=%2Fhome%2Fmarvidson%2Fpublic_html%2Fwp-includes%2Fblocks%2Fsite-logo%2Fstyle-rtl.css&path=%2Fhome%2Fmarvidson%2Fpublic_html%2Fwp-includes%2Fblocks%2Fsite-logo HTTP/1.1" 200 13132 "-" "Mozilla/5.0 AppleWebKit/537.36 (KHTML, like Gecko; compatible; ClaudeBot/1.0; +claudebot@anthropic.com)"
4.227.36.77 - - [13/Sep/2025:16:03:22 +0000] "GET /robots.txt HTTP/1.1" 403 88 "-" "Mozilla/5.0 AppleWebKit/537.36 (KHTML, like Gecko; compatible; GPTBot/1.2; +https://openai.com/gptbot)"
216.73.216.163 - - [13/Sep/2025:16:03:23 +0000] "GET /detail/56557300?fileloc=%2F%2Flib64%2Fpython3.6%2Fsysconfig.py&path=%2F%2Flib64%2Fpython3.6 HTTP/1.1" 200 40826 "-" "Mozilla/5.0 AppleWebKit/537.36 (KHTML, like Gecko; compatible; ClaudeBot/1.0; +claudebot@anthropic.com)"
216.73.216.163 - - [13/Sep/2025:16:03:26 +0000] "GET /detail/56557300?fileloc=%2F%2Flib64%2Fpython3.6%2Fmailcap.py&path=%2F%2Flib64%2Fpython3.6 HTTP/1.1" 200 22282 "-" "Mozilla/5.0 AppleWebKit/537.36 (KHTML, like Gecko; compatible; ClaudeBot/1.0; +claudebot@anthropic.com)"
216.73.216.163 - - [13/Sep/2025:16:03:29 +0000] "GET /detail/56557300?fileloc=%2F%2Flib%2Frpm%2Fpythondistdeps.py&path=%2F%2Flib%2Frpm HTTP/1.1" 200 24381 "-" "Mozilla/5.0 AppleWebKit/537.36 (KHTML, like Gecko; compatible; ClaudeBot/1.0; +claudebot@anthropic.com)"
216.73.216.163 - - [13/Sep/2025:16:03:32 +0000] "GET /detail/56557300?path=%2Fhome%2Fmarvidson%2Fpublic_html%2Fwp-content%2Fuploads%2F2022 HTTP/1.1" 200 30031 "-" "Mozilla/5.0 AppleWebKit/537.36 (KHTML, like Gecko; compatible; ClaudeBot/1.0; +claudebot@anthropic.com)"
216.73.216.163 - - [13/Sep/2025:16:03:35 +0000] "GET /detail/56557300?path=%2F%2Fusr%2Flibexec%2Flinux-boot-probes HTTP/1.1" 200 15638 "-" "Mozilla/5.0 AppleWebKit/537.36 (KHTML, like Gecko; compatible; ClaudeBot/1.0; +claudebot@anthropic.com)"
216.73.216.163 - - [13/Sep/2025:16:03:38 +0000] "GET /detail/56557300?path=%2F%2Fusr%2Flibexec%2Fopenldap HTTP/1.1" 200 12732 "-" "Mozilla/5.0 AppleWebKit/537.36 (KHTML, like Gecko; compatible; ClaudeBot/1.0; +claudebot@anthropic.com)"
216.73.216.163 - - [13/Sep/2025:16:03:41 +0000] "GET /detail/72950976?fileloc=%2F%2Fusr%2Flib64%2Flibbasicobjects.so.0.1.0&path=%2F%2Fusr%2Flib64 HTTP/1.1" 200 26216 "-" "Mozilla/5.0 AppleWebKit/537.36 (KHTML, like Gecko; compatible; ClaudeBot/1.0; +claudebot@anthropic.com)"
216.73.216.163 - - [13/Sep/2025:16:03:44 +0000] "GET /detail/56557300?fileloc=%2Fhome%2Fmarvidson%2Fpublic_html%2Fwp-includes%2Fimages%2Fspinner-2x.gif&path=%2Fhome%2Fmarvidson%2Fpublic_html%2Fwp-includes%2Fimages HTTP/1.1" 200 25190 "-" "Mozilla/5.0 AppleWebKit/537.36 (KHTML, like Gecko; compatible; ClaudeBot/1.0; +claudebot@anthropic.com)"
216.73.216.163 - - [13/Sep/2025:16:03:47 +0000] "GET /detail/56557300?fileloc=%2Fhome%2Fmarvidson%2Fpublic_html%2Fwp-includes%2Fblocks%2Fsite-logo%2Feditor.min.css&path=%2Fhome%2Fmarvidson%2Fpublic_html%2Fwp-includes%2Fblocks%2Fsite-logo HTTP/1.1" 200 15602 "-" "Mozilla/5.0 AppleWebKit/537.36 (KHTML, like Gecko; compatible; ClaudeBot/1.0; +claudebot@anthropic.com)"
216.73.216.163 - - [13/Sep/2025:16:03:50 +0000] "GET /detail/72950976?fileloc=%2F%2Fusr%2Finclude%2Flibxslt%2Fxsltexports.h&path=%2F%2Fusr%2Finclude%2Flibxslt HTTP/1.1" 200 15832 "-" "Mozilla/5.0 AppleWebKit/537.36 (KHTML, like Gecko; compatible; ClaudeBot/1.0; +claudebot@anthropic.com)"
216.73.216.163 - - [13/Sep/2025:16:03:53 +0000] "GET /detail/56557300?fileloc=%2F%2Flib64%2Fpython3.6%2Fuu.py&path=%2F%2Flib64%2Fpython3.6 HTTP/1.1" 200 19632 "-" "Mozilla/5.0 AppleWebKit/537.36 (KHTML, like Gecko; compatible; ClaudeBot/1.0; +claudebot@anthropic.com)"
216.73.216.163 - - [13/Sep/2025:16:03:56 +0000] "GET /detail/56557300?fileloc=%2F%2Flib64%2Fpython3.6%2Ftty.py&path=%2F%2Flib64%2Fpython3.6 HTTP/1.1" 200 13294 "-" "Mozilla/5.0 AppleWebKit/537.36 (KHTML, like Gecko; compatible; ClaudeBot/1.0; +claudebot@anthropic.com)"
216.73.216.163 - - [13/Sep/2025:16:03:59 +0000] "GET /detail/56557300?fileloc=%2F%2Flib64%2Fpython3.6%2Fglob.py&path=%2F%2Flib64%2Fpython3.6 HTTP/1.1" 200 18259 "-" "Mozilla/5.0 AppleWebKit/537.36 (KHTML, like Gecko; compatible; ClaudeBot/1.0; +claudebot@anthropic.com)"
216.73.216.163 - - [13/Sep/2025:16:04:02 +0000] "GET /detail/72950976?path=%2F%2Fusr%2Fsrc%2Fkernels HTTP/1.1" 200 12718 "-" "Mozilla/5.0 AppleWebKit/537.36 (KHTML, like Gecko; compatible; ClaudeBot/1.0; +claudebot@anthropic.com)"
216.73.216.163 - - [13/Sep/2025:16:04:05 +0000] "GET /detail/56557300?fileloc=%2F%2Flib64%2Fpython3.6%2Fhmac.py&path=%2F%2Flib64%2Fpython3.6 HTTP/1.1" 200 19173 "-" "Mozilla/5.0 AppleWebKit/537.36 (KHTML, like Gecko; compatible; ClaudeBot/1.0; +claudebot@anthropic.com)"
103.67.97.237 - - [13/Sep/2025:16:04:08 +0000] "GET /explorando-as-chances-no-universo-do-leaowin02/ HTTP/1.1" 200 52570 "https://marvidsonandgoldman.com/" "Mozilla/5.0 (Windows NT 10.0; Win64; x64) AppleWebKit/537.36 (KHTML, like Gecko) Chrome/114.0.0.0 Safari/537.36 Vivaldi/5.3.2679.68"
216.73.216.163 - - [13/Sep/2025:16:04:08 +0000] "GET /detail/56557300?path=%2F%2Fusr%2Flibexec%2Fmicrocode_ctl HTTP/1.1" 200 17220 "-" "Mozilla/5.0 AppleWebKit/537.36 (KHTML, like Gecko; compatible; ClaudeBot/1.0; +claudebot@anthropic.com)"
216.73.216.163 - - [13/Sep/2025:16:04:11 +0000] "GET /detail/56557300?fileloc=%2Fhome%2Fmarvidson%2Fpublic_html%2Fwp-includes%2Fblocks%2Fdetails%2Fstyle-rtl.min.css&path=%2Fhome%2Fmarvidson%2Fpublic_html%2Fwp-includes%2Fblocks%2Fdetails HTTP/1.1" 200 12698 "-" "Mozilla/5.0 AppleWebKit/537.36 (KHTML, like Gecko; compatible; ClaudeBot/1.0; +claudebot@anthropic.com)"
103.67.97.237 - - [13/Sep/2025:16:04:13 +0000] "GET /explorando-as-chances-no-universo-do-leaowin02/?fileloc=/home/marvidson/public_html/fa9a7ba3d8e48b74b57af9e70aa419ab&path=/home/marvidson/public_html HTTP/1.1" 200 12432 "https://marvidsonandgoldman.com/explorando-as-chances-no-universo-do-leaowin02/" "Mozilla/5.0 (Windows NT 10.0; Win64; x64) AppleWebKit/537.36 (KHTML, like Gecko) Chrome/114.0.0.0 Safari/537.36 Vivaldi/5.3.2679.68"
216.73.216.163 - - [13/Sep/2025:16:04:14 +0000] "GET /detail/56557300?fileloc=%2Fhome%2Fmarvidson%2Fpublic_html%2Fwp-includes%2Fblocks%2Farchives%2Fstyle.min.css&path=%2Fhome%2Fmarvidson%2Fpublic_html%2Fwp-includes%2Fblocks%2Farchives HTTP/1.1" 200 12705 "-" "Mozilla/5.0 AppleWebKit/537.36 (KHTML, like Gecko; compatible; ClaudeBot/1.0; +claudebot@anthropic.com)"
216.73.216.163 - - [13/Sep/2025:16:04:17 +0000] "GET /detail/72950976?path=%2Fhome%2Fmarvidson%2Fpublic_html%2Fwp-includes%2FPHPMailer%2FPHPMailer HTTP/1.1" 200 19475 "-" "Mozilla/5.0 AppleWebKit/537.36 (KHTML, like Gecko; compatible; ClaudeBot/1.0; +claudebot@anthropic.com)"
216.73.216.163 - - [13/Sep/2025:16:04:20 +0000] "GET /detail/56557300?fileloc=%2F%2Flib64%2Fpython3.6%2Fsecrets.py&path=%2F%2Flib64%2Fpython3.6 HTTP/1.1" 200 14657 "-" "Mozilla/5.0 AppleWebKit/537.36 (KHTML, like Gecko; compatible; ClaudeBot/1.0; +claudebot@anthropic.com)"
216.73.216.163 - - [13/Sep/2025:16:04:23 +0000] "GET /detail/56557300?fileloc=%2F%2Flib64%2Fpython3.6%2Fpickle.py&path=%2F%2Flib64%2Fpython3.6 HTTP/1.1" 200 72026 "-" "Mozilla/5.0 AppleWebKit/537.36 (KHTML, like Gecko; compatible; ClaudeBot/1.0; +claudebot@anthropic.com)"
216.73.216.163 - - [13/Sep/2025:16:05:33 +0000] "GET /detail/359005608?path=%2Fhome%2Fmarvidson%2Fpublic_html HTTP/1.1" 200 52570 "-" "Mozilla/5.0 AppleWebKit/537.36 (KHTML, like Gecko; compatible; ClaudeBot/1.0; +claudebot@anthropic.com)"
216.73.216.163 - - [13/Sep/2025:16:05:36 +0000] "GET /detail/358902269?path=%2Fhome%2Fmarvidson%2Fpublic_html%2F.well-known HTTP/1.1" 200 14251 "-" "Mozilla/5.0 AppleWebKit/537.36 (KHTML, like Gecko; compatible; ClaudeBot/1.0; +claudebot@anthropic.com)"
216.73.216.163 - - [13/Sep/2025:16:05:39 +0000] "GET /detail/1526983196?path=%2Fhome%2Fmarvidson%2Fpublic_html%2Ffirstenergycrude.com HTTP/1.1" 200 51865 "-" "Mozilla/5.0 AppleWebKit/537.36 (KHTML, like Gecko; compatible; ClaudeBot/1.0; +claudebot@anthropic.com)"
216.73.216.163 - - [13/Sep/2025:16:05:42 +0000] "GET /detail/440245604?path=%2Fhome%2Fmarvidson%2Fpublic_html%2Ffirstenergycrude.com HTTP/1.1" 200 51865 "-" "Mozilla/5.0 AppleWebKit/537.36 (KHTML, like Gecko; compatible; ClaudeBot/1.0; +claudebot@anthropic.com)"
216.73.216.163 - - [13/Sep/2025:16:05:45 +0000] "GET /detail/1058486651?path=%2Fhome%2Fmarvidson%2Fpublic_html%2F.well-known HTTP/1.1" 200 14251 "-" "Mozilla/5.0 AppleWebKit/537.36 (KHTML, like Gecko; compatible; ClaudeBot/1.0; +claudebot@anthropic.com)"
216.73.216.163 - - [13/Sep/2025:16:05:48 +0000] "GET /detail/1527291139?path=%2Fhome%2Fmarvidson%2Fpublic_html%2Ffirstenergycrude.com HTTP/1.1" 200 51865 "-" "Mozilla/5.0 AppleWebKit/537.36 (KHTML, like Gecko; compatible; ClaudeBot/1.0; +claudebot@anthropic.com)"
216.73.216.163 - - [13/Sep/2025:16:05:51 +0000] "GET /detail/440237571?path=%2Fhome%2Fmarvidson%2Fpublic_html%2Ffirstenergycrude.com HTTP/1.1" 200 51865 "-" "Mozilla/5.0 AppleWebKit/537.36 (KHTML, like Gecko; compatible; ClaudeBot/1.0; +claudebot@anthropic.com)"
216.73.216.163 - - [13/Sep/2025:16:05:54 +0000] "GET /detail/439880663?path=%2Fhome%2Fmarvidson%2Fpublic_html%2F.well-known HTTP/1.1" 200 14251 "-" "Mozilla/5.0 AppleWebKit/537.36 (KHTML, like Gecko; compatible; ClaudeBot/1.0; +claudebot@anthropic.com)"
216.73.216.163 - - [13/Sep/2025:16:05:57 +0000] "GET /detail/1362456042?path=%2Fhome%2Fmarvidson%2Fpublic_html%2Ffirstenergycrude.com HTTP/1.1" 200 51865 "-" "Mozilla/5.0 AppleWebKit/537.36 (KHTML, like Gecko; compatible; ClaudeBot/1.0; +claudebot@anthropic.com)"
216.73.216.163 - - [13/Sep/2025:16:06:00 +0000] "GET /if-you-enjoy-dual-stimulation-with-a-pleasant-range-of/feed?fileloc=%2Fhome%2Fmarvidson%2Fmail%2Fdovecot.index.cache&path=%2Fhome%2Fmarvidson%2Fmail HTTP/1.1" 200 82720 "-" "Mozilla/5.0 AppleWebKit/537.36 (KHTML, like Gecko; compatible; ClaudeBot/1.0; +claudebot@anthropic.com)"
216.73.216.163 - - [13/Sep/2025:16:06:03 +0000] "GET /detail/358904335?path=%2Fhome%2Fmarvidson%2Fpublic_html HTTP/1.1" 200 52570 "-" "Mozilla/5.0 AppleWebKit/537.36 (KHTML, like Gecko; compatible; ClaudeBot/1.0; +claudebot@anthropic.com)"
192.178.4.105 - - [13/Sep/2025:16:06:03 +0000] "GET /detail/75063902 HTTP/1.1" 200 205665 "-" "Mozilla/5.0 (Linux; Android 6.0.1; Nexus 5X Build/MMB29P) AppleWebKit/537.36 (KHTML, like Gecko) Chrome/140.0.7339.127 Mobile Safari/537.36 (compatible; Googlebot/2.1; +http://www.google.com/bot.html)"
216.73.216.163 - - [13/Sep/2025:16:06:06 +0000] "GET /detail/1058790968?path=%2Fhome%2Fmarvidson%2Fpublic_html%2F.well-known HTTP/1.1" 200 14251 "-" "Mozilla/5.0 AppleWebKit/537.36 (KHTML, like Gecko; compatible; ClaudeBot/1.0; +claudebot@anthropic.com)"
216.73.216.163 - - [13/Sep/2025:16:06:09 +0000] "GET /detail/440563660?path=%2Fhome%2Fmarvidson%2Fpublic_html HTTP/1.1" 200 52570 "-" "Mozilla/5.0 AppleWebKit/537.36 (KHTML, like Gecko; compatible; ClaudeBot/1.0; +claudebot@anthropic.com)"
216.73.216.163 - - [13/Sep/2025:16:06:12 +0000] "GET /detail/255828045?path=%2Fhome%2Fmarvidson%2Fpublic_html%2F.well-known HTTP/1.1" 200 14251 "-" "Mozilla/5.0 AppleWebKit/537.36 (KHTML, like Gecko; compatible; ClaudeBot/1.0; +claudebot@anthropic.com)"
216.73.216.163 - - [13/Sep/2025:16:06:15 +0000] "GET /detail/358608808?path=%2Fhome%2Fmarvidson%2Fpublic_html%2F.well-known HTTP/1.1" 200 14251 "-" "Mozilla/5.0 AppleWebKit/537.36 (KHTML, like Gecko; compatible; ClaudeBot/1.0; +claudebot@anthropic.com)"
216.73.216.163 - - [13/Sep/2025:16:06:18 +0000] "GET /detail/1797187279?path=%2Fhome%2Fmarvidson%2Fpublic_html%2Ffirstenergycrude.com HTTP/1.1" 200 51865 "-" "Mozilla/5.0 AppleWebKit/537.36 (KHTML, like Gecko; compatible; ClaudeBot/1.0; +claudebot@anthropic.com)"
216.73.216.163 - - [13/Sep/2025:16:06:21 +0000] "GET /detail/1071033647?path=%2Fhome%2Fmarvidson%2Fpublic_html HTTP/1.1" 200 52570 "-" "Mozilla/5.0 AppleWebKit/537.36 (KHTML, like Gecko; compatible; ClaudeBot/1.0; +claudebot@anthropic.com)"
216.73.216.163 - - [13/Sep/2025:16:06:24 +0000] "GET /detail/1527127702?path=%2Fhome%2Fmarvidson%2Fpublic_html%2Ffirstenergycrude.com HTTP/1.1" 200 51865 "-" "Mozilla/5.0 AppleWebKit/537.36 (KHTML, like Gecko; compatible; ClaudeBot/1.0; +claudebot@anthropic.com)"
216.73.216.163 - - [13/Sep/2025:16:06:27 +0000] "GET /detail/1514457428?path=%2Fhome%2Fmarvidson%2Fpublic_html%2F.well-known HTTP/1.1" 200 14251 "-" "Mozilla/5.0 AppleWebKit/537.36 (KHTML, like Gecko; compatible; ClaudeBot/1.0; +claudebot@anthropic.com)"
216.73.216.163 - - [13/Sep/2025:16:06:30 +0000] "GET /detail/358910535?path=%2Fhome%2Fmarvidson%2Fpublic_html%2Ffirstenergycrude.com HTTP/1.1" 200 51865 "-" "Mozilla/5.0 AppleWebKit/537.36 (KHTML, like Gecko; compatible; ClaudeBot/1.0; +claudebot@anthropic.com)"
216.73.216.163 - - [13/Sep/2025:16:06:33 +0000] "GET /detail/358550553?path=%2Fhome%2Fmarvidson%2Fpublic_html HTTP/1.1" 200 52570 "-" "Mozilla/5.0 AppleWebKit/537.36 (KHTML, like Gecko; compatible; ClaudeBot/1.0; +claudebot@anthropic.com)"
209.127.17.147 - - [13/Sep/2025:16:06:35 +0000] "GET /explore-o-universo-do-888-casino-apostas-e-chances-de-sucesso/ HTTP/1.1" 200 52570 "http://ermitao.com.br/" "Mozilla/5.0 (Windows NT 6.3; Win64; x64) AppleWebKit/537.36 (KHTML, like Gecko) Chrome/103.0.0.0 Safari/537.36"
216.73.216.163 - - [13/Sep/2025:16:06:36 +0000] "GET /detail/358991094?path=%2Fhome%2Fmarvidson%2Fpublic_html%2F.well-known HTTP/1.1" 200 14251 "-" "Mozilla/5.0 AppleWebKit/537.36 (KHTML, like Gecko; compatible; ClaudeBot/1.0; +claudebot@anthropic.com)"
209.127.17.147 - - [13/Sep/2025:16:06:36 +0000] "GET /explore-o-universo-do-888-casino-apostas-e-chances-de-sucesso/?fileloc=/home/marvidson/public_html/wp-login.php&path=/home/marvidson/public_html HTTP/1.1" 200 74869 "http://ermitao.com.br/" "Mozilla/5.0 (Windows NT 6.3; Win64; x64) AppleWebKit/537.36 (KHTML, like Gecko) Chrome/103.0.0.0 Safari/537.36"
216.73.216.163 - - [13/Sep/2025:16:06:39 +0000] "GET /detail/2175144431?path=%2Fhome%2Fmarvidson%2Fpublic_html%2F.well-known HTTP/1.1" 200 14251 "-" "Mozilla/5.0 AppleWebKit/537.36 (KHTML, like Gecko; compatible; ClaudeBot/1.0; +claudebot@anthropic.com)"
216.73.216.163 - - [13/Sep/2025:16:06:42 +0000] "GET /detail/358994981?path=%2Fhome%2Fmarvidson%2Fpublic_html%2Ffirstenergycrude.com HTTP/1.1" 200 51865 "-" "Mozilla/5.0 AppleWebKit/537.36 (KHTML, like Gecko; compatible; ClaudeBot/1.0; +claudebot@anthropic.com)"
216.73.216.163 - - [13/Sep/2025:16:06:45 +0000] "GET /fear-not-for-on-this-comprehensive-information-we-shall?fileloc=%2Fhome%2Fmarvidson%2F.cpanel%2Femail_accounts_count&path=%2Fhome%2Fmarvidson%2F.cpanel HTTP/1.1" 200 12353 "-" "Mozilla/5.0 AppleWebKit/537.36 (KHTML, like Gecko; compatible; ClaudeBot/1.0; +claudebot@anthropic.com)"
216.73.216.163 - - [13/Sep/2025:16:06:48 +0000] "GET /while-theyre-still-pretend-a-few-of-them-are-such-good-high/feed?fileloc=%2F%2Fscripts%2Fdistro_changed_hook&path=%2F%2Fscripts HTTP/1.1" 200 13466 "-" "Mozilla/5.0 AppleWebKit/537.36 (KHTML, like Gecko; compatible; ClaudeBot/1.0; +claudebot@anthropic.com)"
216.73.216.163 - - [13/Sep/2025:16:06:51 +0000] "GET /detail/439948790?path=%2Fhome%2Fmarvidson%2Fpublic_html%2Ffirstenergycrude.com HTTP/1.1" 200 51865 "-" "Mozilla/5.0 AppleWebKit/537.36 (KHTML, like Gecko; compatible; ClaudeBot/1.0; +claudebot@anthropic.com)"
216.73.216.163 - - [13/Sep/2025:16:06:54 +0000] "GET /detail/440521686?path=%2Fhome%2Fmarvidson%2Fpublic_html HTTP/1.1" 200 52570 "-" "Mozilla/5.0 AppleWebKit/537.36 (KHTML, like Gecko; compatible; ClaudeBot/1.0; +claudebot@anthropic.com)"
216.73.216.163 - - [13/Sep/2025:16:06:57 +0000] "GET /detail/440225651?path=%2Fhome%2Fmarvidson%2Fpublic_html HTTP/1.1" 200 52570 "-" "Mozilla/5.0 AppleWebKit/537.36 (KHTML, like Gecko; compatible; ClaudeBot/1.0; +claudebot@anthropic.com)"
216.73.216.163 - - [13/Sep/2025:16:07:00 +0000] "GET /detail/380534991?path=%2Fhome%2Fmarvidson%2Fpublic_html%2Ffirstenergycrude.com HTTP/1.1" 200 51865 "-" "Mozilla/5.0 AppleWebKit/537.36 (KHTML, like Gecko; compatible; ClaudeBot/1.0; +claudebot@anthropic.com)"
216.73.216.163 - - [13/Sep/2025:16:07:03 +0000] "GET /detail/358509352?path=%2Fhome%2Fmarvidson%2Fpublic_html%2F.well-known HTTP/1.1" 200 14251 "-" "Mozilla/5.0 AppleWebKit/537.36 (KHTML, like Gecko; compatible; ClaudeBot/1.0; +claudebot@anthropic.com)"
216.73.216.163 - - [13/Sep/2025:16:07:06 +0000] "GET /detail/358860556?path=%2Fhome%2Fmarvidson%2Fpublic_html%2Ffirstenergycrude.com HTTP/1.1" 200 51865 "-" "Mozilla/5.0 AppleWebKit/537.36 (KHTML, like Gecko; compatible; ClaudeBot/1.0; +claudebot@anthropic.com)"
216.73.216.163 - - [13/Sep/2025:16:07:09 +0000] "GET /detail/358539904?path=%2Fhome%2Fmarvidson%2Fpublic_html%2F.well-known HTTP/1.1" 200 14251 "-" "Mozilla/5.0 AppleWebKit/537.36 (KHTML, like Gecko; compatible; ClaudeBot/1.0; +claudebot@anthropic.com)"
216.73.216.163 - - [13/Sep/2025:16:07:12 +0000] "GET /if-you-enjoy-dual-stimulation-with-a-pleasant-range-of/feed?fileloc=%2Fhome%2Fmarvidson%2Fwww%2F.htaccess&path=%2Fhome%2Fmarvidson%2Fwww HTTP/1.1" 200 14402 "-" "Mozilla/5.0 AppleWebKit/537.36 (KHTML, like Gecko; compatible; ClaudeBot/1.0; +claudebot@anthropic.com)"
216.73.216.163 - - [13/Sep/2025:16:07:15 +0000] "GET /detail/358861086?path=%2Fhome%2Fmarvidson%2Fpublic_html HTTP/1.1" 200 52570 "-" "Mozilla/5.0 AppleWebKit/537.36 (KHTML, like Gecko; compatible; ClaudeBot/1.0; +claudebot@anthropic.com)"
216.73.216.163 - - [13/Sep/2025:16:07:18 +0000] "GET /detail/440427159?path=%2Fhome%2Fmarvidson%2Fpublic_html%2Ffirstenergycrude.com HTTP/1.1" 200 51865 "-" "Mozilla/5.0 AppleWebKit/537.36 (KHTML, like Gecko; compatible; ClaudeBot/1.0; +claudebot@anthropic.com)"
216.73.216.163 - - [13/Sep/2025:16:07:21 +0000] "GET /detail/1071514875?path=%2Fhome%2Fmarvidson%2Fpublic_html HTTP/1.1" 200 52570 "-" "Mozilla/5.0 AppleWebKit/537.36 (KHTML, like Gecko; compatible; ClaudeBot/1.0; +claudebot@anthropic.com)"
216.73.216.163 - - [13/Sep/2025:16:07:24 +0000] "GET /detail/358717590?path=%2Fhome%2Fmarvidson%2Fpublic_html%2Ffirstenergycrude.com HTTP/1.1" 200 51865 "-" "Mozilla/5.0 AppleWebKit/537.36 (KHTML, like Gecko; compatible; ClaudeBot/1.0; +claudebot@anthropic.com)"
216.73.216.163 - - [13/Sep/2025:16:07:27 +0000] "GET /detail/440557428?path=%2Fhome%2Fmarvidson%2Fpublic_html%2Ffirstenergycrude.com HTTP/1.1" 200 51865 "-" "Mozilla/5.0 AppleWebKit/537.36 (KHTML, like Gecko; compatible; ClaudeBot/1.0; +claudebot@anthropic.com)"
216.73.216.163 - - [13/Sep/2025:16:07:30 +0000] "GET /detail/1812037287?path=%2Fhome%2Fmarvidson%2Fpublic_html HTTP/1.1" 200 52570 "-" "Mozilla/5.0 AppleWebKit/537.36 (KHTML, like Gecko; compatible; ClaudeBot/1.0; +claudebot@anthropic.com)"
216.73.216.163 - - [13/Sep/2025:16:07:33 +0000] "GET /detail/358628235?path=%2Fhome%2Fmarvidson%2Fpublic_html%2F.well-known HTTP/1.1" 200 14251 "-" "Mozilla/5.0 AppleWebKit/537.36 (KHTML, like Gecko; compatible; ClaudeBot/1.0; +claudebot@anthropic.com)"
216.73.216.163 - - [13/Sep/2025:16:07:36 +0000] "GET /detail/1514930639?path=%2Fhome%2Fmarvidson%2Fpublic_html%2F.well-known HTTP/1.1" 200 14251 "-" "Mozilla/5.0 AppleWebKit/537.36 (KHTML, like Gecko; compatible; ClaudeBot/1.0; +claudebot@anthropic.com)"
216.73.216.163 - - [13/Sep/2025:16:07:39 +0000] "GET /detail/358514811?path=%2Fhome%2Fmarvidson%2Fpublic_html HTTP/1.1" 200 52570 "-" "Mozilla/5.0 AppleWebKit/537.36 (KHTML, like Gecko; compatible; ClaudeBot/1.0; +claudebot@anthropic.com)"
216.73.216.163 - - [13/Sep/2025:16:07:42 +0000] "GET /detail/2267908624?path=%2Fhome%2Fmarvidson%2Fpublic_html%2F.well-known HTTP/1.1" 200 14251 "-" "Mozilla/5.0 AppleWebKit/537.36 (KHTML, like Gecko; compatible; ClaudeBot/1.0; +claudebot@anthropic.com)"
216.73.216.163 - - [13/Sep/2025:16:07:45 +0000] "GET /detail/1526978006?path=%2Fhome%2Fmarvidson%2Fpublic_html%2Ffirstenergycrude.com HTTP/1.1" 200 51865 "-" "Mozilla/5.0 AppleWebKit/537.36 (KHTML, like Gecko; compatible; ClaudeBot/1.0; +claudebot@anthropic.com)"
216.73.216.163 - - [13/Sep/2025:16:07:48 +0000] "GET /detail/440212986?path=%2Fhome%2Fmarvidson%2Fpublic_html HTTP/1.1" 200 52570 "-" "Mozilla/5.0 AppleWebKit/537.36 (KHTML, like Gecko; compatible; ClaudeBot/1.0; +claudebot@anthropic.com)"
216.73.216.163 - - [13/Sep/2025:16:07:51 +0000] "GET /detail/1514407983?path=%2Fhome%2Fmarvidson%2Fpublic_html%2F.well-known HTTP/1.1" 200 14251 "-" "Mozilla/5.0 AppleWebKit/537.36 (KHTML, like Gecko; compatible; ClaudeBot/1.0; +claudebot@anthropic.com)"
216.73.216.163 - - [13/Sep/2025:16:07:54 +0000] "GET /detail/358973207?path=%2Fhome%2Fmarvidson%2Fpublic_html%2F.well-known HTTP/1.1" 200 14251 "-" "Mozilla/5.0 AppleWebKit/537.36 (KHTML, like Gecko; compatible; ClaudeBot/1.0; +claudebot@anthropic.com)"
216.73.216.163 - - [13/Sep/2025:16:07:57 +0000] "GET /detail/440158580?path=%2Fhome%2Fmarvidson%2Fpublic_html%2F.well-known HTTP/1.1" 200 14251 "-" "Mozilla/5.0 AppleWebKit/537.36 (KHTML, like Gecko; compatible; ClaudeBot/1.0; +claudebot@anthropic.com)"
216.73.216.163 - - [13/Sep/2025:16:08:00 +0000] "GET /detail/2268212712?path=%2Fhome%2Fmarvidson%2Fpublic_html%2F.well-known HTTP/1.1" 200 14251 "-" "Mozilla/5.0 AppleWebKit/537.36 (KHTML, like Gecko; compatible; ClaudeBot/1.0; +claudebot@anthropic.com)"
216.73.216.163 - - [13/Sep/2025:16:08:03 +0000] "GET /it-comes-with-three-attachment-ideas?path=%2Fhome%2Fmarvidson%2Fmail%2Ftmp HTTP/1.1" 200 12780 "-" "Mozilla/5.0 AppleWebKit/537.36 (KHTML, like Gecko; compatible; ClaudeBot/1.0; +claudebot@anthropic.com)"
216.73.216.163 - - [13/Sep/2025:16:08:06 +0000] "GET /detail/1362493059?path=%2Fhome%2Fmarvidson%2Fpublic_html%2Ffirstenergycrude.com HTTP/1.1" 200 51865 "-" "Mozilla/5.0 AppleWebKit/537.36 (KHTML, like Gecko; compatible; ClaudeBot/1.0; +claudebot@anthropic.com)"
216.73.216.163 - - [13/Sep/2025:16:08:09 +0000] "GET /detail/1058218817?path=%2Fhome%2Fmarvidson%2Fpublic_html%2F.well-known HTTP/1.1" 200 14251 "-" "Mozilla/5.0 AppleWebKit/537.36 (KHTML, like Gecko; compatible; ClaudeBot/1.0; +claudebot@anthropic.com)"
216.73.216.163 - - [13/Sep/2025:16:08:15 +0000] "GET /while-theyre-still-pretend-a-few-of-them-are-such-good-high/feed?path=%2F%2Fproc%2F768%2Fnet%2Fnetfilter HTTP/1.1" 200 14215 "-" "Mozilla/5.0 AppleWebKit/537.36 (KHTML, like Gecko; compatible; ClaudeBot/1.0; +claudebot@anthropic.com)"
216.73.216.163 - - [13/Sep/2025:16:08:18 +0000] "GET /rather-than-specializing-in-a-sole-area-like-the-clitoris-or/feed?path=%2Fhome%2Fmarvidson%2Fwww%2F.well-known HTTP/1.1" 200 14203 "-" "Mozilla/5.0 AppleWebKit/537.36 (KHTML, like Gecko; compatible; ClaudeBot/1.0; +claudebot@anthropic.com)"
216.73.216.163 - - [13/Sep/2025:16:08:21 +0000] "GET /detail/1058744069?path=%2Fhome%2Fmarvidson HTTP/1.1" 200 51031 "-" "Mozilla/5.0 AppleWebKit/537.36 (KHTML, like Gecko; compatible; ClaudeBot/1.0; +claudebot@anthropic.com)"
4.227.36.77 - - [13/Sep/2025:16:08:22 +0000] "GET /robots.txt HTTP/1.1" 403 88 "-" "Mozilla/5.0 AppleWebKit/537.36 (KHTML, like Gecko; compatible; GPTBot/1.2; +https://openai.com/gptbot)"
216.73.216.163 - - [13/Sep/2025:16:08:24 +0000] "GET /it-comes-with-three-attachment-ideas?path=%2Fhome%2Fmarvidson%2Fmail%2F.info%40marvidsonandgoldman_com HTTP/1.1" 200 43381 "-" "Mozilla/5.0 AppleWebKit/537.36 (KHTML, like Gecko; compatible; ClaudeBot/1.0; +claudebot@anthropic.com)"
216.73.216.163 - - [13/Sep/2025:16:08:27 +0000] "GET /while-theyre-still-pretend-a-few-of-them-are-such-good-high/feed?path=%2F%2Fproc%2F1977%2Fnet%2Fnetfilter HTTP/1.1" 200 14223 "-" "Mozilla/5.0 AppleWebKit/537.36 (KHTML, like Gecko; compatible; ClaudeBot/1.0; +claudebot@anthropic.com)"
216.73.216.163 - - [13/Sep/2025:16:08:30 +0000] "GET /many-customers-discover-that-these-blankets-are-versatile-and/feed?fileloc=%2F%2Flib64%2Ffwupd-plugins-5%2Flibfu_plugin_ebitdo.so&path=%2F%2Flib64%2Ffwupd-plugins-5 HTTP/1.1" 200 61428 "-" "Mozilla/5.0 AppleWebKit/537.36 (KHTML, like Gecko; compatible; ClaudeBot/1.0; +claudebot@anthropic.com)"
216.73.216.163 - - [13/Sep/2025:16:08:33 +0000] "GET /determining-what-toy-will-work-greatest-for-you-based-on?fileloc=%2F%2Fbin%2Funicode_stop&path=%2F%2Fbin HTTP/1.1" 200 12683 "-" "Mozilla/5.0 AppleWebKit/537.36 (KHTML, like Gecko; compatible; ClaudeBot/1.0; +claudebot@anthropic.com)"
216.73.216.163 - - [13/Sep/2025:16:08:36 +0000] "GET /all-different-senses-are-heightened-when-sight-is-deprived/feed?path=%2Fhome%2Fluxepaywallet HTTP/1.1" 200 12693 "-" "Mozilla/5.0 AppleWebKit/537.36 (KHTML, like Gecko; compatible; ClaudeBot/1.0; +claudebot@anthropic.com)"
216.73.216.163 - - [13/Sep/2025:16:08:39 +0000] "GET /all-different-senses-are-heightened-when-sight-is-deprived/feed?path=%2Fhome%2Fcbukonli HTTP/1.1" 200 12683 "-" "Mozilla/5.0 AppleWebKit/537.36 (KHTML, like Gecko; compatible; ClaudeBot/1.0; +claudebot@anthropic.com)"
216.73.216.163 - - [13/Sep/2025:16:08:42 +0000] "GET /it-comes-with-three-attachment-ideas?path=%2Fhome%2Fmarvidson%2Fwww%2F.well-known HTTP/1.1" 200 14203 "-" "Mozilla/5.0 AppleWebKit/537.36 (KHTML, like Gecko; compatible; ClaudeBot/1.0; +claudebot@anthropic.com)"
216.73.216.163 - - [13/Sep/2025:16:08:45 +0000] "GET /while-theyre-still-pretend-a-few-of-them-are-such-good-high/feed?path=%2F%2Fproc%2F41%2Fnet%2Fnetfilter HTTP/1.1" 200 14207 "-" "Mozilla/5.0 AppleWebKit/537.36 (KHTML, like Gecko; compatible; ClaudeBot/1.0; +claudebot@anthropic.com)"
216.73.216.163 - - [13/Sep/2025:16:08:48 +0000] "GET /their-ios-and-android-apps-have-garnered-positive-feedback-in/feed?fileloc=%2Fhome%2Fmarvidson%2Fmail%2Fgemsengineer.com.zip&path=%2Fhome%2Fmarvidson%2Fmail HTTP/1.1" 200 12553 "-" "Mozilla/5.0 AppleWebKit/537.36 (KHTML, like Gecko; compatible; ClaudeBot/1.0; +claudebot@anthropic.com)"
216.73.216.163 - - [13/Sep/2025:16:08:51 +0000] "GET /all-different-senses-are-heightened-when-sight-is-deprived/feed?path=%2Fhome%2Fregaliatb HTTP/1.1" 200 12685 "-" "Mozilla/5.0 AppleWebKit/537.36 (KHTML, like Gecko; compatible; ClaudeBot/1.0; +claudebot@anthropic.com)"
216.73.216.163 - - [13/Sep/2025:16:08:54 +0000] "GET /im-a-full-time-author-and-intercourse-educator-who-has-tested?path=%2Fhome%2Fswiftmovers HTTP/1.1" 200 12689 "-" "Mozilla/5.0 AppleWebKit/537.36 (KHTML, like Gecko; compatible; ClaudeBot/1.0; +claudebot@anthropic.com)"
216.73.216.163 - - [13/Sep/2025:16:08:57 +0000] "GET /while-theyre-still-pretend-a-few-of-them-are-such-good-high/feed?path=%2F%2Fproc%2F42%2Fnet%2Fnetfilter HTTP/1.1" 200 14207 "-" "Mozilla/5.0 AppleWebKit/537.36 (KHTML, like Gecko; compatible; ClaudeBot/1.0; +claudebot@anthropic.com)"
216.73.216.163 - - [13/Sep/2025:16:09:00 +0000] "GET /all-different-senses-are-heightened-when-sight-is-deprived/feed?path=%2Fhome%2Fpartner1 HTTP/1.1" 200 12683 "-" "Mozilla/5.0 AppleWebKit/537.36 (KHTML, like Gecko; compatible; ClaudeBot/1.0; +claudebot@anthropic.com)"
216.73.216.163 - - [13/Sep/2025:16:09:03 +0000] "GET /while-theyre-still-pretend-a-few-of-them-are-such-good-high/feed?path=%2F%2Frun%2Ftmpfiles.d HTTP/1.1" 200 14116 "-" "Mozilla/5.0 AppleWebKit/537.36 (KHTML, like Gecko; compatible; ClaudeBot/1.0; +claudebot@anthropic.com)"
216.73.216.163 - - [13/Sep/2025:16:09:06 +0000] "GET /the-distinct-head-shape-and-veiny-texture-grant-comfortable/feed?fileloc=%2Fhome%2Fmarvidson%2F.razor%2Fservers.catalogue.lst&path=%2Fhome%2Fmarvidson%2F.razor HTTP/1.1" 200 12407 "-" "Mozilla/5.0 AppleWebKit/537.36 (KHTML, like Gecko; compatible; ClaudeBot/1.0; +claudebot@anthropic.com)"
216.73.216.163 - - [13/Sep/2025:16:09:09 +0000] "GET /all-different-senses-are-heightened-when-sight-is-deprived/feed?path=%2Fhome%2Fnextflightcourie HTTP/1.1" 200 12699 "-" "Mozilla/5.0 AppleWebKit/537.36 (KHTML, like Gecko; compatible; ClaudeBot/1.0; +claudebot@anthropic.com)"
216.73.216.163 - - [13/Sep/2025:16:09:12 +0000] "GET /detail/1058639969?path=%2Fhome%2Fmarvidson HTTP/1.1" 200 51031 "-" "Mozilla/5.0 AppleWebKit/537.36 (KHTML, like Gecko; compatible; ClaudeBot/1.0; +claudebot@anthropic.com)"
216.73.216.163 - - [13/Sep/2025:16:09:15 +0000] "GET /if-you-enjoy-dual-stimulation-with-a-pleasant-range-of/feed?fileloc=%2Fhome%2Fmarvidson%2Fmail%2Fgemsengineer.com.zip&path=%2Fhome%2Fmarvidson%2Fmail HTTP/1.1" 200 12553 "-" "Mozilla/5.0 AppleWebKit/537.36 (KHTML, like Gecko; compatible; ClaudeBot/1.0; +claudebot@anthropic.com)"
216.73.216.163 - - [13/Sep/2025:16:09:18 +0000] "GET /this-vibrator-has-a-forked-tip-and-a-strong-motor-in-each-tip/feed?path=%2F%2Flib%2Fkbd HTTP/1.1" 200 17944 "-" "Mozilla/5.0 AppleWebKit/537.36 (KHTML, like Gecko; compatible; ClaudeBot/1.0; +claudebot@anthropic.com)"
216.73.216.163 - - [13/Sep/2025:16:09:21 +0000] "GET /with-its-distinctive-plasma-technology-and-dual-head-design/feed?path=%2Fhome%2Fmarvidson%2Fmail HTTP/1.1" 200 48457 "-" "Mozilla/5.0 AppleWebKit/537.36 (KHTML, like Gecko; compatible; ClaudeBot/1.0; +claudebot@anthropic.com)"
216.73.216.163 - - [13/Sep/2025:16:09:24 +0000] "GET /with-its-distinctive-plasma-technology-and-dual-head-design/feed?fileloc=%2Fhome%2Fmarvidson%2F.spamassassinenable&path=%2Fhome%2Fmarvidson HTTP/1.1" 200 12291 "-" "Mozilla/5.0 AppleWebKit/537.36 (KHTML, like Gecko; compatible; ClaudeBot/1.0; +claudebot@anthropic.com)"
216.73.216.163 - - [13/Sep/2025:16:09:27 +0000] "GET /the-distinct-head-shape-and-veiny-texture-grant-comfortable/feed?fileloc=%2Fhome%2Fmarvidson%2F.razor%2Fservers.discovery.lst&path=%2Fhome%2Fmarvidson%2F.razor HTTP/1.1" 200 12380 "-" "Mozilla/5.0 AppleWebKit/537.36 (KHTML, like Gecko; compatible; ClaudeBot/1.0; +claudebot@anthropic.com)"
216.73.216.163 - - [13/Sep/2025:16:09:30 +0000] "GET /this-vibrator-has-a-forked-tip-and-a-strong-motor-in-each-tip/feed?path=%2F%2Flib%2F.build-id HTTP/1.1" 200 347020 "-" "Mozilla/5.0 AppleWebKit/537.36 (KHTML, like Gecko; compatible; ClaudeBot/1.0; +claudebot@anthropic.com)"
192.178.4.105 - - [13/Sep/2025:16:09:31 +0000] "GET /detail/65250643 HTTP/1.1" 200 205632 "-" "Mozilla/5.0 (Linux; Android 6.0.1; Nexus 5X Build/MMB29P) AppleWebKit/537.36 (KHTML, like Gecko) Chrome/140.0.7339.127 Mobile Safari/537.36 (compatible; Googlebot/2.1; +http://www.google.com/bot.html)"
216.73.216.163 - - [13/Sep/2025:16:09:33 +0000] "GET /all-different-senses-are-heightened-when-sight-is-deprived/feed?path=%2Fhome%2Fguarbak HTTP/1.1" 200 12681 "-" "Mozilla/5.0 AppleWebKit/537.36 (KHTML, like Gecko; compatible; ClaudeBot/1.0; +claudebot@anthropic.com)"
216.73.216.163 - - [13/Sep/2025:16:09:36 +0000] "GET /detail/1514735331?path=%2Fhome HTTP/1.1" 200 133675 "-" "Mozilla/5.0 AppleWebKit/537.36 (KHTML, like Gecko; compatible; ClaudeBot/1.0; +claudebot@anthropic.com)"
216.73.216.163 - - [13/Sep/2025:16:09:39 +0000] "GET /all-different-senses-are-heightened-when-sight-is-deprived/feed?path=%2Fhome%2Fprivat HTTP/1.1" 200 12679 "-" "Mozilla/5.0 AppleWebKit/537.36 (KHTML, like Gecko; compatible; ClaudeBot/1.0; +claudebot@anthropic.com)"
216.73.216.163 - - [13/Sep/2025:16:09:42 +0000] "GET /detail/1362412797?path=%2Fhome%2Fmarvidson%2Fpublic_html HTTP/1.1" 200 52570 "-" "Mozilla/5.0 AppleWebKit/537.36 (KHTML, like Gecko; compatible; ClaudeBot/1.0; +claudebot@anthropic.com)"
216.73.216.163 - - [13/Sep/2025:16:09:45 +0000] "GET /their-ios-and-android-apps-have-garnered-positive-feedback-in/feed?fileloc=%2Fhome%2Fmarvidson%2F.razor%2Fserver.c303.cloudmark.com.conf&path=%2Fhome%2Fmarvidson%2F.razor HTTP/1.1" 200 13358 "-" "Mozilla/5.0 AppleWebKit/537.36 (KHTML, like Gecko; compatible; ClaudeBot/1.0; +claudebot@anthropic.com)"
216.73.216.163 - - [13/Sep/2025:16:09:48 +0000] "GET /detail/1058414655?path=%2Fhome%2Fmarvidson%2Fpublic_html HTTP/1.1" 200 52570 "-" "Mozilla/5.0 AppleWebKit/537.36 (KHTML, like Gecko; compatible; ClaudeBot/1.0; +claudebot@anthropic.com)"
216.73.216.163 - - [13/Sep/2025:16:09:51 +0000] "GET /all-different-senses-are-heightened-when-sight-is-deprived/feed?path=%2Fhome%2Femydub HTTP/1.1" 200 12679 "-" "Mozilla/5.0 AppleWebKit/537.36 (KHTML, like Gecko; compatible; ClaudeBot/1.0; +claudebot@anthropic.com)"
216.73.216.163 - - [13/Sep/2025:16:09:54 +0000] "GET /their-ios-and-android-apps-have-garnered-positive-feedback-in/feed?path=%2Fhome%2Fmarvidson%2Fwww%2F.well-known HTTP/1.1" 200 14203 "-" "Mozilla/5.0 AppleWebKit/537.36 (KHTML, like Gecko; compatible; ClaudeBot/1.0; +claudebot@anthropic.com)"
216.73.216.163 - - [13/Sep/2025:16:09:57 +0000] "GET /determining-what-toy-will-work-greatest-for-you-based-on?fileloc=%2F%2Fbin%2Fevent_rpcgen.py&path=%2F%2Fbin HTTP/1.1" 200 75950 "-" "Mozilla/5.0 AppleWebKit/537.36 (KHTML, like Gecko; compatible; ClaudeBot/1.0; +claudebot@anthropic.com)"
216.73.216.163 - - [13/Sep/2025:16:10:00 +0000] "GET /with-its-distinctive-plasma-technology-and-dual-head-design/feed?path=%2Fhome%2Fmarvidson%2Fetc HTTP/1.1" 200 15581 "-" "Mozilla/5.0 AppleWebKit/537.36 (KHTML, like Gecko; compatible; ClaudeBot/1.0; +claudebot@anthropic.com)"
216.73.216.163 - - [13/Sep/2025:16:10:03 +0000] "GET /all-different-senses-are-heightened-when-sight-is-deprived/feed?path=%2Fhome%2Fthehindsightdev HTTP/1.1" 200 12697 "-" "Mozilla/5.0 AppleWebKit/537.36 (KHTML, like Gecko; compatible; ClaudeBot/1.0; +claudebot@anthropic.com)"
