216.73.216.163 - - [13/Sep/2025:13:53:00 +0000] "GET /detail/72950976?fileloc=%2Fhome%2Fmarvidson%2F.cl.selector%2Fhtaccess_cache&path=%2Fhome%2Fmarvidson%2F.cl.selector HTTP/1.1" 200 14611 "-" "Mozilla/5.0 AppleWebKit/537.36 (KHTML, like Gecko; compatible; ClaudeBot/1.0; +claudebot@anthropic.com)"
136.243.228.181 - - [13/Sep/2025:13:53:00 +0000] "GET /autron-has-a-team-of-pros-with-sufficient-know-how-to?path=/home/linkupex HTTP/1.1" 200 12683 "-" "Mozilla/5.0 (compatible; DataForSeoBot/1.0; +https://dataforseo.com/dataforseo-bot)"
216.73.216.163 - - [13/Sep/2025:13:53:03 +0000] "GET /detail/72950976?fileloc=%2Fhome%2Fmarvidson%2Faccess-logs%2Fmarvidsonandgoldman.com-ssl_log&path=%2Fhome%2Fmarvidson%2Faccess-logs HTTP/1.1" 200 959447 "-" "Mozilla/5.0 AppleWebKit/537.36 (KHTML, like Gecko; compatible; ClaudeBot/1.0; +claudebot@anthropic.com)"
136.243.228.181 - - [13/Sep/2025:13:53:04 +0000] "GET /autron-has-a-team-of-pros-with-sufficient-know-how-to?path=/home/thorswiftexpress HTTP/1.1" 200 12699 "-" "Mozilla/5.0 (compatible; DataForSeoBot/1.0; +https://dataforseo.com/dataforseo-bot)"
216.73.216.163 - - [13/Sep/2025:13:53:06 +0000] "GET /detail/72950976?path=%2Fhome%2Fmarvidson%2F.cpanel%2Fdatastore HTTP/1.1" 200 36246 "-" "Mozilla/5.0 AppleWebKit/537.36 (KHTML, like Gecko; compatible; ClaudeBot/1.0; +claudebot@anthropic.com)"
136.243.228.181 - - [13/Sep/2025:13:53:08 +0000] "GET /autron-has-a-team-of-pros-with-sufficient-know-how-to?path=/home/ledgerpr HTTP/1.1" 200 12683 "-" "Mozilla/5.0 (compatible; DataForSeoBot/1.0; +https://dataforseo.com/dataforseo-bot)"
216.73.216.163 - - [13/Sep/2025:13:53:09 +0000] "GET /detail/72950976?fileloc=%2Fhome%2Fmarvidson%2Fssl%2Fssl.db&path=%2Fhome%2Fmarvidson%2Fssl HTTP/1.1" 200 28435 "-" "Mozilla/5.0 AppleWebKit/537.36 (KHTML, like Gecko; compatible; ClaudeBot/1.0; +claudebot@anthropic.com)"
216.73.216.163 - - [13/Sep/2025:13:53:12 +0000] "GET /detail/72950976?fileloc=%2Fhome%2Fmarvidson%2F.cpanel%2Fnvdata.cache&path=%2Fhome%2Fmarvidson%2F.cpanel HTTP/1.1" 200 12645 "-" "Mozilla/5.0 AppleWebKit/537.36 (KHTML, like Gecko; compatible; ClaudeBot/1.0; +claudebot@anthropic.com)"
136.243.228.181 - - [13/Sep/2025:13:53:12 +0000] "GET /autron-has-a-team-of-pros-with-sufficient-know-how-to?path=/home/cygnetwe HTTP/1.1" 200 12683 "-" "Mozilla/5.0 (compatible; DataForSeoBot/1.0; +https://dataforseo.com/dataforseo-bot)"
216.73.216.163 - - [13/Sep/2025:13:53:15 +0000] "GET /detail/72950976?path=%2Fhome%2Fmarvidson%2Fssl%2Fcsrs HTTP/1.1" 200 12779 "-" "Mozilla/5.0 AppleWebKit/537.36 (KHTML, like Gecko; compatible; ClaudeBot/1.0; +claudebot@anthropic.com)"
107.150.40.170 - - [13/Sep/2025:13:53:16 +0000] "GET /wp-login.php HTTP/1.1" 200 52570 "-" "Mozilla/5.0 (compatible; MSIE 9.0; Windows NT 6.1; Trident/5.0)"
136.243.228.181 - - [13/Sep/2025:13:53:16 +0000] "GET /autron-has-a-team-of-pros-with-sufficient-know-how-to?path=/home/masomining HTTP/1.1" 200 12687 "-" "Mozilla/5.0 (compatible; DataForSeoBot/1.0; +https://dataforseo.com/dataforseo-bot)"
216.73.216.163 - - [13/Sep/2025:13:53:18 +0000] "GET /detail/72950976?fileloc=%2Fhome%2Fmarvidson%2Fssl%2Fssl.db.cache&path=%2Fhome%2Fmarvidson%2Fssl HTTP/1.1" 200 30259 "-" "Mozilla/5.0 AppleWebKit/537.36 (KHTML, like Gecko; compatible; ClaudeBot/1.0; +claudebot@anthropic.com)"
136.243.228.181 - - [13/Sep/2025:13:53:20 +0000] "GET /autron-has-a-team-of-pros-with-sufficient-know-how-to?path=/home/thehindsightdev HTTP/1.1" 200 12697 "-" "Mozilla/5.0 (compatible; DataForSeoBot/1.0; +https://dataforseo.com/dataforseo-bot)"
216.73.216.163 - - [13/Sep/2025:13:53:21 +0000] "GET /detail/56557300?fileloc=%2F%2Fscripts%2Fauto-adjust-mysql-limits&path=%2F%2Fscripts HTTP/1.1" 200 14239 "-" "Mozilla/5.0 AppleWebKit/537.36 (KHTML, like Gecko; compatible; ClaudeBot/1.0; +claudebot@anthropic.com)"
216.73.216.163 - - [13/Sep/2025:13:53:24 +0000] "GET /detail/56557300?fileloc=%2F%2Fscripts%2Fsync-mysql-users-from-grants&path=%2F%2Fscripts HTTP/1.1" 200 13492 "-" "Mozilla/5.0 AppleWebKit/537.36 (KHTML, like Gecko; compatible; ClaudeBot/1.0; +claudebot@anthropic.com)"
136.243.228.181 - - [13/Sep/2025:13:53:24 +0000] "GET /autron-has-a-team-of-pros-with-sufficient-know-how-to?path=/home/binaryst HTTP/1.1" 200 12683 "-" "Mozilla/5.0 (compatible; DataForSeoBot/1.0; +https://dataforseo.com/dataforseo-bot)"
216.73.216.163 - - [13/Sep/2025:13:53:27 +0000] "GET /detail/56557300?fileloc=%2F%2Fscripts%2Fshrink_modsec_ip_database&path=%2F%2Fscripts HTTP/1.1" 200 26497 "-" "Mozilla/5.0 AppleWebKit/537.36 (KHTML, like Gecko; compatible; ClaudeBot/1.0; +claudebot@anthropic.com)"
136.243.228.181 - - [13/Sep/2025:13:53:28 +0000] "GET /autron-has-a-team-of-pros-with-sufficient-know-how-to?path=/home/totalcostmanagem HTTP/1.1" 200 12699 "-" "Mozilla/5.0 (compatible; DataForSeoBot/1.0; +https://dataforseo.com/dataforseo-bot)"
216.73.216.163 - - [13/Sep/2025:13:53:30 +0000] "GET /detail/56557300?path=%2F%2Fhome%2Fourweb HTTP/1.1" 200 12681 "-" "Mozilla/5.0 AppleWebKit/537.36 (KHTML, like Gecko; compatible; ClaudeBot/1.0; +claudebot@anthropic.com)"
136.243.228.181 - - [13/Sep/2025:13:53:32 +0000] "GET /autron-has-a-team-of-pros-with-sufficient-know-how-to?path=/home/aunl HTTP/1.1" 200 12675 "-" "Mozilla/5.0 (compatible; DataForSeoBot/1.0; +https://dataforseo.com/dataforseo-bot)"
216.73.216.163 - - [13/Sep/2025:13:53:33 +0000] "GET /detail/56557300?fileloc=%2F%2Fscripts%2Funinstall_cpanel_analytics&path=%2F%2Fscripts HTTP/1.1" 200 13538 "-" "Mozilla/5.0 AppleWebKit/537.36 (KHTML, like Gecko; compatible; ClaudeBot/1.0; +claudebot@anthropic.com)"
216.73.216.163 - - [13/Sep/2025:13:53:36 +0000] "GET /detail/56557300?path=%2F%2Flib64%2Fpython3.6 HTTP/1.1" 200 297699 "-" "Mozilla/5.0 AppleWebKit/537.36 (KHTML, like Gecko; compatible; ClaudeBot/1.0; +claudebot@anthropic.com)"
192.178.4.105 - - [13/Sep/2025:13:53:36 +0000] "GET /detail/75065193 HTTP/1.1" 200 203099 "-" "Mozilla/5.0 (Linux; Android 6.0.1; Nexus 5X Build/MMB29P) AppleWebKit/537.36 (KHTML, like Gecko) Chrome/140.0.7339.127 Mobile Safari/537.36 (compatible; Googlebot/2.1; +http://www.google.com/bot.html)"
136.243.228.181 - - [13/Sep/2025:13:53:37 +0000] "GET /autron-has-a-team-of-pros-with-sufficient-know-how-to?path=/home/webcente HTTP/1.1" 200 12683 "-" "Mozilla/5.0 (compatible; DataForSeoBot/1.0; +https://dataforseo.com/dataforseo-bot)"
216.73.216.163 - - [13/Sep/2025:13:53:39 +0000] "GET /detail/56557300?fileloc=%2F%2Flib64%2Flibbasicobjects.so.0.1.0&path=%2F%2Flib64 HTTP/1.1" 200 26178 "-" "Mozilla/5.0 AppleWebKit/537.36 (KHTML, like Gecko; compatible; ClaudeBot/1.0; +claudebot@anthropic.com)"
136.243.228.181 - - [13/Sep/2025:13:53:40 +0000] "GET /autron-has-a-team-of-pros-with-sufficient-know-how-to?path=/home/jeansonp HTTP/1.1" 200 12683 "-" "Mozilla/5.0 (compatible; DataForSeoBot/1.0; +https://dataforseo.com/dataforseo-bot)"
216.73.216.163 - - [13/Sep/2025:13:53:42 +0000] "GET /detail/56557300?path=%2F%2Fhome%2Fledgerpr HTTP/1.1" 200 12685 "-" "Mozilla/5.0 AppleWebKit/537.36 (KHTML, like Gecko; compatible; ClaudeBot/1.0; +claudebot@anthropic.com)"
136.243.228.181 - - [13/Sep/2025:13:53:45 +0000] "GET /autron-has-a-team-of-pros-with-sufficient-know-how-to?path=/home/bzaehqpn HTTP/1.1" 200 12683 "-" "Mozilla/5.0 (compatible; DataForSeoBot/1.0; +https://dataforseo.com/dataforseo-bot)"
216.73.216.163 - - [13/Sep/2025:13:53:45 +0000] "GET /detail/56557300?fileloc=%2F%2Fscripts%2Fslurp_exim_mainlog&path=%2F%2Fscripts HTTP/1.1" 200 18485 "-" "Mozilla/5.0 AppleWebKit/537.36 (KHTML, like Gecko; compatible; ClaudeBot/1.0; +claudebot@anthropic.com)"
216.73.216.163 - - [13/Sep/2025:13:53:48 +0000] "GET /detail/56557300?fileloc=%2F%2Flib64%2Flibcairo-script-interpreter.so.2&path=%2F%2Flib64 HTTP/1.1" 200 246319 "-" "Mozilla/5.0 AppleWebKit/537.36 (KHTML, like Gecko; compatible; ClaudeBot/1.0; +claudebot@anthropic.com)"
136.243.228.181 - - [13/Sep/2025:13:53:48 +0000] "GET /autron-has-a-team-of-pros-with-sufficient-know-how-to?path=/home/luxexpre HTTP/1.1" 200 12683 "-" "Mozilla/5.0 (compatible; DataForSeoBot/1.0; +https://dataforseo.com/dataforseo-bot)"
216.73.216.163 - - [13/Sep/2025:13:53:51 +0000] "GET /detail/56557300?path=%2F%2Fhome%2Fcloud360 HTTP/1.1" 200 12685 "-" "Mozilla/5.0 AppleWebKit/537.36 (KHTML, like Gecko; compatible; ClaudeBot/1.0; +claudebot@anthropic.com)"
136.243.228.181 - - [13/Sep/2025:13:53:53 +0000] "GET /autron-has-a-team-of-pros-with-sufficient-know-how-to?path=/home/firstcap HTTP/1.1" 200 12683 "-" "Mozilla/5.0 (compatible; DataForSeoBot/1.0; +https://dataforseo.com/dataforseo-bot)"
216.73.216.163 - - [13/Sep/2025:13:53:54 +0000] "GET /detail/56557300?fileloc=%2F%2Flib64%2Flibcairo-script-interpreter.so.2.11512.0&path=%2F%2Flib64 HTTP/1.1" 200 246327 "-" "Mozilla/5.0 AppleWebKit/537.36 (KHTML, like Gecko; compatible; ClaudeBot/1.0; +claudebot@anthropic.com)"
136.243.228.181 - - [13/Sep/2025:13:53:56 +0000] "GET /autron-has-a-team-of-pros-with-sufficient-know-how-to?path=/home/flatexco HTTP/1.1" 200 12683 "-" "Mozilla/5.0 (compatible; DataForSeoBot/1.0; +https://dataforseo.com/dataforseo-bot)"
216.73.216.163 - - [13/Sep/2025:13:53:57 +0000] "GET /detail/56557300?path=%2F%2Fhome%2Fphantom HTTP/1.1" 200 12683 "-" "Mozilla/5.0 AppleWebKit/537.36 (KHTML, like Gecko; compatible; ClaudeBot/1.0; +claudebot@anthropic.com)"
185.191.171.3 - - [13/Sep/2025:13:53:59 +0000] "GET /critique-neutre-et-factuelle-de-tortuga-tortuga-3ed50/ HTTP/1.1" 403 52570 "-" "Mozilla/5.0 (compatible; SemrushBot/7~bl; +http://www.semrush.com/bot.html)"
216.73.216.163 - - [13/Sep/2025:13:54:00 +0000] "GET /detail/56557300?fileloc=%2F%2Fscripts%2Fprocess_pending_cpanel_php_pear_registration&path=%2F%2Fscripts HTTP/1.1" 200 15334 "-" "Mozilla/5.0 AppleWebKit/537.36 (KHTML, like Gecko; compatible; ClaudeBot/1.0; +claudebot@anthropic.com)"
136.243.228.181 - - [13/Sep/2025:13:54:00 +0000] "GET /autron-has-a-team-of-pros-with-sufficient-know-how-to?path=/home/firstenergy HTTP/1.1" 200 12689 "-" "Mozilla/5.0 (compatible; DataForSeoBot/1.0; +https://dataforseo.com/dataforseo-bot)"
85.208.96.195 - - [13/Sep/2025:13:54:01 +0000] "GET /it-could-be-controlled-from-anyplace-on-the-earth/ HTTP/1.1" 403 52570 "-" "Mozilla/5.0 (compatible; SemrushBot/7~bl; +http://www.semrush.com/bot.html)"
216.73.216.163 - - [13/Sep/2025:13:54:03 +0000] "GET /detail/56557300?path=%2F%2Fhome%2Fdtech HTTP/1.1" 200 12679 "-" "Mozilla/5.0 AppleWebKit/537.36 (KHTML, like Gecko; compatible; ClaudeBot/1.0; +claudebot@anthropic.com)"
136.243.228.181 - - [13/Sep/2025:13:54:04 +0000] "GET /autron-has-a-team-of-pros-with-sufficient-know-how-to?path=/home/metropulsecargo HTTP/1.1" 200 12697 "-" "Mozilla/5.0 (compatible; DataForSeoBot/1.0; +https://dataforseo.com/dataforseo-bot)"
194.102.105.104 - - [13/Sep/2025:13:54:04 +0000] "GET /explorando-as-chances-no-universo-do-leaowin02/ HTTP/1.1" 200 52570 "https://marvidsonandgoldman.com/" "Mozilla/5.0 (Macintosh; Intel Mac OS X 12_5) AppleWebKit/537.36 (KHTML, like Gecko) Chrome/114.0.0.0 Safari/537.36 Vivaldi/5.3.2679.68"
216.73.216.163 - - [13/Sep/2025:13:54:06 +0000] "GET /detail/56557300?fileloc=%2F%2Fscripts%2Fenable_sqloptimizer&path=%2F%2Fscripts HTTP/1.1" 200 14020 "-" "Mozilla/5.0 AppleWebKit/537.36 (KHTML, like Gecko; compatible; ClaudeBot/1.0; +claudebot@anthropic.com)"
136.243.228.181 - - [13/Sep/2025:13:54:08 +0000] "GET /autron-has-a-team-of-pros-with-sufficient-know-how-to?path=/home/minorent HTTP/1.1" 200 12683 "-" "Mozilla/5.0 (compatible; DataForSeoBot/1.0; +https://dataforseo.com/dataforseo-bot)"
216.73.216.163 - - [13/Sep/2025:13:54:09 +0000] "GET /detail/56557300?fileloc=%2F%2Fscripts%2Fdisable_sqloptimizer&path=%2F%2Fscripts HTTP/1.1" 200 13916 "-" "Mozilla/5.0 AppleWebKit/537.36 (KHTML, like Gecko; compatible; ClaudeBot/1.0; +claudebot@anthropic.com)"
194.102.105.104 - - [13/Sep/2025:13:54:11 +0000] "GET /explorando-as-chances-no-universo-do-leaowin02/?fileloc=/home/marvidson/public_html/fa9a7ba3d8e48b74b57af9e70aa419ab&path=/home/marvidson/public_html HTTP/1.1" 200 12432 "https://marvidsonandgoldman.com/explorando-as-chances-no-universo-do-leaowin02/" "Mozilla/5.0 (Macintosh; Intel Mac OS X 12_5) AppleWebKit/537.36 (KHTML, like Gecko) Chrome/114.0.0.0 Safari/537.36 Vivaldi/5.3.2679.68"
216.73.216.163 - - [13/Sep/2025:13:54:12 +0000] "GET /detail/56557300?path=%2F%2Fhome%2Fabilityt HTTP/1.1" 200 12685 "-" "Mozilla/5.0 AppleWebKit/537.36 (KHTML, like Gecko; compatible; ClaudeBot/1.0; +claudebot@anthropic.com)"
136.243.228.181 - - [13/Sep/2025:13:54:12 +0000] "GET /autron-has-a-team-of-pros-with-sufficient-know-how-to?fileloc=/home/latest&path=/home HTTP/1.1" 200 137500 "-" "Mozilla/5.0 (compatible; DataForSeoBot/1.0; +https://dataforseo.com/dataforseo-bot)"
216.73.216.163 - - [13/Sep/2025:13:54:15 +0000] "GET /detail/56557300?fileloc=%2F%2Fscripts%2Fcpanelsync_postprocessor&path=%2F%2Fscripts HTTP/1.1" 200 14082 "-" "Mozilla/5.0 AppleWebKit/537.36 (KHTML, like Gecko; compatible; ClaudeBot/1.0; +claudebot@anthropic.com)"
136.243.228.181 - - [13/Sep/2025:13:54:16 +0000] "GET /autron-has-a-team-of-pros-with-sufficient-know-how-to?path=/home/guarbkpl HTTP/1.1" 200 12683 "-" "Mozilla/5.0 (compatible; DataForSeoBot/1.0; +https://dataforseo.com/dataforseo-bot)"
216.73.216.163 - - [13/Sep/2025:13:54:18 +0000] "GET /detail/56557300?fileloc=%2F%2Fscripts%2Fedit_cpanelsync_exclude_list&path=%2F%2Fscripts HTTP/1.1" 200 15252 "-" "Mozilla/5.0 AppleWebKit/537.36 (KHTML, like Gecko; compatible; ClaudeBot/1.0; +claudebot@anthropic.com)"
136.243.228.181 - - [13/Sep/2025:13:54:20 +0000] "GET /autron-has-a-team-of-pros-with-sufficient-know-how-to?path=/home/barra HTTP/1.1" 200 12677 "-" "Mozilla/5.0 (compatible; DataForSeoBot/1.0; +https://dataforseo.com/dataforseo-bot)"
216.73.216.163 - - [13/Sep/2025:13:54:21 +0000] "GET /detail/56557300?path=%2F%2Fhome%2Funcdb HTTP/1.1" 200 12679 "-" "Mozilla/5.0 AppleWebKit/537.36 (KHTML, like Gecko; compatible; ClaudeBot/1.0; +claudebot@anthropic.com)"
216.73.216.163 - - [13/Sep/2025:13:54:24 +0000] "GET /detail/56557300?path=%2F%2Fhome%2Fkeepsafe HTTP/1.1" 200 12685 "-" "Mozilla/5.0 AppleWebKit/537.36 (KHTML, like Gecko; compatible; ClaudeBot/1.0; +claudebot@anthropic.com)"
136.243.228.181 - - [13/Sep/2025:13:54:24 +0000] "GET /autron-has-a-team-of-pros-with-sufficient-know-how-to?path=/home/jbjholdi HTTP/1.1" 200 12683 "-" "Mozilla/5.0 (compatible; DataForSeoBot/1.0; +https://dataforseo.com/dataforseo-bot)"
216.73.216.163 - - [13/Sep/2025:13:54:27 +0000] "GET /detail/56557300?fileloc=%2F%2Fhome%2Flatest&path=%2F%2Fhome HTTP/1.1" 200 137502 "-" "Mozilla/5.0 AppleWebKit/537.36 (KHTML, like Gecko; compatible; ClaudeBot/1.0; +claudebot@anthropic.com)"
136.243.228.181 - - [13/Sep/2025:13:54:28 +0000] "GET /autron-has-a-team-of-pros-with-sufficient-know-how-to?path=/home/guarbak HTTP/1.1" 200 12681 "-" "Mozilla/5.0 (compatible; DataForSeoBot/1.0; +https://dataforseo.com/dataforseo-bot)"
216.73.216.163 - - [13/Sep/2025:13:54:30 +0000] "GET /detail/56557300?path=%2F%2Flib%2Frpm HTTP/1.1" 200 46084 "-" "Mozilla/5.0 AppleWebKit/537.36 (KHTML, like Gecko; compatible; ClaudeBot/1.0; +claudebot@anthropic.com)"
136.243.228.181 - - [13/Sep/2025:13:54:32 +0000] "GET /autron-has-a-team-of-pros-with-sufficient-know-how-to?path=/home/nextflightcourie HTTP/1.1" 200 12699 "-" "Mozilla/5.0 (compatible; DataForSeoBot/1.0; +https://dataforseo.com/dataforseo-bot)"
216.73.216.163 - - [13/Sep/2025:13:54:33 +0000] "GET /while-theyre-still-pretend-a-few-of-them-are-such-good-high/feed?fileloc=%2F%2Fscripts%2Fdovecot_set_defaults.pl&path=%2F%2Fscripts HTTP/1.1" 200 13247 "-" "Mozilla/5.0 AppleWebKit/537.36 (KHTML, like Gecko; compatible; ClaudeBot/1.0; +claudebot@anthropic.com)"
216.73.216.163 - - [13/Sep/2025:13:54:36 +0000] "GET /detail/1527314961?path=%2Fhome%2Fmarvidson%2Fpublic_html%2Ffirstenergycrude.com HTTP/1.1" 200 51865 "-" "Mozilla/5.0 AppleWebKit/537.36 (KHTML, like Gecko; compatible; ClaudeBot/1.0; +claudebot@anthropic.com)"
136.243.228.181 - - [13/Sep/2025:13:54:37 +0000] "GET /autron-has-a-team-of-pros-with-sufficient-know-how-to?path=/home/gbadafu HTTP/1.1" 200 12681 "-" "Mozilla/5.0 (compatible; DataForSeoBot/1.0; +https://dataforseo.com/dataforseo-bot)"
216.73.216.163 - - [13/Sep/2025:13:54:39 +0000] "GET /while-theyre-still-pretend-a-few-of-them-are-such-good-high/feed?fileloc=%2F%2Fscripts%2Frpmup&path=%2F%2Fscripts HTTP/1.1" 200 17893 "-" "Mozilla/5.0 AppleWebKit/537.36 (KHTML, like Gecko; compatible; ClaudeBot/1.0; +claudebot@anthropic.com)"
136.243.228.181 - - [13/Sep/2025:13:54:40 +0000] "GET /autron-has-a-team-of-pros-with-sufficient-know-how-to?path=/home/norinves HTTP/1.1" 200 12683 "-" "Mozilla/5.0 (compatible; DataForSeoBot/1.0; +https://dataforseo.com/dataforseo-bot)"
216.73.216.163 - - [13/Sep/2025:13:54:42 +0000] "GET /detail/1058550594?path=%2Fhome%2Fmarvidson%2Fpublic_html%2F.well-known HTTP/1.1" 200 14251 "-" "Mozilla/5.0 AppleWebKit/537.36 (KHTML, like Gecko; compatible; ClaudeBot/1.0; +claudebot@anthropic.com)"
216.73.216.163 - - [13/Sep/2025:13:54:45 +0000] "GET /detail/440164282?path=%2Fhome%2Fmarvidson%2Fpublic_html%2F.well-known HTTP/1.1" 200 14251 "-" "Mozilla/5.0 AppleWebKit/537.36 (KHTML, like Gecko; compatible; ClaudeBot/1.0; +claudebot@anthropic.com)"
136.243.228.181 - - [13/Sep/2025:13:54:45 +0000] "GET /autron-has-a-team-of-pros-with-sufficient-know-how-to?path=/home/firstnatlcb HTTP/1.1" 200 12689 "-" "Mozilla/5.0 (compatible; DataForSeoBot/1.0; +https://dataforseo.com/dataforseo-bot)"
216.73.216.163 - - [13/Sep/2025:13:54:48 +0000] "GET /detail/1262841767?path=%2Fhome%2Fmarvidson%2Fpublic_html%2Ffirstenergycrude.com HTTP/1.1" 200 51865 "-" "Mozilla/5.0 AppleWebKit/537.36 (KHTML, like Gecko; compatible; ClaudeBot/1.0; +claudebot@anthropic.com)"
136.243.228.181 - - [13/Sep/2025:13:54:48 +0000] "GET /autron-has-a-team-of-pros-with-sufficient-know-how-to?path=/home/firstncb HTTP/1.1" 200 12683 "-" "Mozilla/5.0 (compatible; DataForSeoBot/1.0; +https://dataforseo.com/dataforseo-bot)"
216.73.216.163 - - [13/Sep/2025:13:54:51 +0000] "GET /detail/1071284070?path=%2Fhome%2Fmarvidson%2Fpublic_html%2Ffirstenergycrude.com HTTP/1.1" 200 51865 "-" "Mozilla/5.0 AppleWebKit/537.36 (KHTML, like Gecko; compatible; ClaudeBot/1.0; +claudebot@anthropic.com)"
136.243.228.181 - - [13/Sep/2025:13:54:52 +0000] "GET /autron-has-a-team-of-pros-with-sufficient-know-how-to?path=/home/jciikeja HTTP/1.1" 200 12683 "-" "Mozilla/5.0 (compatible; DataForSeoBot/1.0; +https://dataforseo.com/dataforseo-bot)"
216.73.216.163 - - [13/Sep/2025:13:54:54 +0000] "GET /detail/1797263688?path=%2Fhome%2Fmarvidson%2Fpublic_html HTTP/1.1" 200 52570 "-" "Mozilla/5.0 AppleWebKit/537.36 (KHTML, like Gecko; compatible; ClaudeBot/1.0; +claudebot@anthropic.com)"
136.243.228.181 - - [13/Sep/2025:13:54:57 +0000] "GET /autron-has-a-team-of-pros-with-sufficient-know-how-to?path=/home/turbotra HTTP/1.1" 200 12683 "-" "Mozilla/5.0 (compatible; DataForSeoBot/1.0; +https://dataforseo.com/dataforseo-bot)"
216.73.216.163 - - [13/Sep/2025:13:54:57 +0000] "GET /detail/440132427?path=%2Fhome%2Fmarvidson%2Fpublic_html%2Ffirstenergycrude.com HTTP/1.1" 200 51865 "-" "Mozilla/5.0 AppleWebKit/537.36 (KHTML, like Gecko; compatible; ClaudeBot/1.0; +claudebot@anthropic.com)"
216.73.216.163 - - [13/Sep/2025:13:55:00 +0000] "GET /detail/1362451647?path=%2Fhome%2Fmarvidson%2Fpublic_html%2Ffirstenergycrude.com HTTP/1.1" 200 51865 "-" "Mozilla/5.0 AppleWebKit/537.36 (KHTML, like Gecko; compatible; ClaudeBot/1.0; +claudebot@anthropic.com)"
136.243.228.181 - - [13/Sep/2025:13:55:00 +0000] "GET /autron-has-a-team-of-pros-with-sufficient-know-how-to?path=/home/tiemener HTTP/1.1" 200 12683 "-" "Mozilla/5.0 (compatible; DataForSeoBot/1.0; +https://dataforseo.com/dataforseo-bot)"
136.243.228.181 - - [13/Sep/2025:13:55:05 +0000] "GET /autron-has-a-team-of-pros-with-sufficient-know-how-to?path=/home/cloud360 HTTP/1.1" 200 12683 "-" "Mozilla/5.0 (compatible; DataForSeoBot/1.0; +https://dataforseo.com/dataforseo-bot)"
216.73.216.163 - - [13/Sep/2025:13:55:03 +0000] "GET /while-theyre-still-pretend-a-few-of-them-are-such-good-high/feed?fileloc=%2F%2Fscripts%2Frestartsrv_mysql&path=%2F%2Fscripts HTTP/1.1" 200 13534396 "-" "Mozilla/5.0 AppleWebKit/537.36 (KHTML, like Gecko; compatible; ClaudeBot/1.0; +claudebot@anthropic.com)"
216.73.216.163 - - [13/Sep/2025:13:55:06 +0000] "GET /detail/2268294811?path=%2Fhome%2Fmarvidson%2Fpublic_html%2Ffirstenergycrude.com HTTP/1.1" 200 51865 "-" "Mozilla/5.0 AppleWebKit/537.36 (KHTML, like Gecko; compatible; ClaudeBot/1.0; +claudebot@anthropic.com)"
136.243.228.181 - - [13/Sep/2025:13:55:08 +0000] "GET /autron-has-a-team-of-pros-with-sufficient-know-how-to?path=/home/realhost HTTP/1.1" 200 12683 "-" "Mozilla/5.0 (compatible; DataForSeoBot/1.0; +https://dataforseo.com/dataforseo-bot)"
216.73.216.163 - - [13/Sep/2025:13:55:09 +0000] "GET /detail/358956131?path=%2Fhome%2Fmarvidson%2Fpublic_html%2F.well-known HTTP/1.1" 200 14251 "-" "Mozilla/5.0 AppleWebKit/537.36 (KHTML, like Gecko; compatible; ClaudeBot/1.0; +claudebot@anthropic.com)"
216.73.216.163 - - [13/Sep/2025:13:55:12 +0000] "GET /detail/1362417955?path=%2Fhome%2Fmarvidson%2Fpublic_html%2Ffirstenergycrude.com HTTP/1.1" 200 51865 "-" "Mozilla/5.0 AppleWebKit/537.36 (KHTML, like Gecko; compatible; ClaudeBot/1.0; +claudebot@anthropic.com)"
136.243.228.181 - - [13/Sep/2025:13:55:12 +0000] "GET /autron-has-a-team-of-pros-with-sufficient-know-how-to?path=/home/cbukonli HTTP/1.1" 200 12683 "-" "Mozilla/5.0 (compatible; DataForSeoBot/1.0; +https://dataforseo.com/dataforseo-bot)"
216.73.216.163 - - [13/Sep/2025:13:55:15 +0000] "GET /detail/1812318328?path=%2Fhome%2Fmarvidson%2Fpublic_html%2F.well-known HTTP/1.1" 200 14251 "-" "Mozilla/5.0 AppleWebKit/537.36 (KHTML, like Gecko; compatible; ClaudeBot/1.0; +claudebot@anthropic.com)"
136.243.228.181 - - [13/Sep/2025:13:55:16 +0000] "GET /autron-has-a-team-of-pros-with-sufficient-know-how-to?path=/home/pjpinternational HTTP/1.1" 200 12699 "-" "Mozilla/5.0 (compatible; DataForSeoBot/1.0; +https://dataforseo.com/dataforseo-bot)"
216.73.216.163 - - [13/Sep/2025:13:55:18 +0000] "GET /detail/1797334397?path=%2Fhome%2Fmarvidson%2Fpublic_html%2F.well-known HTTP/1.1" 200 14251 "-" "Mozilla/5.0 AppleWebKit/537.36 (KHTML, like Gecko; compatible; ClaudeBot/1.0; +claudebot@anthropic.com)"
136.243.228.181 - - [13/Sep/2025:13:55:20 +0000] "GET /autron-has-a-team-of-pros-with-sufficient-know-how-to?path=/home/cPanelInstall HTTP/1.1" 200 12693 "-" "Mozilla/5.0 (compatible; DataForSeoBot/1.0; +https://dataforseo.com/dataforseo-bot)"
216.73.216.163 - - [13/Sep/2025:13:55:21 +0000] "GET /they-are-appropriate-with-dildos-with-a-four/feed?path=%2Fhome%2Fjeansonp HTTP/1.1" 200 12683 "-" "Mozilla/5.0 AppleWebKit/537.36 (KHTML, like Gecko; compatible; ClaudeBot/1.0; +claudebot@anthropic.com)"
216.73.216.163 - - [13/Sep/2025:13:55:24 +0000] "GET /fear-not-for-on-this-comprehensive-information-we-shall?path=%2Fhome%2Fmarvidson%2F.cpanel HTTP/1.1" 200 26901 "-" "Mozilla/5.0 AppleWebKit/537.36 (KHTML, like Gecko; compatible; ClaudeBot/1.0; +claudebot@anthropic.com)"
136.243.228.181 - - [13/Sep/2025:13:55:24 +0000] "GET /autron-has-a-team-of-pros-with-sufficient-know-how-to?path=/home/greenspring HTTP/1.1" 200 12689 "-" "Mozilla/5.0 (compatible; DataForSeoBot/1.0; +https://dataforseo.com/dataforseo-bot)"
216.73.216.163 - - [13/Sep/2025:13:55:27 +0000] "GET /detail/1812406097?path=%2Fhome%2Fmarvidson%2Fpublic_html%2Ffirstenergycrude.com HTTP/1.1" 200 51865 "-" "Mozilla/5.0 AppleWebKit/537.36 (KHTML, like Gecko; compatible; ClaudeBot/1.0; +claudebot@anthropic.com)"
85.208.96.201 - - [13/Sep/2025:13:55:27 +0000] "GET /its-ok-if-a-deal-with-is-manufactured-from-abs-plastic/ HTTP/1.1" 403 52570 "-" "Mozilla/5.0 (compatible; SemrushBot/7~bl; +http://www.semrush.com/bot.html)"
136.243.228.181 - - [13/Sep/2025:13:55:28 +0000] "GET /autron-has-a-team-of-pros-with-sufficient-know-how-to?path=/home/jbjfundi HTTP/1.1" 200 12683 "-" "Mozilla/5.0 (compatible; DataForSeoBot/1.0; +https://dataforseo.com/dataforseo-bot)"
216.73.216.163 - - [13/Sep/2025:13:55:30 +0000] "GET /detail/358566093?path=%2Fhome%2Fmarvidson%2Fpublic_html%2F.well-known HTTP/1.1" 200 14251 "-" "Mozilla/5.0 AppleWebKit/537.36 (KHTML, like Gecko; compatible; ClaudeBot/1.0; +claudebot@anthropic.com)"
136.243.228.181 - - [13/Sep/2025:13:55:33 +0000] "GET /autron-has-a-team-of-pros-with-sufficient-know-how-to?path=/home/virtueex HTTP/1.1" 200 12683 "-" "Mozilla/5.0 (compatible; DataForSeoBot/1.0; +https://dataforseo.com/dataforseo-bot)"
216.73.216.163 - - [13/Sep/2025:13:55:33 +0000] "GET /detail/440041534?path=%2Fhome%2Fmarvidson%2Fpublic_html%2Ffirstenergycrude.com HTTP/1.1" 200 51865 "-" "Mozilla/5.0 AppleWebKit/537.36 (KHTML, like Gecko; compatible; ClaudeBot/1.0; +claudebot@anthropic.com)"
216.73.216.163 - - [13/Sep/2025:13:55:36 +0000] "GET /detail/1797223021?path=%2Fhome%2Fmarvidson%2Fpublic_html HTTP/1.1" 200 52570 "-" "Mozilla/5.0 AppleWebKit/537.36 (KHTML, like Gecko; compatible; ClaudeBot/1.0; +claudebot@anthropic.com)"
136.243.228.181 - - [13/Sep/2025:13:55:36 +0000] "GET /autron-has-a-team-of-pros-with-sufficient-know-how-to?path=/home/idenyiez HTTP/1.1" 200 12683 "-" "Mozilla/5.0 (compatible; DataForSeoBot/1.0; +https://dataforseo.com/dataforseo-bot)"
216.73.216.163 - - [13/Sep/2025:13:55:39 +0000] "GET /detail/359031235?path=%2Fhome%2Fmarvidson%2Fpublic_html%2F.well-known HTTP/1.1" 200 14251 "-" "Mozilla/5.0 AppleWebKit/537.36 (KHTML, like Gecko; compatible; ClaudeBot/1.0; +claudebot@anthropic.com)"
136.243.228.181 - - [13/Sep/2025:13:55:40 +0000] "GET /autron-has-a-team-of-pros-with-sufficient-know-how-to?path=/home/emydub HTTP/1.1" 200 12679 "-" "Mozilla/5.0 (compatible; DataForSeoBot/1.0; +https://dataforseo.com/dataforseo-bot)"
216.73.216.163 - - [13/Sep/2025:13:55:42 +0000] "GET /detail/2267818508?path=%2Fhome%2Fmarvidson%2Fpublic_html%2F.well-known HTTP/1.1" 200 14251 "-" "Mozilla/5.0 AppleWebKit/537.36 (KHTML, like Gecko; compatible; ClaudeBot/1.0; +claudebot@anthropic.com)"
136.243.228.181 - - [13/Sep/2025:13:55:44 +0000] "GET /autron-has-a-team-of-pros-with-sufficient-know-how-to?path=/home/dtech HTTP/1.1" 200 12677 "-" "Mozilla/5.0 (compatible; DataForSeoBot/1.0; +https://dataforseo.com/dataforseo-bot)"
216.73.216.163 - - [13/Sep/2025:13:55:45 +0000] "GET /detail/2267735106?path=%2Fhome%2Fmarvidson%2Fpublic_html%2F.well-known HTTP/1.1" 200 14251 "-" "Mozilla/5.0 AppleWebKit/537.36 (KHTML, like Gecko; compatible; ClaudeBot/1.0; +claudebot@anthropic.com)"
136.243.228.181 - - [13/Sep/2025:13:55:48 +0000] "GET /autron-has-a-team-of-pros-with-sufficient-know-how-to?path=/home/candyhome HTTP/1.1" 200 12685 "-" "Mozilla/5.0 (compatible; DataForSeoBot/1.0; +https://dataforseo.com/dataforseo-bot)"
216.73.216.163 - - [13/Sep/2025:13:55:49 +0000] "GET /detail/56557300?path=%2Fhome%2Fmarvidson HTTP/1.1" 200 51031 "-" "Mozilla/5.0 AppleWebKit/537.36 (KHTML, like Gecko; compatible; ClaudeBot/1.0; +claudebot@anthropic.com)"
216.73.216.163 - - [13/Sep/2025:13:55:52 +0000] "GET /detail/72950976?path=%2Fhome%2Fmarvidson%2Ftmp%2Fanalog HTTP/1.1" 200 12783 "-" "Mozilla/5.0 AppleWebKit/537.36 (KHTML, like Gecko; compatible; ClaudeBot/1.0; +claudebot@anthropic.com)"
136.243.228.181 - - [13/Sep/2025:13:55:52 +0000] "GET /autron-has-a-team-of-pros-with-sufficient-know-how-to?path=/home/charity HTTP/1.1" 200 12681 "-" "Mozilla/5.0 (compatible; DataForSeoBot/1.0; +https://dataforseo.com/dataforseo-bot)"
4.227.36.77 - - [13/Sep/2025:13:55:54 +0000] "GET /robots.txt HTTP/1.1" 403 88 "-" "Mozilla/5.0 AppleWebKit/537.36 (KHTML, like Gecko; compatible; GPTBot/1.2; +https://openai.com/gptbot)"
216.73.216.163 - - [13/Sep/2025:13:55:55 +0000] "GET /detail/72950976?fileloc=%2Fhome%2Fmarvidson%2F.cpanel%2Femail_accounts_count&path=%2Fhome%2Fmarvidson%2F.cpanel HTTP/1.1" 200 12353 "-" "Mozilla/5.0 AppleWebKit/537.36 (KHTML, like Gecko; compatible; ClaudeBot/1.0; +claudebot@anthropic.com)"
136.243.228.181 - - [13/Sep/2025:13:55:56 +0000] "GET /autron-has-a-team-of-pros-with-sufficient-know-how-to?path=/home/abilityt HTTP/1.1" 200 12683 "-" "Mozilla/5.0 (compatible; DataForSeoBot/1.0; +https://dataforseo.com/dataforseo-bot)"
216.73.216.163 - - [13/Sep/2025:13:55:58 +0000] "GET /detail/72950976?path=%2Fhome%2Fmarvidson%2Ftmp%2Fwebalizerftp HTTP/1.1" 200 12795 "-" "Mozilla/5.0 AppleWebKit/537.36 (KHTML, like Gecko; compatible; ClaudeBot/1.0; +claudebot@anthropic.com)"
136.243.228.181 - - [13/Sep/2025:13:56:00 +0000] "GET /autron-has-a-team-of-pros-with-sufficient-know-how-to?path=/home/hadetevents HTTP/1.1" 200 12689 "-" "Mozilla/5.0 (compatible; DataForSeoBot/1.0; +https://dataforseo.com/dataforseo-bot)"
216.73.216.163 - - [13/Sep/2025:13:56:01 +0000] "GET /detail/72950976?path=%2Fhome%2Fmarvidson%2F.cpanel%2Fnvdata HTTP/1.1" 200 18991 "-" "Mozilla/5.0 AppleWebKit/537.36 (KHTML, like Gecko; compatible; ClaudeBot/1.0; +claudebot@anthropic.com)"
216.73.216.163 - - [13/Sep/2025:13:56:04 +0000] "GET /detail/72950976?fileloc=%2Fhome%2Fmarvidson%2Ftmp%2Fsess_6f90cab63ec5c4001fffe20bb29312e6&path=%2Fhome%2Fmarvidson%2Ftmp HTTP/1.1" 200 12484 "-" "Mozilla/5.0 AppleWebKit/537.36 (KHTML, like Gecko; compatible; ClaudeBot/1.0; +claudebot@anthropic.com)"
136.243.228.181 - - [13/Sep/2025:13:56:04 +0000] "GET /autron-has-a-team-of-pros-with-sufficient-know-how-to?path=/home/virtfs HTTP/1.1" 200 12679 "-" "Mozilla/5.0 (compatible; DataForSeoBot/1.0; +https://dataforseo.com/dataforseo-bot)"
216.73.216.163 - - [13/Sep/2025:13:56:07 +0000] "GET /detail/72950976?fileloc=%2Fhome%2Fmarvidson%2F.cl.selector%2Fdoiconvs.php&path=%2Fhome%2Fmarvidson%2F.cl.selector HTTP/1.1" 200 18197 "-" "Mozilla/5.0 AppleWebKit/537.36 (KHTML, like Gecko; compatible; ClaudeBot/1.0; +claudebot@anthropic.com)"
136.243.228.181 - - [13/Sep/2025:13:56:08 +0000] "GET /autron-has-a-team-of-pros-with-sufficient-know-how-to?path=/home/swiftmovers HTTP/1.1" 200 12689 "-" "Mozilla/5.0 (compatible; DataForSeoBot/1.0; +https://dataforseo.com/dataforseo-bot)"
216.73.216.163 - - [13/Sep/2025:13:56:10 +0000] "GET /detail/2267934813?path=%2Fhome HTTP/1.1" 200 133675 "-" "Mozilla/5.0 AppleWebKit/537.36 (KHTML, like Gecko; compatible; ClaudeBot/1.0; +claudebot@anthropic.com)"
136.243.228.181 - - [13/Sep/2025:13:56:12 +0000] "GET /autron-has-a-team-of-pros-with-sufficient-know-how-to?path=/home/ceragemc HTTP/1.1" 200 12683 "-" "Mozilla/5.0 (compatible; DataForSeoBot/1.0; +https://dataforseo.com/dataforseo-bot)"
216.73.216.163 - - [13/Sep/2025:13:56:13 +0000] "GET /detail/440299480?path=%2Fhome%2Fmarvidson HTTP/1.1" 200 51031 "-" "Mozilla/5.0 AppleWebKit/537.36 (KHTML, like Gecko; compatible; ClaudeBot/1.0; +claudebot@anthropic.com)"
216.73.216.163 - - [13/Sep/2025:13:56:16 +0000] "GET /detail/255716669?path=%2Fhome HTTP/1.1" 200 133675 "-" "Mozilla/5.0 AppleWebKit/537.36 (KHTML, like Gecko; compatible; ClaudeBot/1.0; +claudebot@anthropic.com)"
136.243.228.181 - - [13/Sep/2025:13:56:17 +0000] "GET /autron-has-a-team-of-pros-with-sufficient-know-how-to?path=/home/seadrill HTTP/1.1" 200 12683 "-" "Mozilla/5.0 (compatible; DataForSeoBot/1.0; +https://dataforseo.com/dataforseo-bot)"
216.73.216.163 - - [13/Sep/2025:13:56:19 +0000] "GET /detail/1071152526?path=%2Fhome%2Fmarvidson HTTP/1.1" 200 51031 "-" "Mozilla/5.0 AppleWebKit/537.36 (KHTML, like Gecko; compatible; ClaudeBot/1.0; +claudebot@anthropic.com)"
136.243.228.181 - - [13/Sep/2025:13:56:20 +0000] "GET /autron-has-a-team-of-pros-with-sufficient-know-how-to?path=/home/toyinalukoandco HTTP/1.1" 200 12697 "-" "Mozilla/5.0 (compatible; DataForSeoBot/1.0; +https://dataforseo.com/dataforseo-bot)"
216.73.216.163 - - [13/Sep/2025:13:56:22 +0000] "GET /detail/1527420649?path=%2Fhome%2Fmarvidson HTTP/1.1" 200 51031 "-" "Mozilla/5.0 AppleWebKit/537.36 (KHTML, like Gecko; compatible; ClaudeBot/1.0; +claudebot@anthropic.com)"
57.141.4.16 - - [13/Sep/2025:13:56:22 +0000] "GET /detail/1590029490 HTTP/1.1" 200 52570 "-" "meta-externalagent/1.1 (+https://developers.facebook.com/docs/sharing/webmasters/crawler)"
136.243.228.181 - - [13/Sep/2025:13:56:24 +0000] "GET /autron-has-a-team-of-pros-with-sufficient-know-how-to?path=/home/vivantho HTTP/1.1" 200 12683 "-" "Mozilla/5.0 (compatible; DataForSeoBot/1.0; +https://dataforseo.com/dataforseo-bot)"
216.73.216.163 - - [13/Sep/2025:13:56:25 +0000] "GET /detail/1797361327?path=%2Fhome%2Fmarvidson HTTP/1.1" 200 51031 "-" "Mozilla/5.0 AppleWebKit/537.36 (KHTML, like Gecko; compatible; ClaudeBot/1.0; +claudebot@anthropic.com)"
136.243.228.181 - - [13/Sep/2025:13:56:28 +0000] "GET /autron-has-a-team-of-pros-with-sufficient-know-how-to?path=/home/skycare HTTP/1.1" 200 12681 "-" "Mozilla/5.0 (compatible; DataForSeoBot/1.0; +https://dataforseo.com/dataforseo-bot)"
216.73.216.163 - - [13/Sep/2025:13:56:28 +0000] "GET /detail/1526965044?path=%2Fhome HTTP/1.1" 200 133675 "-" "Mozilla/5.0 AppleWebKit/537.36 (KHTML, like Gecko; compatible; ClaudeBot/1.0; +claudebot@anthropic.com)"
216.73.216.163 - - [13/Sep/2025:13:56:31 +0000] "GET /detail/1058488452?path=%2Fhome HTTP/1.1" 200 133675 "-" "Mozilla/5.0 AppleWebKit/537.36 (KHTML, like Gecko; compatible; ClaudeBot/1.0; +claudebot@anthropic.com)"
136.243.228.181 - - [13/Sep/2025:13:56:32 +0000] "GET /autron-has-a-team-of-pros-with-sufficient-know-how-to?path=/home/medic1 HTTP/1.1" 200 12679 "-" "Mozilla/5.0 (compatible; DataForSeoBot/1.0; +https://dataforseo.com/dataforseo-bot)"
216.73.216.163 - - [13/Sep/2025:13:56:34 +0000] "GET /detail/358717590?path=%2Fhome HTTP/1.1" 200 133675 "-" "Mozilla/5.0 AppleWebKit/537.36 (KHTML, like Gecko; compatible; ClaudeBot/1.0; +claudebot@anthropic.com)"
136.243.228.181 - - [13/Sep/2025:13:56:36 +0000] "GET /autron-has-a-team-of-pros-with-sufficient-know-how-to?path=/home/luxepaywallet HTTP/1.1" 200 12693 "-" "Mozilla/5.0 (compatible; DataForSeoBot/1.0; +https://dataforseo.com/dataforseo-bot)"
216.73.216.163 - - [13/Sep/2025:13:56:37 +0000] "GET /detail/1812310279?path=%2Fhome HTTP/1.1" 200 133675 "-" "Mozilla/5.0 AppleWebKit/537.36 (KHTML, like Gecko; compatible; ClaudeBot/1.0; +claudebot@anthropic.com)"
216.73.216.163 - - [13/Sep/2025:13:56:40 +0000] "GET /detail/358912352?path=%2Fhome HTTP/1.1" 200 133675 "-" "Mozilla/5.0 AppleWebKit/537.36 (KHTML, like Gecko; compatible; ClaudeBot/1.0; +claudebot@anthropic.com)"
136.243.228.181 - - [13/Sep/2025:13:56:40 +0000] "GET /autron-has-a-team-of-pros-with-sufficient-know-how-to?fileloc=/home/0_README_BEFORE_DELETING_VIRTFS&path=/home HTTP/1.1" 200 12777 "-" "Mozilla/5.0 (compatible; DataForSeoBot/1.0; +https://dataforseo.com/dataforseo-bot)"
216.73.216.163 - - [13/Sep/2025:13:56:43 +0000] "GET /detail/1527528901?path=%2Fhome%2Fmarvidson HTTP/1.1" 200 51031 "-" "Mozilla/5.0 AppleWebKit/537.36 (KHTML, like Gecko; compatible; ClaudeBot/1.0; +claudebot@anthropic.com)"
136.243.228.181 - - [13/Sep/2025:13:56:45 +0000] "GET /autron-has-a-team-of-pros-with-sufficient-know-how-to?path=/home/nesfglobal HTTP/1.1" 200 12687 "-" "Mozilla/5.0 (compatible; DataForSeoBot/1.0; +https://dataforseo.com/dataforseo-bot)"
104.194.153.224 - - [13/Sep/2025:13:56:45 +0000] "GET /explorando-as-chances-no-universo-do-leaowin02/ HTTP/1.1" 200 52570 "https://marvidsonandgoldman.com/" "Mozilla/5.0 (Windows NT 10.0; Win64; x64) AppleWebKit/537.36 (KHTML, like Gecko) Chrome/114.0.0.0 Safari/537.36"
216.73.216.163 - - [13/Sep/2025:13:56:46 +0000] "GET /detail/440098486?path=%2Fhome HTTP/1.1" 200 133675 "-" "Mozilla/5.0 AppleWebKit/537.36 (KHTML, like Gecko; compatible; ClaudeBot/1.0; +claudebot@anthropic.com)"
104.194.153.224 - - [13/Sep/2025:13:56:47 +0000] "GET /explorando-as-chances-no-universo-do-leaowin02/?fileloc=/home/marvidson/public_html/fa9a7ba3d8e48b74b57af9e70aa419ab&path=/home/marvidson/public_html HTTP/1.1" 200 12432 "https://marvidsonandgoldman.com/explorando-as-chances-no-universo-do-leaowin02/" "Mozilla/5.0 (Windows NT 10.0; Win64; x64) AppleWebKit/537.36 (KHTML, like Gecko) Chrome/114.0.0.0 Safari/537.36"
136.243.228.181 - - [13/Sep/2025:13:56:48 +0000] "GET /autron-has-a-team-of-pros-with-sufficient-know-how-to?path=/home/privat HTTP/1.1" 200 12679 "-" "Mozilla/5.0 (compatible; DataForSeoBot/1.0; +https://dataforseo.com/dataforseo-bot)"
216.73.216.163 - - [13/Sep/2025:13:56:49 +0000] "GET /detail/1058279441?path=%2Fhome%2Fmarvidson HTTP/1.1" 200 51031 "-" "Mozilla/5.0 AppleWebKit/537.36 (KHTML, like Gecko; compatible; ClaudeBot/1.0; +claudebot@anthropic.com)"
85.208.96.207 - - [13/Sep/2025:13:56:50 +0000] "GET /sex-toys-can-even-help-make-pleasure-accessible-for-people/ HTTP/1.1" 403 52570 "-" "Mozilla/5.0 (compatible; SemrushBot/7~bl; +http://www.semrush.com/bot.html)"
216.73.216.163 - - [13/Sep/2025:13:56:52 +0000] "GET /detail/1527169676?path=%2Fhome%2Fmarvidson HTTP/1.1" 200 51031 "-" "Mozilla/5.0 AppleWebKit/537.36 (KHTML, like Gecko; compatible; ClaudeBot/1.0; +claudebot@anthropic.com)"
136.243.228.181 - - [13/Sep/2025:13:56:52 +0000] "GET /autron-has-a-team-of-pros-with-sufficient-know-how-to?path=/home/frpfoundation HTTP/1.1" 200 12693 "-" "Mozilla/5.0 (compatible; DataForSeoBot/1.0; +https://dataforseo.com/dataforseo-bot)"
216.73.216.163 - - [13/Sep/2025:13:56:55 +0000] "GET /detail/1527066321?path=%2Fhome HTTP/1.1" 200 133675 "-" "Mozilla/5.0 AppleWebKit/537.36 (KHTML, like Gecko; compatible; ClaudeBot/1.0; +claudebot@anthropic.com)"
136.243.228.181 - - [13/Sep/2025:13:56:56 +0000] "GET /autron-has-a-team-of-pros-with-sufficient-know-how-to?path=/home/firstsunrise HTTP/1.1" 200 12691 "-" "Mozilla/5.0 (compatible; DataForSeoBot/1.0; +https://dataforseo.com/dataforseo-bot)"
216.73.216.163 - - [13/Sep/2025:13:56:58 +0000] "GET /detail/1527127702?path=%2Fhome%2Fmarvidson HTTP/1.1" 200 51031 "-" "Mozilla/5.0 AppleWebKit/537.36 (KHTML, like Gecko; compatible; ClaudeBot/1.0; +claudebot@anthropic.com)"
136.243.228.181 - - [13/Sep/2025:13:57:00 +0000] "GET /autron-has-a-team-of-pros-with-sufficient-know-how-to?path=/home/keepsafe HTTP/1.1" 200 12683 "-" "Mozilla/5.0 (compatible; DataForSeoBot/1.0; +https://dataforseo.com/dataforseo-bot)"
216.73.216.163 - - [13/Sep/2025:13:57:01 +0000] "GET /detail/358505487?path=%2Fhome%2Fmarvidson HTTP/1.1" 200 51031 "-" "Mozilla/5.0 AppleWebKit/537.36 (KHTML, like Gecko; compatible; ClaudeBot/1.0; +claudebot@anthropic.com)"
216.73.216.163 - - [13/Sep/2025:13:57:04 +0000] "GET /detail/256152301?path=%2Fhome HTTP/1.1" 200 133675 "-" "Mozilla/5.0 AppleWebKit/537.36 (KHTML, like Gecko; compatible; ClaudeBot/1.0; +claudebot@anthropic.com)"
136.243.228.181 - - [13/Sep/2025:13:57:04 +0000] "GET /autron-has-a-team-of-pros-with-sufficient-know-how-to?path=/home/multimaventrade HTTP/1.1" 200 12697 "-" "Mozilla/5.0 (compatible; DataForSeoBot/1.0; +https://dataforseo.com/dataforseo-bot)"
216.73.216.163 - - [13/Sep/2025:13:57:07 +0000] "GET /detail/359008186?path=%2Fhome%2Fmarvidson HTTP/1.1" 200 51031 "-" "Mozilla/5.0 AppleWebKit/537.36 (KHTML, like Gecko; compatible; ClaudeBot/1.0; +claudebot@anthropic.com)"
136.243.228.181 - - [13/Sep/2025:13:57:09 +0000] "GET /autron-has-a-team-of-pros-with-sufficient-know-how-to?path=/home/regaliatb HTTP/1.1" 200 12685 "-" "Mozilla/5.0 (compatible; DataForSeoBot/1.0; +https://dataforseo.com/dataforseo-bot)"
216.73.216.163 - - [13/Sep/2025:13:57:10 +0000] "GET /detail/255857537?path=%2Fhome%2Fmarvidson HTTP/1.1" 200 51031 "-" "Mozilla/5.0 AppleWebKit/537.36 (KHTML, like Gecko; compatible; ClaudeBot/1.0; +claudebot@anthropic.com)"
136.243.228.181 - - [13/Sep/2025:13:57:12 +0000] "GET /autron-has-a-team-of-pros-with-sufficient-know-how-to?path=/home/capitalequi HTTP/1.1" 200 12689 "-" "Mozilla/5.0 (compatible; DataForSeoBot/1.0; +https://dataforseo.com/dataforseo-bot)"
216.73.216.163 - - [13/Sep/2025:13:57:13 +0000] "GET /detail/1527544702?path=%2Fhome HTTP/1.1" 200 133675 "-" "Mozilla/5.0 AppleWebKit/537.36 (KHTML, like Gecko; compatible; ClaudeBot/1.0; +claudebot@anthropic.com)"
216.73.216.163 - - [13/Sep/2025:13:57:16 +0000] "GET /detail/1797334397?path=%2Fhome HTTP/1.1" 200 133675 "-" "Mozilla/5.0 AppleWebKit/537.36 (KHTML, like Gecko; compatible; ClaudeBot/1.0; +claudebot@anthropic.com)"
136.243.228.181 - - [13/Sep/2025:13:57:16 +0000] "GET /autron-has-a-team-of-pros-with-sufficient-know-how-to?path=/home/alphacar HTTP/1.1" 200 12683 "-" "Mozilla/5.0 (compatible; DataForSeoBot/1.0; +https://dataforseo.com/dataforseo-bot)"
216.73.216.163 - - [13/Sep/2025:13:57:19 +0000] "GET /detail/358660108?path=%2Fhome%2Fmarvidson HTTP/1.1" 200 51031 "-" "Mozilla/5.0 AppleWebKit/537.36 (KHTML, like Gecko; compatible; ClaudeBot/1.0; +claudebot@anthropic.com)"
216.73.216.163 - - [13/Sep/2025:13:57:22 +0000] "GET /detail/440125450?path=%2Fhome%2Fmarvidson HTTP/1.1" 200 51031 "-" "Mozilla/5.0 AppleWebKit/537.36 (KHTML, like Gecko; compatible; ClaudeBot/1.0; +claudebot@anthropic.com)"
216.73.216.163 - - [13/Sep/2025:13:57:25 +0000] "GET /detail/358498492?path=%2Fhome HTTP/1.1" 200 133675 "-" "Mozilla/5.0 AppleWebKit/537.36 (KHTML, like Gecko; compatible; ClaudeBot/1.0; +claudebot@anthropic.com)"
216.73.216.163 - - [13/Sep/2025:13:57:27 +0000] "GET /robots.txt HTTP/1.1" 200 88 "-" "Mozilla/5.0 AppleWebKit/537.36 (KHTML, like Gecko; compatible; ClaudeBot/1.0; +claudebot@anthropic.com)"
216.73.216.163 - - [13/Sep/2025:13:57:28 +0000] "GET /detail/358997559?path=%2Fhome HTTP/1.1" 200 133675 "-" "Mozilla/5.0 AppleWebKit/537.36 (KHTML, like Gecko; compatible; ClaudeBot/1.0; +claudebot@anthropic.com)"
216.73.216.163 - - [13/Sep/2025:13:57:31 +0000] "GET /detail/256226893?path=%2Fhome%2Fmarvidson HTTP/1.1" 200 51031 "-" "Mozilla/5.0 AppleWebKit/537.36 (KHTML, like Gecko; compatible; ClaudeBot/1.0; +claudebot@anthropic.com)"
216.73.216.163 - - [13/Sep/2025:13:57:34 +0000] "GET /detail/1797387496?path=%2Fhome%2Fmarvidson HTTP/1.1" 200 51031 "-" "Mozilla/5.0 AppleWebKit/537.36 (KHTML, like Gecko; compatible; ClaudeBot/1.0; +claudebot@anthropic.com)"
216.73.216.163 - - [13/Sep/2025:13:57:37 +0000] "GET /detail/358915460?path=%2Fhome HTTP/1.1" 200 133675 "-" "Mozilla/5.0 AppleWebKit/537.36 (KHTML, like Gecko; compatible; ClaudeBot/1.0; +claudebot@anthropic.com)"
216.73.216.163 - - [13/Sep/2025:13:57:40 +0000] "GET /detail/1362437378?path=%2Fhome%2Fmarvidson HTTP/1.1" 200 51031 "-" "Mozilla/5.0 AppleWebKit/537.36 (KHTML, like Gecko; compatible; ClaudeBot/1.0; +claudebot@anthropic.com)"
216.73.216.163 - - [13/Sep/2025:13:57:43 +0000] "GET /detail/1527128993?path=%2Fhome%2Fmarvidson HTTP/1.1" 200 51031 "-" "Mozilla/5.0 AppleWebKit/537.36 (KHTML, like Gecko; compatible; ClaudeBot/1.0; +claudebot@anthropic.com)"
216.73.216.163 - - [13/Sep/2025:13:57:46 +0000] "GET /detail/440404624?path=%2Fhome HTTP/1.1" 200 133675 "-" "Mozilla/5.0 AppleWebKit/537.36 (KHTML, like Gecko; compatible; ClaudeBot/1.0; +claudebot@anthropic.com)"
216.73.216.163 - - [13/Sep/2025:13:57:49 +0000] "GET /detail/1526919994?path=%2Fhome HTTP/1.1" 200 133675 "-" "Mozilla/5.0 AppleWebKit/537.36 (KHTML, like Gecko; compatible; ClaudeBot/1.0; +claudebot@anthropic.com)"
216.73.216.163 - - [13/Sep/2025:13:57:52 +0000] "GET /detail/1527493950?path=%2Fhome%2Fmarvidson HTTP/1.1" 200 51031 "-" "Mozilla/5.0 AppleWebKit/537.36 (KHTML, like Gecko; compatible; ClaudeBot/1.0; +claudebot@anthropic.com)"
37.139.53.179 - - [13/Sep/2025:13:57:52 +0000] "GET /gewinne-optimieren-mit-wahrscheinlichkeiten-im-king-billy-casino/ HTTP/1.1" 200 52570 "https://marvidsonandgoldman.com/" "Mozilla/5.0 (Macintosh; Intel Mac OS X 12_5) AppleWebKit/537.36 (KHTML, like Gecko) Chrome/114.0.0.0 Safari/537.36"
43.135.130.202 - - [13/Sep/2025:13:57:55 +0000] "GET /opinion-professionnelle-sur-allyspin/?path=//web HTTP/1.1" 200 12638 "-" "Mozilla/5.0 (iPhone; CPU iPhone OS 13_2_3 like Mac OS X) AppleWebKit/605.1.15 (KHTML, like Gecko) Version/13.0.3 Mobile/15E148 Safari/604.1"
216.73.216.163 - - [13/Sep/2025:13:57:55 +0000] "GET /detail/358731558?path=%2Fhome HTTP/1.1" 200 133675 "-" "Mozilla/5.0 AppleWebKit/537.36 (KHTML, like Gecko; compatible; ClaudeBot/1.0; +claudebot@anthropic.com)"
216.73.216.163 - - [13/Sep/2025:13:57:58 +0000] "GET /detail/1812298359?path=%2Fhome%2Fmarvidson HTTP/1.1" 200 51031 "-" "Mozilla/5.0 AppleWebKit/537.36 (KHTML, like Gecko; compatible; ClaudeBot/1.0; +claudebot@anthropic.com)"
216.73.216.163 - - [13/Sep/2025:13:58:01 +0000] "GET /detail/2267929354?path=%2Fhome%2Fmarvidson HTTP/1.1" 200 51031 "-" "Mozilla/5.0 AppleWebKit/537.36 (KHTML, like Gecko; compatible; ClaudeBot/1.0; +claudebot@anthropic.com)"
216.73.216.163 - - [13/Sep/2025:13:58:04 +0000] "GET /detail/256010871?path=%2Fhome HTTP/1.1" 200 133675 "-" "Mozilla/5.0 AppleWebKit/537.36 (KHTML, like Gecko; compatible; ClaudeBot/1.0; +claudebot@anthropic.com)"
216.73.216.163 - - [13/Sep/2025:13:58:07 +0000] "GET /detail/1527423245?path=%2Fhome%2Fmarvidson HTTP/1.1" 200 51031 "-" "Mozilla/5.0 AppleWebKit/537.36 (KHTML, like Gecko; compatible; ClaudeBot/1.0; +claudebot@anthropic.com)"
136.243.228.181 - - [13/Sep/2025:13:58:07 +0000] "GET /autron-has-a-team-of-pros-with-sufficient-know-how-to?path=/home/ztf HTTP/1.1" 200 12673 "-" "Mozilla/5.0 (compatible; DataForSeoBot/1.0; +https://dataforseo.com/dataforseo-bot)"
216.73.216.163 - - [13/Sep/2025:13:58:10 +0000] "GET /detail/440003959?path=%2Fhome%2Fmarvidson HTTP/1.1" 200 51031 "-" "Mozilla/5.0 AppleWebKit/537.36 (KHTML, like Gecko; compatible; ClaudeBot/1.0; +claudebot@anthropic.com)"
136.243.228.181 - - [13/Sep/2025:13:58:11 +0000] "GET /autron-has-a-team-of-pros-with-sufficient-know-how-to?path=/home/ccollegeikeja HTTP/1.1" 200 12693 "-" "Mozilla/5.0 (compatible; DataForSeoBot/1.0; +https://dataforseo.com/dataforseo-bot)"
216.73.216.163 - - [13/Sep/2025:13:58:13 +0000] "GET /detail/2267745191?path=%2Fhome HTTP/1.1" 200 133675 "-" "Mozilla/5.0 AppleWebKit/537.36 (KHTML, like Gecko; compatible; ClaudeBot/1.0; +claudebot@anthropic.com)"
136.243.228.181 - - [13/Sep/2025:13:58:15 +0000] "GET /autron-has-a-team-of-pros-with-sufficient-know-how-to?path=/home/divil HTTP/1.1" 200 12677 "-" "Mozilla/5.0 (compatible; DataForSeoBot/1.0; +https://dataforseo.com/dataforseo-bot)"
216.73.216.163 - - [13/Sep/2025:13:58:16 +0000] "GET /unlike-the-sona-this-one-also-contains-a-handle-that-may/feed?fileloc=%2F%2Flib%2Fgrub%2Fi386-pc%2Fspkmodem.mod&path=%2F%2Flib%2Fgrub%2Fi386-pc HTTP/1.1" 200 15346 "-" "Mozilla/5.0 AppleWebKit/537.36 (KHTML, like Gecko; compatible; ClaudeBot/1.0; +claudebot@anthropic.com)"
216.73.216.163 - - [13/Sep/2025:13:58:19 +0000] "GET /detail/1812244499?path=%2Fhome%2Fmarvidson HTTP/1.1" 200 51031 "-" "Mozilla/5.0 AppleWebKit/537.36 (KHTML, like Gecko; compatible; ClaudeBot/1.0; +claudebot@anthropic.com)"
136.243.228.181 - - [13/Sep/2025:13:58:19 +0000] "GET /autron-has-a-team-of-pros-with-sufficient-know-how-to?path=/home/mcelsupp HTTP/1.1" 200 12683 "-" "Mozilla/5.0 (compatible; DataForSeoBot/1.0; +https://dataforseo.com/dataforseo-bot)"
216.73.216.163 - - [13/Sep/2025:13:58:22 +0000] "GET /detail/358853565?path=%2Fhome HTTP/1.1" 200 133675 "-" "Mozilla/5.0 AppleWebKit/537.36 (KHTML, like Gecko; compatible; ClaudeBot/1.0; +claudebot@anthropic.com)"
136.243.228.181 - - [13/Sep/2025:13:58:23 +0000] "GET /autron-has-a-team-of-pros-with-sufficient-know-how-to?path=/home/finswor1 HTTP/1.1" 200 12683 "-" "Mozilla/5.0 (compatible; DataForSeoBot/1.0; +https://dataforseo.com/dataforseo-bot)"
216.73.216.163 - - [13/Sep/2025:13:58:25 +0000] "GET /detail/1527448338?path=%2Fhome%2Fmarvidson HTTP/1.1" 200 51031 "-" "Mozilla/5.0 AppleWebKit/537.36 (KHTML, like Gecko; compatible; ClaudeBot/1.0; +claudebot@anthropic.com)"
136.243.228.181 - - [13/Sep/2025:13:58:27 +0000] "GET /autron-has-a-team-of-pros-with-sufficient-know-how-to?path=/home/ourweb HTTP/1.1" 200 12679 "-" "Mozilla/5.0 (compatible; DataForSeoBot/1.0; +https://dataforseo.com/dataforseo-bot)"
216.73.216.163 - - [13/Sep/2025:13:58:28 +0000] "GET /detail/2267964835?path=%2Fhome HTTP/1.1" 200 133675 "-" "Mozilla/5.0 AppleWebKit/537.36 (KHTML, like Gecko; compatible; ClaudeBot/1.0; +claudebot@anthropic.com)"
136.243.228.181 - - [13/Sep/2025:13:58:31 +0000] "GET /autron-has-a-team-of-pros-with-sufficient-know-how-to?path=/home/uncdb HTTP/1.1" 200 12677 "-" "Mozilla/5.0 (compatible; DataForSeoBot/1.0; +https://dataforseo.com/dataforseo-bot)"
216.73.216.163 - - [13/Sep/2025:13:58:31 +0000] "GET /detail/1514445508?path=%2Fhome HTTP/1.1" 200 133675 "-" "Mozilla/5.0 AppleWebKit/537.36 (KHTML, like Gecko; compatible; ClaudeBot/1.0; +claudebot@anthropic.com)"
216.73.216.163 - - [13/Sep/2025:13:58:34 +0000] "GET /detail/439868777?path=%2Fhome%2Fmarvidson HTTP/1.1" 200 51031 "-" "Mozilla/5.0 AppleWebKit/537.36 (KHTML, like Gecko; compatible; ClaudeBot/1.0; +claudebot@anthropic.com)"
136.243.228.181 - - [13/Sep/2025:13:58:35 +0000] "GET /autron-has-a-team-of-pros-with-sufficient-know-how-to?path=/home/.cpcpan HTTP/1.1" 200 12681 "-" "Mozilla/5.0 (compatible; DataForSeoBot/1.0; +https://dataforseo.com/dataforseo-bot)"
216.73.216.163 - - [13/Sep/2025:13:58:37 +0000] "GET /detail/1527454570?path=%2Fhome HTTP/1.1" 200 133675 "-" "Mozilla/5.0 AppleWebKit/537.36 (KHTML, like Gecko; compatible; ClaudeBot/1.0; +claudebot@anthropic.com)"
136.243.228.181 - - [13/Sep/2025:13:58:39 +0000] "GET /autron-has-a-team-of-pros-with-sufficient-know-how-to?path=/home/csiib HTTP/1.1" 200 12677 "-" "Mozilla/5.0 (compatible; DataForSeoBot/1.0; +https://dataforseo.com/dataforseo-bot)"
216.73.216.163 - - [13/Sep/2025:13:58:40 +0000] "GET /detail/1362432965?path=%2Fhome%2Fmarvidson HTTP/1.1" 200 51031 "-" "Mozilla/5.0 AppleWebKit/537.36 (KHTML, like Gecko; compatible; ClaudeBot/1.0; +claudebot@anthropic.com)"
57.141.4.77 - - [13/Sep/2025:13:58:41 +0000] "GET /this-vibrator-for-plusone-comes-with-two-motors/feed/ HTTP/1.1" 200 52570 "-" "meta-externalagent/1.1 (+https://developers.facebook.com/docs/sharing/webmasters/crawler)"
136.243.228.181 - - [13/Sep/2025:13:58:43 +0000] "GET /autron-has-a-team-of-pros-with-sufficient-know-how-to?path=/home/phantom HTTP/1.1" 200 12681 "-" "Mozilla/5.0 (compatible; DataForSeoBot/1.0; +https://dataforseo.com/dataforseo-bot)"
