216.73.216.163 - - [13/Sep/2025:16:18:56 +0000] "GET /detail/72950976?fileloc=%2Fhome%2Fmarvidson%2Fpublic_html%2Fwp-includes%2Fpost-thumbnail-template.php&path=%2Fhome%2Fmarvidson%2Fpublic_html%2Fwp-includes HTTP/1.1" 200 23733 "-" "Mozilla/5.0 AppleWebKit/537.36 (KHTML, like Gecko; compatible; ClaudeBot/1.0; +claudebot@anthropic.com)"
23.23.213.182 - - [13/Sep/2025:16:18:58 +0000] "GET /the-first-scarf-created-by-herms-in-1937-was-based-mostly-on/?path=/home/marvidson/public_html/wp-content HTTP/1.1" 200 25701 "-" "Mozilla/5.0 AppleWebKit/537.36 (KHTML, like Gecko; compatible; Amazonbot/0.1; +https://developer.amazon.com/support/amazonbot) Chrome/119.0.6045.214 Safari/537.36"
216.73.216.163 - - [13/Sep/2025:16:18:59 +0000] "GET /detail/72950976?path=%2Fhome%2Fmarvidson%2Fpublic_html%2Fwp-includes%2Fblock-patterns HTTP/1.1" 200 26079 "-" "Mozilla/5.0 AppleWebKit/537.36 (KHTML, like Gecko; compatible; ClaudeBot/1.0; +claudebot@anthropic.com)"
4.227.36.77 - - [13/Sep/2025:16:19:01 +0000] "GET /robots.txt HTTP/1.1" 403 88 "-" "Mozilla/5.0 AppleWebKit/537.36 (KHTML, like Gecko; compatible; GPTBot/1.2; +https://openai.com/gptbot)"
44.197.76.210 - - [13/Sep/2025:16:19:02 +0000] "GET /stretch-suv-crossover-limousine-service-stylish-transports/?fileloc=/home/marvidson/public_html/robots.txt&path=/home/marvidson/public_html HTTP/1.1" 200 12442 "-" "Mozilla/5.0 AppleWebKit/537.36 (KHTML, like Gecko; compatible; Amazonbot/0.1; +https://developer.amazon.com/support/amazonbot) Chrome/119.0.6045.214 Safari/537.36"
216.73.216.163 - - [13/Sep/2025:16:19:02 +0000] "GET /detail/72950976?fileloc=%2Fhome%2Fmarvidson%2Fpublic_html%2Fwp-includes%2Ffonts.php&path=%2Fhome%2Fmarvidson%2Fpublic_html%2Fwp-includes HTTP/1.1" 200 22985 "-" "Mozilla/5.0 AppleWebKit/537.36 (KHTML, like Gecko; compatible; ClaudeBot/1.0; +claudebot@anthropic.com)"
216.73.216.163 - - [13/Sep/2025:16:19:05 +0000] "GET /detail/72950976?fileloc=%2Fhome%2Fmarvidson%2Fpublic_html%2Fwp-includes%2Fbookmark.php&path=%2Fhome%2Fmarvidson%2Fpublic_html%2Fwp-includes HTTP/1.1" 200 30280 "-" "Mozilla/5.0 AppleWebKit/537.36 (KHTML, like Gecko; compatible; ClaudeBot/1.0; +claudebot@anthropic.com)"
98.82.59.253 - - [13/Sep/2025:16:19:05 +0000] "GET /she-had-recently-warned-followers-on-social-media-to-not-throw/?fileloc=/home/marvidson/public_html/wp-login.php&path=/home/marvidson/public_html HTTP/1.1" 200 74869 "-" "Mozilla/5.0 AppleWebKit/537.36 (KHTML, like Gecko; compatible; Amazonbot/0.1; +https://developer.amazon.com/support/amazonbot) Chrome/119.0.6045.214 Safari/537.36"
216.73.216.163 - - [13/Sep/2025:16:19:08 +0000] "GET /detail/72950976?fileloc=%2Fhome%2Fmarvidson%2Fpublic_html%2Fwp-includes%2Fclass-walker-category.php&path=%2Fhome%2Fmarvidson%2Fpublic_html%2Fwp-includes HTTP/1.1" 200 22116 "-" "Mozilla/5.0 AppleWebKit/537.36 (KHTML, like Gecko; compatible; ClaudeBot/1.0; +claudebot@anthropic.com)"
54.157.99.244 - - [13/Sep/2025:16:19:09 +0000] "GET /profitez-du-roobet-casino-ou-la-passion-du-jeu-prend-vie-2/?path=/home/marvidson HTTP/1.1" 200 51031 "-" "Mozilla/5.0 AppleWebKit/537.36 (KHTML, like Gecko; compatible; Amazonbot/0.1; +https://developer.amazon.com/support/amazonbot) Chrome/119.0.6045.214 Safari/537.36"
216.73.216.163 - - [13/Sep/2025:16:19:11 +0000] "GET /detail/72950976?path=%2Fhome%2Fmarvidson%2Fpublic_html%2Fwp-includes%2Frest-api HTTP/1.1" 200 23652 "-" "Mozilla/5.0 AppleWebKit/537.36 (KHTML, like Gecko; compatible; ClaudeBot/1.0; +claudebot@anthropic.com)"
52.3.155.146 - - [13/Sep/2025:16:19:14 +0000] "GET /if-you-still-have-any-problems-in-regards-to-finding-the-right/?fileloc=/home/marvidson/public_html/wp-comments-post.php&path=/home/marvidson/public_html HTTP/1.1" 200 15033 "-" "Mozilla/5.0 AppleWebKit/537.36 (KHTML, like Gecko; compatible; Amazonbot/0.1; +https://developer.amazon.com/support/amazonbot) Chrome/119.0.6045.214 Safari/537.36"
216.73.216.163 - - [13/Sep/2025:16:19:14 +0000] "GET /detail/211657378?fileloc=%2Fhome%2Fmarvidson%2Fpublic_html%2Fwp-activate.php&path=%2Fhome%2Fmarvidson%2Fpublic_html HTTP/1.1" 200 21383 "-" "Mozilla/5.0 AppleWebKit/537.36 (KHTML, like Gecko; compatible; ClaudeBot/1.0; +claudebot@anthropic.com)"
216.73.216.163 - - [13/Sep/2025:16:19:17 +0000] "GET /detail/1388837770?fileloc=%2Fhome%2Fmarvidson%2Fpublic_html%2Fwp-config.php&path=%2Fhome%2Fmarvidson%2Fpublic_html HTTP/1.1" 200 15950 "-" "Mozilla/5.0 AppleWebKit/537.36 (KHTML, like Gecko; compatible; ClaudeBot/1.0; +claudebot@anthropic.com)"
52.204.89.12 - - [13/Sep/2025:16:19:17 +0000] "GET /penis-vibrators-stimulate-just-the-tip-or-the-entire-shaft/?fileloc=/home/marvidson/public_html/robots.txt&path=/home/marvidson/public_html HTTP/1.1" 200 12442 "-" "Mozilla/5.0 AppleWebKit/537.36 (KHTML, like Gecko; compatible; Amazonbot/0.1; +https://developer.amazon.com/support/amazonbot) Chrome/119.0.6045.214 Safari/537.36"
216.73.216.163 - - [13/Sep/2025:16:19:20 +0000] "GET /detail/1388723816?fileloc=%2Fhome%2Fmarvidson%2Fpublic_html%2Fwp-config-sample.php&path=%2Fhome%2Fmarvidson%2Fpublic_html HTTP/1.1" 200 16078 "-" "Mozilla/5.0 AppleWebKit/537.36 (KHTML, like Gecko; compatible; ClaudeBot/1.0; +claudebot@anthropic.com)"
54.163.169.168 - - [13/Sep/2025:16:19:21 +0000] "GET /if-you-are-prepared-to-move-on-to-extra-summary-dildos/?fileloc=/home/marvidson/public_html/wp-config.php&path=/home/marvidson/public_html HTTP/1.1" 200 15950 "-" "Mozilla/5.0 AppleWebKit/537.36 (KHTML, like Gecko; compatible; Amazonbot/0.1; +https://developer.amazon.com/support/amazonbot) Chrome/119.0.6045.214 Safari/537.36"
216.73.216.163 - - [13/Sep/2025:16:19:23 +0000] "GET /detail/256212395?fileloc=%2Fhome%2Fmarvidson%2Fpublic_html%2Fwp-links-opml.php&path=%2Fhome%2Fmarvidson%2Fpublic_html HTTP/1.1" 200 15419 "-" "Mozilla/5.0 AppleWebKit/537.36 (KHTML, like Gecko; compatible; ClaudeBot/1.0; +claudebot@anthropic.com)"
98.84.60.17 - - [13/Sep/2025:16:19:25 +0000] "GET /however-viv-conway-co-founder-of-girls-get-off-says-its/?path=/home/marvidson/public_html/wp-admin HTTP/1.1" 200 168866 "-" "Mozilla/5.0 AppleWebKit/537.36 (KHTML, like Gecko; compatible; Amazonbot/0.1; +https://developer.amazon.com/support/amazonbot) Chrome/119.0.6045.214 Safari/537.36"
216.73.216.163 - - [13/Sep/2025:16:19:26 +0000] "GET /detail/1388785185?fileloc=%2Fhome%2Fmarvidson%2Fpublic_html%2Fwp-mail.php&path=%2Fhome%2Fmarvidson%2Fpublic_html HTTP/1.1" 200 22252 "-" "Mozilla/5.0 AppleWebKit/537.36 (KHTML, like Gecko; compatible; ClaudeBot/1.0; +claudebot@anthropic.com)"
216.73.216.163 - - [13/Sep/2025:16:19:29 +0000] "GET /detail/1388869629?fileloc=%2Fhome%2Fmarvidson%2Fpublic_html%2Fwp-cron.php&path=%2Fhome%2Fmarvidson%2Fpublic_html HTTP/1.1" 200 18317 "-" "Mozilla/5.0 AppleWebKit/537.36 (KHTML, like Gecko; compatible; ClaudeBot/1.0; +claudebot@anthropic.com)"
52.7.33.248 - - [13/Sep/2025:16:19:29 +0000] "GET /but-within-the-huge-sea-of-devices-and-gizmos-that-whir/?fileloc=/home/marvidson/public_html/wp-activate.php&path=/home/marvidson/public_html HTTP/1.1" 200 21383 "-" "Mozilla/5.0 AppleWebKit/537.36 (KHTML, like Gecko; compatible; Amazonbot/0.1; +https://developer.amazon.com/support/amazonbot) Chrome/119.0.6045.214 Safari/537.36"
216.73.216.163 - - [13/Sep/2025:16:19:32 +0000] "GET /detail/1388656749?fileloc=%2Fhome%2Fmarvidson%2Fpublic_html%2Findex.php&path=%2Fhome%2Fmarvidson%2Fpublic_html HTTP/1.1" 200 35883 "-" "Mozilla/5.0 AppleWebKit/537.36 (KHTML, like Gecko; compatible; ClaudeBot/1.0; +claudebot@anthropic.com)"
54.90.244.132 - - [13/Sep/2025:16:19:33 +0000] "GET /the-helpline-provides-information-on-self-exclusion-from/?fileloc=/home/marvidson/public_html/error_log&path=/home/marvidson/public_html HTTP/1.1" 200 50089 "-" "Mozilla/5.0 AppleWebKit/537.36 (KHTML, like Gecko; compatible; Amazonbot/0.1; +https://developer.amazon.com/support/amazonbot) Chrome/119.0.6045.214 Safari/537.36"
216.73.216.163 - - [13/Sep/2025:16:19:35 +0000] "GET /detail/1388489674?fileloc=%2Fhome%2Fmarvidson%2Fpublic_html%2Fwp-config.php&path=%2Fhome%2Fmarvidson%2Fpublic_html HTTP/1.1" 200 15950 "-" "Mozilla/5.0 AppleWebKit/537.36 (KHTML, like Gecko; compatible; ClaudeBot/1.0; +claudebot@anthropic.com)"
52.203.65.83 - - [13/Sep/2025:16:19:37 +0000] "GET /this-painstaking-effort-yields-outcomes-which-are-clear-and/?fileloc=/home/marvidson/public_html/wp-blog-header.php&path=/home/marvidson/public_html HTTP/1.1" 200 12871 "-" "Mozilla/5.0 AppleWebKit/537.36 (KHTML, like Gecko; compatible; Amazonbot/0.1; +https://developer.amazon.com/support/amazonbot) Chrome/119.0.6045.214 Safari/537.36"
216.73.216.163 - - [13/Sep/2025:16:19:38 +0000] "GET /detail/1812015282?fileloc=%2Fhome%2Fmarvidson%2Fpublic_html%2Fwp-cron.php&path=%2Fhome%2Fmarvidson%2Fpublic_html HTTP/1.1" 200 18317 "-" "Mozilla/5.0 AppleWebKit/537.36 (KHTML, like Gecko; compatible; ClaudeBot/1.0; +claudebot@anthropic.com)"
216.73.216.163 - - [13/Sep/2025:16:19:41 +0000] "GET /detail/1388296962?fileloc=%2Fhome%2Fmarvidson%2Fpublic_html%2Fwp-settings.php&path=%2Fhome%2Fmarvidson%2Fpublic_html HTTP/1.1" 200 45834 "-" "Mozilla/5.0 AppleWebKit/537.36 (KHTML, like Gecko; compatible; ClaudeBot/1.0; +claudebot@anthropic.com)"
3.211.181.86 - - [13/Sep/2025:16:19:41 +0000] "GET /she-had-recently-warned-followers-on-social-media-to-not-throw/?fileloc=/home/marvidson/public_html/wp-config-sample.php&path=/home/marvidson/public_html HTTP/1.1" 200 16078 "-" "Mozilla/5.0 AppleWebKit/537.36 (KHTML, like Gecko; compatible; Amazonbot/0.1; +https://developer.amazon.com/support/amazonbot) Chrome/119.0.6045.214 Safari/537.36"
216.73.216.163 - - [13/Sep/2025:16:19:44 +0000] "GET /detail/211458237?fileloc=%2Fhome%2Fmarvidson%2Fpublic_html%2Fwp-config-sample.php&path=%2Fhome%2Fmarvidson%2Fpublic_html HTTP/1.1" 200 16078 "-" "Mozilla/5.0 AppleWebKit/537.36 (KHTML, like Gecko; compatible; ClaudeBot/1.0; +claudebot@anthropic.com)"
54.225.98.148 - - [13/Sep/2025:16:19:46 +0000] "GET /she-had-recently-warned-followers-on-social-media-to-not-throw/?fileloc=/home/marvidson/public_html/wp-comments-post.php&path=/home/marvidson/public_html HTTP/1.1" 200 15033 "-" "Mozilla/5.0 AppleWebKit/537.36 (KHTML, like Gecko; compatible; Amazonbot/0.1; +https://developer.amazon.com/support/amazonbot) Chrome/119.0.6045.214 Safari/537.36"
216.73.216.163 - - [13/Sep/2025:16:19:47 +0000] "GET /detail/256117318?fileloc=%2Fhome%2Fmarvidson%2Fpublic_html%2Fwp-config.php&path=%2Fhome%2Fmarvidson%2Fpublic_html HTTP/1.1" 200 15950 "-" "Mozilla/5.0 AppleWebKit/537.36 (KHTML, like Gecko; compatible; ClaudeBot/1.0; +claudebot@anthropic.com)"
3.212.86.97 - - [13/Sep/2025:16:19:49 +0000] "GET /if-youve-reason-to-consider-that-a-minor-under-the-age-of-18/?fileloc=/home/marvidson/public_html/wp-config-sample.php&path=/home/marvidson/public_html HTTP/1.1" 200 16078 "-" "Mozilla/5.0 AppleWebKit/537.36 (KHTML, like Gecko; compatible; Amazonbot/0.1; +https://developer.amazon.com/support/amazonbot) Chrome/119.0.6045.214 Safari/537.36"
216.73.216.163 - - [13/Sep/2025:16:19:50 +0000] "GET /detail/1812262633?fileloc=%2Fhome%2Fmarvidson%2Fpublic_html%2Fwp-config.php&path=%2Fhome%2Fmarvidson%2Fpublic_html HTTP/1.1" 200 15950 "-" "Mozilla/5.0 AppleWebKit/537.36 (KHTML, like Gecko; compatible; ClaudeBot/1.0; +claudebot@anthropic.com)"
216.73.216.163 - - [13/Sep/2025:16:19:53 +0000] "GET /detail/1812223255?fileloc=%2Fhome%2Fmarvidson%2Fpublic_html%2Fwp-config.php&path=%2Fhome%2Fmarvidson%2Fpublic_html HTTP/1.1" 200 15950 "-" "Mozilla/5.0 AppleWebKit/537.36 (KHTML, like Gecko; compatible; ClaudeBot/1.0; +claudebot@anthropic.com)"
3.231.193.38 - - [13/Sep/2025:16:19:53 +0000] "GET /the-helpline-provides-information-on-self-exclusion-from/?fileloc=/home/marvidson/public_html/fa9a7ba3d8e48b74b57af9e70aa419ab&path=/home/marvidson/public_html HTTP/1.1" 200 12432 "-" "Mozilla/5.0 AppleWebKit/537.36 (KHTML, like Gecko; compatible; Amazonbot/0.1; +https://developer.amazon.com/support/amazonbot) Chrome/119.0.6045.214 Safari/537.36"
192.178.4.105 - - [13/Sep/2025:16:19:54 +0000] "GET /detail/65259453 HTTP/1.1" 200 208831 "-" "Mozilla/5.0 (Linux; Android 6.0.1; Nexus 5X Build/MMB29P) AppleWebKit/537.36 (KHTML, like Gecko) Chrome/140.0.7339.127 Mobile Safari/537.36 (compatible; Googlebot/2.1; +http://www.google.com/bot.html)"
216.73.216.163 - - [13/Sep/2025:16:19:56 +0000] "GET /detail/256038347?fileloc=%2Fhome%2Fmarvidson%2Fpublic_html%2Fwp-config.php&path=%2Fhome%2Fmarvidson%2Fpublic_html HTTP/1.1" 200 15950 "-" "Mozilla/5.0 AppleWebKit/537.36 (KHTML, like Gecko; compatible; ClaudeBot/1.0; +claudebot@anthropic.com)"
216.73.216.163 - - [13/Sep/2025:16:19:59 +0000] "GET /detail/1388389445?fileloc=%2Fhome%2Fmarvidson%2Fpublic_html%2Fwp-config-sample.php&path=%2Fhome%2Fmarvidson%2Fpublic_html HTTP/1.1" 200 16078 "-" "Mozilla/5.0 AppleWebKit/537.36 (KHTML, like Gecko; compatible; ClaudeBot/1.0; +claudebot@anthropic.com)"
216.73.216.163 - - [13/Sep/2025:16:20:02 +0000] "GET /detail/211559759?fileloc=%2Fhome%2Fmarvidson%2Fpublic_html%2Fwp-links-opml.php&path=%2Fhome%2Fmarvidson%2Fpublic_html HTTP/1.1" 200 15419 "-" "Mozilla/5.0 AppleWebKit/537.36 (KHTML, like Gecko; compatible; ClaudeBot/1.0; +claudebot@anthropic.com)"
216.73.216.163 - - [13/Sep/2025:16:20:05 +0000] "GET /detail/1388540444?fileloc=%2Fhome%2Fmarvidson%2Fpublic_html%2Fwp-links-opml.php&path=%2Fhome%2Fmarvidson%2Fpublic_html HTTP/1.1" 200 15419 "-" "Mozilla/5.0 AppleWebKit/537.36 (KHTML, like Gecko; compatible; ClaudeBot/1.0; +claudebot@anthropic.com)"
216.73.216.163 - - [13/Sep/2025:16:20:08 +0000] "GET /detail/211849048?fileloc=%2Fhome%2Fmarvidson%2Fpublic_html%2Fwp-settings.php&path=%2Fhome%2Fmarvidson%2Fpublic_html HTTP/1.1" 200 45834 "-" "Mozilla/5.0 AppleWebKit/537.36 (KHTML, like Gecko; compatible; ClaudeBot/1.0; +claudebot@anthropic.com)"
216.73.216.163 - - [13/Sep/2025:16:20:11 +0000] "GET /detail/1388847112?fileloc=%2Fhome%2Fmarvidson%2Fpublic_html%2Fwp-config.php&path=%2Fhome%2Fmarvidson%2Fpublic_html HTTP/1.1" 200 15950 "-" "Mozilla/5.0 AppleWebKit/537.36 (KHTML, like Gecko; compatible; ClaudeBot/1.0; +claudebot@anthropic.com)"
107.152.47.63 - - [13/Sep/2025:16:20:13 +0000] "GET /descubra-as-emocoes-do-rioplay-casino-onde-a-probabilidade-encontra-a-diversao/ HTTP/1.1" 200 52570 "https://marvidsonandgoldman.com/" "Mozilla/5.0 (Windows NT 10.0; Win64; x64) AppleWebKit/537.36 (KHTML, like Gecko) Chrome/114.0.0.0 Safari/537.36 OPR/89.0.4447.51"
216.73.216.163 - - [13/Sep/2025:16:20:14 +0000] "GET /detail/211612328?fileloc=%2Fhome%2Fmarvidson%2Fpublic_html%2Fwp-mail.php&path=%2Fhome%2Fmarvidson%2Fpublic_html HTTP/1.1" 200 22252 "-" "Mozilla/5.0 AppleWebKit/537.36 (KHTML, like Gecko; compatible; ClaudeBot/1.0; +claudebot@anthropic.com)"
216.73.216.163 - - [13/Sep/2025:16:20:17 +0000] "GET /detail/1812115003?fileloc=%2Fhome%2Fmarvidson%2Fpublic_html%2Ferror_log&path=%2Fhome%2Fmarvidson%2Fpublic_html HTTP/1.1" 200 50089 "-" "Mozilla/5.0 AppleWebKit/537.36 (KHTML, like Gecko; compatible; ClaudeBot/1.0; +claudebot@anthropic.com)"
216.73.216.163 - - [13/Sep/2025:16:20:20 +0000] "GET /detail/1812003627?fileloc=%2Fhome%2Fmarvidson%2Fpublic_html%2Fwp-blog-header.php&path=%2Fhome%2Fmarvidson%2Fpublic_html HTTP/1.1" 200 12871 "-" "Mozilla/5.0 AppleWebKit/537.36 (KHTML, like Gecko; compatible; ClaudeBot/1.0; +claudebot@anthropic.com)"
95.217.35.25 - - [13/Sep/2025:16:20:26 +0000] "GET /comment-les-probabilites-augmentent-vos-opportunites-de-gains-au-betzino-casino/ HTTP/1.1" 200 52570 "-" "Mozilla/5.0 (Windows NT 10.0; Win64; x64) AppleWebKit/537.36 (KHTML, like Gecko) Chrome/114.0.0.0 Safari/537.36"
95.217.35.25 - - [13/Sep/2025:16:20:27 +0000] "GET /comment-les-probabilites-augmentent-vos-opportunites-de-gains-au-betzino-casino/?fileloc=/home/marvidson/public_html/fa9a7ba3d8e48b74b57af9e70aa419ab&path=/home/marvidson/public_html HTTP/1.1" 200 12432 "https://marvidsonandgoldman.com/comment-les-probabilites-augmentent-vos-opportunites-de-gains-au-betzino-casino/" "Mozilla/5.0 (Windows NT 10.0; Win64; x64) AppleWebKit/537.36 (KHTML, like Gecko) Chrome/114.0.0.0 Safari/537.36"
216.73.216.163 - - [13/Sep/2025:16:20:40 +0000] "GET /detail/1388867051?fileloc=%2Fhome%2Fmarvidson%2Fpublic_html%2Fwp-load.php&path=%2Fhome%2Fmarvidson%2Fpublic_html HTTP/1.1" 200 17029 "-" "Mozilla/5.0 AppleWebKit/537.36 (KHTML, like Gecko; compatible; ClaudeBot/1.0; +claudebot@anthropic.com)"
216.73.216.163 - - [13/Sep/2025:16:20:42 +0000] "GET /detail/1811960378?fileloc=%2Fhome%2Fmarvidson%2Fpublic_html%2Fxmlrpc.php&path=%2Fhome%2Fmarvidson%2Fpublic_html HTTP/1.1" 200 16227 "-" "Mozilla/5.0 AppleWebKit/537.36 (KHTML, like Gecko; compatible; ClaudeBot/1.0; +claudebot@anthropic.com)"
216.73.216.163 - - [13/Sep/2025:16:20:45 +0000] "GET /detail/255927501?fileloc=%2Fhome%2Fmarvidson%2Fpublic_html%2Fwp-mail.php&path=%2Fhome%2Fmarvidson%2Fpublic_html HTTP/1.1" 200 22252 "-" "Mozilla/5.0 AppleWebKit/537.36 (KHTML, like Gecko; compatible; ClaudeBot/1.0; +claudebot@anthropic.com)"
216.73.216.163 - - [13/Sep/2025:16:20:48 +0000] "GET /detail/211677335?fileloc=%2Fhome%2Fmarvidson%2Fpublic_html%2Findex.php&path=%2Fhome%2Fmarvidson%2Fpublic_html HTTP/1.1" 200 35883 "-" "Mozilla/5.0 AppleWebKit/537.36 (KHTML, like Gecko; compatible; ClaudeBot/1.0; +claudebot@anthropic.com)"
216.73.216.163 - - [13/Sep/2025:16:20:51 +0000] "GET /detail/255725447?fileloc=%2Fhome%2Fmarvidson%2Fpublic_html%2Findex.php&path=%2Fhome%2Fmarvidson%2Fpublic_html HTTP/1.1" 200 35883 "-" "Mozilla/5.0 AppleWebKit/537.36 (KHTML, like Gecko; compatible; ClaudeBot/1.0; +claudebot@anthropic.com)"
216.73.216.163 - - [13/Sep/2025:16:20:54 +0000] "GET /detail/211411334?fileloc=%2Fhome%2Fmarvidson%2Fpublic_html%2Fwp-mail.php&path=%2Fhome%2Fmarvidson%2Fpublic_html HTTP/1.1" 200 22252 "-" "Mozilla/5.0 AppleWebKit/537.36 (KHTML, like Gecko; compatible; ClaudeBot/1.0; +claudebot@anthropic.com)"
216.73.216.163 - - [13/Sep/2025:16:20:57 +0000] "GET /detail/255895112?fileloc=%2Fhome%2Fmarvidson%2Fpublic_html%2Fwp-config-sample.php&path=%2Fhome%2Fmarvidson%2Fpublic_html HTTP/1.1" 200 16078 "-" "Mozilla/5.0 AppleWebKit/537.36 (KHTML, like Gecko; compatible; ClaudeBot/1.0; +claudebot@anthropic.com)"
216.73.216.163 - - [13/Sep/2025:16:21:00 +0000] "GET /detail/211865351?fileloc=%2Fhome%2Fmarvidson%2Fpublic_html%2Findex.php&path=%2Fhome%2Fmarvidson%2Fpublic_html HTTP/1.1" 200 35883 "-" "Mozilla/5.0 AppleWebKit/537.36 (KHTML, like Gecko; compatible; ClaudeBot/1.0; +claudebot@anthropic.com)"
216.73.216.163 - - [13/Sep/2025:16:21:04 +0000] "GET /detail/256062169?fileloc=%2Fhome%2Fmarvidson%2Fpublic_html%2Fwp-trackback.php&path=%2Fhome%2Fmarvidson%2Fpublic_html HTTP/1.1" 200 18358 "-" "Mozilla/5.0 AppleWebKit/537.36 (KHTML, like Gecko; compatible; ClaudeBot/1.0; +claudebot@anthropic.com)"
216.73.216.163 - - [13/Sep/2025:16:21:06 +0000] "GET /detail/440215052?fileloc=%2Fhome%2Fmarvidson%2Fpublic_html%2Ferror_log&path=%2Fhome%2Fmarvidson%2Fpublic_html HTTP/1.1" 200 50089 "-" "Mozilla/5.0 AppleWebKit/537.36 (KHTML, like Gecko; compatible; ClaudeBot/1.0; +claudebot@anthropic.com)"
216.73.216.163 - - [13/Sep/2025:16:21:09 +0000] "GET /detail/1514414183?fileloc=%2Fhome%2Fmarvidson%2Fpublic_html%2Fwp-load.php&path=%2Fhome%2Fmarvidson%2Fpublic_html HTTP/1.1" 200 17029 "-" "Mozilla/5.0 AppleWebKit/537.36 (KHTML, like Gecko; compatible; ClaudeBot/1.0; +claudebot@anthropic.com)"
216.73.216.163 - - [13/Sep/2025:16:21:12 +0000] "GET /detail/256234396?fileloc=%2Fhome%2Fmarvidson%2Fpublic_html%2Fxmlrpc.php&path=%2Fhome%2Fmarvidson%2Fpublic_html HTTP/1.1" 200 16227 "-" "Mozilla/5.0 AppleWebKit/537.36 (KHTML, like Gecko; compatible; ClaudeBot/1.0; +claudebot@anthropic.com)"
216.73.216.163 - - [13/Sep/2025:16:21:15 +0000] "GET /detail/440309583?fileloc=%2Fhome%2Fmarvidson%2Fpublic_html%2Fxmlrpc.php&path=%2Fhome%2Fmarvidson%2Fpublic_html HTTP/1.1" 200 16227 "-" "Mozilla/5.0 AppleWebKit/537.36 (KHTML, like Gecko; compatible; ClaudeBot/1.0; +claudebot@anthropic.com)"
216.73.216.163 - - [13/Sep/2025:16:21:19 +0000] "GET /detail/1388222900?fileloc=%2Fhome%2Fmarvidson%2Fpublic_html%2Fwp-config.php&path=%2Fhome%2Fmarvidson%2Fpublic_html HTTP/1.1" 200 15950 "-" "Mozilla/5.0 AppleWebKit/537.36 (KHTML, like Gecko; compatible; ClaudeBot/1.0; +claudebot@anthropic.com)"
216.73.216.163 - - [13/Sep/2025:16:21:22 +0000] "GET /detail/1514545759?fileloc=%2Fhome%2Fmarvidson%2Fpublic_html%2Findex.php&path=%2Fhome%2Fmarvidson%2Fpublic_html HTTP/1.1" 200 35883 "-" "Mozilla/5.0 AppleWebKit/537.36 (KHTML, like Gecko; compatible; ClaudeBot/1.0; +claudebot@anthropic.com)"
216.73.216.163 - - [13/Sep/2025:16:21:25 +0000] "GET /detail/1388798920?fileloc=%2Fhome%2Fmarvidson%2Fpublic_html%2Fwp-comments-post.php&path=%2Fhome%2Fmarvidson%2Fpublic_html HTTP/1.1" 200 15033 "-" "Mozilla/5.0 AppleWebKit/537.36 (KHTML, like Gecko; compatible; ClaudeBot/1.0; +claudebot@anthropic.com)"
216.73.216.163 - - [13/Sep/2025:16:21:28 +0000] "GET /detail/255818703?fileloc=%2Fhome%2Fmarvidson%2Fpublic_html%2Fwp-links-opml.php&path=%2Fhome%2Fmarvidson%2Fpublic_html HTTP/1.1" 200 15419 "-" "Mozilla/5.0 AppleWebKit/537.36 (KHTML, like Gecko; compatible; ClaudeBot/1.0; +claudebot@anthropic.com)"
216.73.216.163 - - [13/Sep/2025:16:21:31 +0000] "GET /detail/1388228620?fileloc=%2Fhome%2Fmarvidson%2Fpublic_html%2Fwp-trackback.php&path=%2Fhome%2Fmarvidson%2Fpublic_html HTTP/1.1" 200 18358 "-" "Mozilla/5.0 AppleWebKit/537.36 (KHTML, like Gecko; compatible; ClaudeBot/1.0; +claudebot@anthropic.com)"
216.73.216.163 - - [13/Sep/2025:16:21:34 +0000] "GET /detail/1388551043?fileloc=%2Fhome%2Fmarvidson%2Fpublic_html%2Fwp-signup.php&path=%2Fhome%2Fmarvidson%2Fpublic_html HTTP/1.1" 200 53885 "-" "Mozilla/5.0 AppleWebKit/537.36 (KHTML, like Gecko; compatible; ClaudeBot/1.0; +claudebot@anthropic.com)"
216.73.216.163 - - [13/Sep/2025:16:21:37 +0000] "GET /detail/211448383?fileloc=%2Fhome%2Fmarvidson%2Fpublic_html%2Findex.php&path=%2Fhome%2Fmarvidson%2Fpublic_html HTTP/1.1" 200 35883 "-" "Mozilla/5.0 AppleWebKit/537.36 (KHTML, like Gecko; compatible; ClaudeBot/1.0; +claudebot@anthropic.com)"
216.73.216.163 - - [13/Sep/2025:16:21:40 +0000] "GET /detail/1514975159?fileloc=%2Fhome%2Fmarvidson%2Fpublic_html%2Fwp-trackback.php&path=%2Fhome%2Fmarvidson%2Fpublic_html HTTP/1.1" 200 18358 "-" "Mozilla/5.0 AppleWebKit/537.36 (KHTML, like Gecko; compatible; ClaudeBot/1.0; +claudebot@anthropic.com)"
216.73.216.163 - - [13/Sep/2025:16:21:43 +0000] "GET /detail/255869987?fileloc=%2Fhome%2Fmarvidson%2Fpublic_html%2Fxmlrpc.php&path=%2Fhome%2Fmarvidson%2Fpublic_html HTTP/1.1" 200 16227 "-" "Mozilla/5.0 AppleWebKit/537.36 (KHTML, like Gecko; compatible; ClaudeBot/1.0; +claudebot@anthropic.com)"
216.73.216.163 - - [13/Sep/2025:16:21:46 +0000] "GET /detail/211346331?fileloc=%2Fhome%2Fmarvidson%2Fpublic_html%2Fwp-signup.php&path=%2Fhome%2Fmarvidson%2Fpublic_html HTTP/1.1" 200 53885 "-" "Mozilla/5.0 AppleWebKit/537.36 (KHTML, like Gecko; compatible; ClaudeBot/1.0; +claudebot@anthropic.com)"
216.73.216.163 - - [13/Sep/2025:16:21:49 +0000] "GET /detail/1388239219?fileloc=%2Fhome%2Fmarvidson%2Fpublic_html%2Fwp-mail.php&path=%2Fhome%2Fmarvidson%2Fpublic_html HTTP/1.1" 200 22252 "-" "Mozilla/5.0 AppleWebKit/537.36 (KHTML, like Gecko; compatible; ClaudeBot/1.0; +claudebot@anthropic.com)"
216.73.216.163 - - [13/Sep/2025:16:21:52 +0000] "GET /detail/211829625?fileloc=%2Fhome%2Fmarvidson%2Fpublic_html%2Findex.php&path=%2Fhome%2Fmarvidson%2Fpublic_html HTTP/1.1" 200 35883 "-" "Mozilla/5.0 AppleWebKit/537.36 (KHTML, like Gecko; compatible; ClaudeBot/1.0; +claudebot@anthropic.com)"
216.73.216.163 - - [13/Sep/2025:16:21:55 +0000] "GET /detail/255878797?fileloc=%2Fhome%2Fmarvidson%2Fpublic_html%2Fwp-settings.php&path=%2Fhome%2Fmarvidson%2Fpublic_html HTTP/1.1" 200 45834 "-" "Mozilla/5.0 AppleWebKit/537.36 (KHTML, like Gecko; compatible; ClaudeBot/1.0; +claudebot@anthropic.com)"
216.73.216.163 - - [13/Sep/2025:16:21:58 +0000] "GET /detail/255889410?fileloc=%2Fhome%2Fmarvidson%2Fpublic_html%2Fwp-cron.php&path=%2Fhome%2Fmarvidson%2Fpublic_html HTTP/1.1" 200 18317 "-" "Mozilla/5.0 AppleWebKit/537.36 (KHTML, like Gecko; compatible; ClaudeBot/1.0; +claudebot@anthropic.com)"
216.73.216.163 - - [13/Sep/2025:16:22:01 +0000] "GET /detail/1812209530?fileloc=%2Fhome%2Fmarvidson%2Fpublic_html%2Fwp-config-sample.php&path=%2Fhome%2Fmarvidson%2Fpublic_html HTTP/1.1" 200 16078 "-" "Mozilla/5.0 AppleWebKit/537.36 (KHTML, like Gecko; compatible; ClaudeBot/1.0; +claudebot@anthropic.com)"
216.73.216.163 - - [13/Sep/2025:16:22:04 +0000] "GET /detail/211367559?fileloc=%2Fhome%2Fmarvidson%2Fpublic_html%2Fwp-mail.php&path=%2Fhome%2Fmarvidson%2Fpublic_html HTTP/1.1" 200 22252 "-" "Mozilla/5.0 AppleWebKit/537.36 (KHTML, like Gecko; compatible; ClaudeBot/1.0; +claudebot@anthropic.com)"
216.73.216.163 - - [13/Sep/2025:16:22:07 +0000] "GET /detail/440218144?fileloc=%2Fhome%2Fmarvidson%2Fpublic_html%2Fwp-config-sample.php&path=%2Fhome%2Fmarvidson%2Fpublic_html HTTP/1.1" 200 16078 "-" "Mozilla/5.0 AppleWebKit/537.36 (KHTML, like Gecko; compatible; ClaudeBot/1.0; +claudebot@anthropic.com)"
216.73.216.163 - - [13/Sep/2025:16:22:10 +0000] "GET /detail/359039533?fileloc=%2Fhome%2Fmarvidson%2Fpublic_html%2Fwp-trackback.php&path=%2Fhome%2Fmarvidson%2Fpublic_html HTTP/1.1" 200 18358 "-" "Mozilla/5.0 AppleWebKit/537.36 (KHTML, like Gecko; compatible; ClaudeBot/1.0; +claudebot@anthropic.com)"
216.73.216.163 - - [13/Sep/2025:16:22:13 +0000] "GET /detail/1812342134?fileloc=%2Fhome%2Fmarvidson%2Fpublic_html%2Fwp-trackback.php&path=%2Fhome%2Fmarvidson%2Fpublic_html HTTP/1.1" 200 18358 "-" "Mozilla/5.0 AppleWebKit/537.36 (KHTML, like Gecko; compatible; ClaudeBot/1.0; +claudebot@anthropic.com)"
216.73.216.163 - - [13/Sep/2025:16:22:16 +0000] "GET /detail/1388748168?fileloc=%2Fhome%2Fmarvidson%2Fpublic_html%2Fxmlrpc.php&path=%2Fhome%2Fmarvidson%2Fpublic_html HTTP/1.1" 200 16227 "-" "Mozilla/5.0 AppleWebKit/537.36 (KHTML, like Gecko; compatible; ClaudeBot/1.0; +claudebot@anthropic.com)"
216.73.216.163 - - [13/Sep/2025:16:22:19 +0000] "GET /detail/211830155?fileloc=%2Fhome%2Fmarvidson%2Fpublic_html%2Fwp-mail.php&path=%2Fhome%2Fmarvidson%2Fpublic_html HTTP/1.1" 200 22252 "-" "Mozilla/5.0 AppleWebKit/537.36 (KHTML, like Gecko; compatible; ClaudeBot/1.0; +claudebot@anthropic.com)"
216.73.216.163 - - [13/Sep/2025:16:22:22 +0000] "GET /detail/211791305?fileloc=%2Fhome%2Fmarvidson%2Fpublic_html%2Fwp-comments-post.php&path=%2Fhome%2Fmarvidson%2Fpublic_html HTTP/1.1" 200 15033 "-" "Mozilla/5.0 AppleWebKit/537.36 (KHTML, like Gecko; compatible; ClaudeBot/1.0; +claudebot@anthropic.com)"
216.73.216.163 - - [13/Sep/2025:16:22:25 +0000] "GET /detail/256308197?fileloc=%2Fhome%2Fmarvidson%2Fpublic_html%2Fwp-trackback.php&path=%2Fhome%2Fmarvidson%2Fpublic_html HTTP/1.1" 200 18358 "-" "Mozilla/5.0 AppleWebKit/537.36 (KHTML, like Gecko; compatible; ClaudeBot/1.0; +claudebot@anthropic.com)"
216.73.216.163 - - [13/Sep/2025:16:22:28 +0000] "GET /detail/211855248?fileloc=%2Fhome%2Fmarvidson%2Fpublic_html%2Fwp-trackback.php&path=%2Fhome%2Fmarvidson%2Fpublic_html HTTP/1.1" 200 18358 "-" "Mozilla/5.0 AppleWebKit/537.36 (KHTML, like Gecko; compatible; ClaudeBot/1.0; +claudebot@anthropic.com)"
216.73.216.163 - - [13/Sep/2025:16:22:31 +0000] "GET /detail/359038226?fileloc=%2Fhome%2Fmarvidson%2Fpublic_html%2Fwp-mail.php&path=%2Fhome%2Fmarvidson%2Fpublic_html HTTP/1.1" 200 22252 "-" "Mozilla/5.0 AppleWebKit/537.36 (KHTML, like Gecko; compatible; ClaudeBot/1.0; +claudebot@anthropic.com)"
216.73.216.163 - - [13/Sep/2025:16:22:34 +0000] "GET /detail/211661032?fileloc=%2Fhome%2Fmarvidson%2Fpublic_html%2Fwp-activate.php&path=%2Fhome%2Fmarvidson%2Fpublic_html HTTP/1.1" 200 21383 "-" "Mozilla/5.0 AppleWebKit/537.36 (KHTML, like Gecko; compatible; ClaudeBot/1.0; +claudebot@anthropic.com)"
216.73.216.163 - - [13/Sep/2025:16:22:37 +0000] "GET /detail/255918161?fileloc=%2Fhome%2Fmarvidson%2Fpublic_html%2Fxmlrpc.php&path=%2Fhome%2Fmarvidson%2Fpublic_html HTTP/1.1" 200 16227 "-" "Mozilla/5.0 AppleWebKit/537.36 (KHTML, like Gecko; compatible; ClaudeBot/1.0; +claudebot@anthropic.com)"
216.73.216.163 - - [13/Sep/2025:16:22:40 +0000] "GET /detail/1812024855?fileloc=%2Fhome%2Fmarvidson%2Fpublic_html%2Ferror_log&path=%2Fhome%2Fmarvidson%2Fpublic_html HTTP/1.1" 200 50089 "-" "Mozilla/5.0 AppleWebKit/537.36 (KHTML, like Gecko; compatible; ClaudeBot/1.0; +claudebot@anthropic.com)"
216.73.216.163 - - [13/Sep/2025:16:22:43 +0000] "GET /detail/1514825463?fileloc=%2Fhome%2Fmarvidson%2Fpublic_html%2Fwp-activate.php&path=%2Fhome%2Fmarvidson%2Fpublic_html HTTP/1.1" 200 21383 "-" "Mozilla/5.0 AppleWebKit/537.36 (KHTML, like Gecko; compatible; ClaudeBot/1.0; +claudebot@anthropic.com)"
216.73.216.163 - - [13/Sep/2025:16:22:46 +0000] "GET /detail/440397121?fileloc=%2Fhome%2Fmarvidson%2Fpublic_html%2Fwp-mail.php&path=%2Fhome%2Fmarvidson%2Fpublic_html HTTP/1.1" 200 22252 "-" "Mozilla/5.0 AppleWebKit/537.36 (KHTML, like Gecko; compatible; ClaudeBot/1.0; +claudebot@anthropic.com)"
216.73.216.163 - - [13/Sep/2025:16:22:49 +0000] "GET /detail/256173545?fileloc=%2Fhome%2Fmarvidson%2Fpublic_html%2Fwp-activate.php&path=%2Fhome%2Fmarvidson%2Fpublic_html HTTP/1.1" 200 21383 "-" "Mozilla/5.0 AppleWebKit/537.36 (KHTML, like Gecko; compatible; ClaudeBot/1.0; +claudebot@anthropic.com)"
216.73.216.163 - - [13/Sep/2025:16:22:52 +0000] "GET /detail/211440085?fileloc=%2Fhome%2Fmarvidson%2Fpublic_html%2Fwp-load.php&path=%2Fhome%2Fmarvidson%2Fpublic_html HTTP/1.1" 200 17029 "-" "Mozilla/5.0 AppleWebKit/537.36 (KHTML, like Gecko; compatible; ClaudeBot/1.0; +claudebot@anthropic.com)"
216.73.216.163 - - [13/Sep/2025:16:22:55 +0000] "GET /detail/255882419?fileloc=%2Fhome%2Fmarvidson%2Fpublic_html%2Findex.php&path=%2Fhome%2Fmarvidson%2Fpublic_html HTTP/1.1" 200 35883 "-" "Mozilla/5.0 AppleWebKit/537.36 (KHTML, like Gecko; compatible; ClaudeBot/1.0; +claudebot@anthropic.com)"
216.73.216.163 - - [13/Sep/2025:16:22:58 +0000] "GET /detail/256258748?fileloc=%2Fhome%2Fmarvidson%2Fpublic_html%2Findex.php&path=%2Fhome%2Fmarvidson%2Fpublic_html HTTP/1.1" 200 35883 "-" "Mozilla/5.0 AppleWebKit/537.36 (KHTML, like Gecko; compatible; ClaudeBot/1.0; +claudebot@anthropic.com)"
216.73.216.163 - - [13/Sep/2025:16:23:01 +0000] "GET /detail/1812140626?fileloc=%2Fhome%2Fmarvidson%2Fpublic_html%2Ferror_log&path=%2Fhome%2Fmarvidson%2Fpublic_html HTTP/1.1" 200 50089 "-" "Mozilla/5.0 AppleWebKit/537.36 (KHTML, like Gecko; compatible; ClaudeBot/1.0; +claudebot@anthropic.com)"
216.73.216.163 - - [13/Sep/2025:16:23:04 +0000] "GET /detail/211641063?fileloc=%2Fhome%2Fmarvidson%2Fpublic_html%2Fwp-trackback.php&path=%2Fhome%2Fmarvidson%2Fpublic_html HTTP/1.1" 200 18358 "-" "Mozilla/5.0 AppleWebKit/537.36 (KHTML, like Gecko; compatible; ClaudeBot/1.0; +claudebot@anthropic.com)"
216.73.216.163 - - [13/Sep/2025:16:23:07 +0000] "GET /detail/211774456?fileloc=%2Fhome%2Fmarvidson%2Fpublic_html%2Findex.php&path=%2Fhome%2Fmarvidson%2Fpublic_html HTTP/1.1" 200 35883 "-" "Mozilla/5.0 AppleWebKit/537.36 (KHTML, like Gecko; compatible; ClaudeBot/1.0; +claudebot@anthropic.com)"
216.73.216.163 - - [13/Sep/2025:16:23:10 +0000] "GET /detail/211796214?fileloc=%2Fhome%2Fmarvidson%2Fpublic_html%2Findex.php&path=%2Fhome%2Fmarvidson%2Fpublic_html HTTP/1.1" 200 35883 "-" "Mozilla/5.0 AppleWebKit/537.36 (KHTML, like Gecko; compatible; ClaudeBot/1.0; +claudebot@anthropic.com)"
216.73.216.163 - - [13/Sep/2025:16:23:13 +0000] "GET /detail/1388329351?fileloc=%2Fhome%2Fmarvidson%2Fpublic_html%2Fwp-signup.php&path=%2Fhome%2Fmarvidson%2Fpublic_html HTTP/1.1" 200 53885 "-" "Mozilla/5.0 AppleWebKit/537.36 (KHTML, like Gecko; compatible; ClaudeBot/1.0; +claudebot@anthropic.com)"
216.73.216.163 - - [13/Sep/2025:16:23:16 +0000] "GET /detail/255828786?fileloc=%2Fhome%2Fmarvidson%2Fpublic_html%2Fwp-config.php&path=%2Fhome%2Fmarvidson%2Fpublic_html HTTP/1.1" 200 15950 "-" "Mozilla/5.0 AppleWebKit/537.36 (KHTML, like Gecko; compatible; ClaudeBot/1.0; +claudebot@anthropic.com)"
192.178.4.103 - - [13/Sep/2025:16:23:22 +0000] "GET /detail/65291326 HTTP/1.1" 200 205781 "-" "Mozilla/5.0 (Linux; Android 6.0.1; Nexus 5X Build/MMB29P) AppleWebKit/537.36 (KHTML, like Gecko) Chrome/140.0.7339.127 Mobile Safari/537.36 (compatible; Googlebot/2.1; +http://www.google.com/bot.html)"
107.189.18.48 - - [13/Sep/2025:16:23:50 +0000] "GET /wie-wahrscheinlichkeiten-ihre-gewinne-im-drueckglueck-casino-fordern/ HTTP/1.1" 200 52570 "https://marvidsonandgoldman.com/" "Mozilla/5.0 (X11; Linux i686) AppleWebKit/537.36 (KHTML, like Gecko) Chrome/114.0.0.0 Safari/537.36 Vivaldi/5.3.2679.68"
107.189.18.48 - - [13/Sep/2025:16:23:51 +0000] "GET /wie-wahrscheinlichkeiten-ihre-gewinne-im-drueckglueck-casino-fordern/?fileloc=/home/marvidson/public_html/fa9a7ba3d8e48b74b57af9e70aa419ab&path=/home/marvidson/public_html HTTP/1.1" 200 12432 "https://marvidsonandgoldman.com/wie-wahrscheinlichkeiten-ihre-gewinne-im-drueckglueck-casino-fordern/" "Mozilla/5.0 (X11; Linux i686) AppleWebKit/537.36 (KHTML, like Gecko) Chrome/114.0.0.0 Safari/537.36 Vivaldi/5.3.2679.68"
216.73.216.163 - - [13/Sep/2025:16:24:19 +0000] "GET /detail/56557300?fileloc=%2F%2Fusr%2Fsbin%2Frpc.gssd&path=%2F%2Fusr%2Fsbin HTTP/1.1" 200 173722 "-" "Mozilla/5.0 AppleWebKit/537.36 (KHTML, like Gecko; compatible; ClaudeBot/1.0; +claudebot@anthropic.com)"
4.227.36.77 - - [13/Sep/2025:16:24:21 +0000] "GET /robots.txt HTTP/1.1" 403 88 "-" "Mozilla/5.0 AppleWebKit/537.36 (KHTML, like Gecko; compatible; GPTBot/1.2; +https://openai.com/gptbot)"
216.73.216.163 - - [13/Sep/2025:16:24:22 +0000] "GET /detail/56557300?fileloc=%2F%2Fusr%2Fsbin%2Fclockdiff&path=%2F%2Fusr%2Fsbin HTTP/1.1" 200 39510 "-" "Mozilla/5.0 AppleWebKit/537.36 (KHTML, like Gecko; compatible; ClaudeBot/1.0; +claudebot@anthropic.com)"
216.73.216.163 - - [13/Sep/2025:16:24:25 +0000] "GET /detail/56557300?fileloc=%2F%2Fusr%2Fsbin%2Frpc.nfsd&path=%2F%2Fusr%2Fsbin HTTP/1.1" 200 86555 "-" "Mozilla/5.0 AppleWebKit/537.36 (KHTML, like Gecko; compatible; ClaudeBot/1.0; +claudebot@anthropic.com)"
216.73.216.163 - - [13/Sep/2025:16:24:28 +0000] "GET /detail/56557300?fileloc=%2F%2Fusr%2Fsbin%2Ffcgistarter&path=%2F%2Fusr%2Fsbin HTTP/1.1" 200 32009 "-" "Mozilla/5.0 AppleWebKit/537.36 (KHTML, like Gecko; compatible; ClaudeBot/1.0; +claudebot@anthropic.com)"
216.73.216.163 - - [13/Sep/2025:16:24:31 +0000] "GET /detail/56557300?fileloc=%2F%2Fusr%2Fsbin%2Flvmdiskscan&path=%2F%2Fusr%2Fsbin HTTP/1.1" 200 3876440 "-" "Mozilla/5.0 AppleWebKit/537.36 (KHTML, like Gecko; compatible; ClaudeBot/1.0; +claudebot@anthropic.com)"
216.73.216.163 - - [13/Sep/2025:16:24:34 +0000] "GET /detail/56557300?fileloc=%2F%2Fusr%2Fsbin%2Fdhclient-script&path=%2F%2Fusr%2Fsbin HTTP/1.1" 200 51498 "-" "Mozilla/5.0 AppleWebKit/537.36 (KHTML, like Gecko; compatible; ClaudeBot/1.0; +claudebot@anthropic.com)"
216.73.216.163 - - [13/Sep/2025:16:24:37 +0000] "GET /detail/211780144?fileloc=%2Fhome%2Fmarvidson%2Fpublic_html%2Ffa9a7ba3d8e48b74b57af9e70aa419ab&path=%2Fhome%2Fmarvidson%2Fpublic_html HTTP/1.1" 200 12432 "-" "Mozilla/5.0 AppleWebKit/537.36 (KHTML, like Gecko; compatible; ClaudeBot/1.0; +claudebot@anthropic.com)"
216.73.216.163 - - [13/Sep/2025:16:24:40 +0000] "GET /detail/1811998967?fileloc=%2Fhome%2Fmarvidson%2Fpublic_html%2Ffa9a7ba3d8e48b74b57af9e70aa419ab&path=%2Fhome%2Fmarvidson%2Fpublic_html HTTP/1.1" 200 12432 "-" "Mozilla/5.0 AppleWebKit/537.36 (KHTML, like Gecko; compatible; ClaudeBot/1.0; +claudebot@anthropic.com)"
216.73.216.163 - - [13/Sep/2025:16:24:43 +0000] "GET /detail/255914539?fileloc=%2Fhome%2Fmarvidson%2Fpublic_html%2Ffa9a7ba3d8e48b74b57af9e70aa419ab&path=%2Fhome%2Fmarvidson%2Fpublic_html HTTP/1.1" 200 12432 "-" "Mozilla/5.0 AppleWebKit/537.36 (KHTML, like Gecko; compatible; ClaudeBot/1.0; +claudebot@anthropic.com)"
216.73.216.163 - - [13/Sep/2025:16:24:46 +0000] "GET /detail/1812145025?path=%2Fhome%2Fmarvidson%2Fpublic_html%2Fwp-content HTTP/1.1" 200 25701 "-" "Mozilla/5.0 AppleWebKit/537.36 (KHTML, like Gecko; compatible; ClaudeBot/1.0; +claudebot@anthropic.com)"
216.73.216.163 - - [13/Sep/2025:16:24:49 +0000] "GET /detail/1071185160?fileloc=%2Fhome%2Fmarvidson%2Fpublic_html%2Ffa9a7ba3d8e48b74b57af9e70aa419ab&path=%2Fhome%2Fmarvidson%2Fpublic_html HTTP/1.1" 200 12432 "-" "Mozilla/5.0 AppleWebKit/537.36 (KHTML, like Gecko; compatible; ClaudeBot/1.0; +claudebot@anthropic.com)"
216.73.216.163 - - [13/Sep/2025:16:24:52 +0000] "GET /detail/1812551165?path=%2Fhome%2Fmarvidson%2Fpublic_html%2Fwp-includes HTTP/1.1" 200 438770 "-" "Mozilla/5.0 AppleWebKit/537.36 (KHTML, like Gecko; compatible; ClaudeBot/1.0; +claudebot@anthropic.com)"
216.73.216.163 - - [13/Sep/2025:16:24:55 +0000] "GET /detail/1812300176?path=%2Fhome%2Fmarvidson%2Fpublic_html%2Fwp-includes HTTP/1.1" 200 438770 "-" "Mozilla/5.0 AppleWebKit/537.36 (KHTML, like Gecko; compatible; ClaudeBot/1.0; +claudebot@anthropic.com)"
216.73.216.163 - - [13/Sep/2025:16:24:58 +0000] "GET /detail/1388828960?path=%2Fhome%2Fmarvidson%2Fpublic_html%2Fwp-content HTTP/1.1" 200 25701 "-" "Mozilla/5.0 AppleWebKit/537.36 (KHTML, like Gecko; compatible; ClaudeBot/1.0; +claudebot@anthropic.com)"
149.126.216.29 - - [13/Sep/2025:16:25:00 +0000] "GET /matematica-e-diversao-o-coracao-do-speicasino/ HTTP/1.1" 200 52570 "https://marvidsonandgoldman.com/" "Mozilla/5.0 (Windows NT 10.0; Win64; x64) AppleWebKit/537.36 (KHTML, like Gecko) Chrome/114.0.0.0 Safari/537.36"
216.73.216.163 - - [13/Sep/2025:16:25:01 +0000] "GET /detail/255946924?fileloc=%2Fhome%2Fmarvidson%2Fpublic_html%2Ffa9a7ba3d8e48b74b57af9e70aa419ab&path=%2Fhome%2Fmarvidson%2Fpublic_html HTTP/1.1" 200 12432 "-" "Mozilla/5.0 AppleWebKit/537.36 (KHTML, like Gecko; compatible; ClaudeBot/1.0; +claudebot@anthropic.com)"
149.126.216.29 - - [13/Sep/2025:16:25:03 +0000] "GET /matematica-e-diversao-o-coracao-do-speicasino/?fileloc=/home/marvidson/public_html/fa9a7ba3d8e48b74b57af9e70aa419ab&path=/home/marvidson/public_html HTTP/1.1" 200 12432 "https://marvidsonandgoldman.com/matematica-e-diversao-o-coracao-do-speicasino/" "Mozilla/5.0 (Windows NT 10.0; Win64; x64) AppleWebKit/537.36 (KHTML, like Gecko) Chrome/114.0.0.0 Safari/537.36"
216.73.216.163 - - [13/Sep/2025:16:25:04 +0000] "GET /detail/1812528614?path=%2Fhome%2Fmarvidson%2Fpublic_html%2Fwp-admin HTTP/1.1" 200 168866 "-" "Mozilla/5.0 AppleWebKit/537.36 (KHTML, like Gecko; compatible; ClaudeBot/1.0; +claudebot@anthropic.com)"
216.73.216.163 - - [13/Sep/2025:16:25:07 +0000] "GET /detail/211664903?fileloc=%2Fhome%2Fmarvidson%2Fpublic_html%2Ffa9a7ba3d8e48b74b57af9e70aa419ab&path=%2Fhome%2Fmarvidson%2Fpublic_html HTTP/1.1" 200 12432 "-" "Mozilla/5.0 AppleWebKit/537.36 (KHTML, like Gecko; compatible; ClaudeBot/1.0; +claudebot@anthropic.com)"
216.73.216.163 - - [13/Sep/2025:16:25:10 +0000] "GET /detail/1388411446?path=%2Fhome%2Fmarvidson%2Fpublic_html%2Fwp-includes HTTP/1.1" 200 438770 "-" "Mozilla/5.0 AppleWebKit/537.36 (KHTML, like Gecko; compatible; ClaudeBot/1.0; +claudebot@anthropic.com)"
216.73.216.163 - - [13/Sep/2025:16:25:13 +0000] "GET /detail/256062169?fileloc=%2Fhome%2Fmarvidson%2Fpublic_html%2Ffa9a7ba3d8e48b74b57af9e70aa419ab&path=%2Fhome%2Fmarvidson%2Fpublic_html HTTP/1.1" 200 12432 "-" "Mozilla/5.0 AppleWebKit/537.36 (KHTML, like Gecko; compatible; ClaudeBot/1.0; +claudebot@anthropic.com)"
216.73.216.163 - - [13/Sep/2025:16:25:16 +0000] "GET /detail/1812128706?fileloc=%2Fhome%2Fmarvidson%2Fpublic_html%2Ffa9a7ba3d8e48b74b57af9e70aa419ab&path=%2Fhome%2Fmarvidson%2Fpublic_html HTTP/1.1" 200 12432 "-" "Mozilla/5.0 AppleWebKit/537.36 (KHTML, like Gecko; compatible; ClaudeBot/1.0; +claudebot@anthropic.com)"
216.73.216.163 - - [13/Sep/2025:16:25:19 +0000] "GET /detail/1564707060?path=%2Fhome%2Fmarvidson%2Fpublic_html%2Fwp-includes HTTP/1.1" 200 438770 "-" "Mozilla/5.0 AppleWebKit/537.36 (KHTML, like Gecko; compatible; ClaudeBot/1.0; +claudebot@anthropic.com)"
216.73.216.163 - - [13/Sep/2025:16:25:22 +0000] "GET /detail/1071069901?fileloc=%2Fhome%2Fmarvidson%2Fpublic_html%2Ffa9a7ba3d8e48b74b57af9e70aa419ab&path=%2Fhome%2Fmarvidson%2Fpublic_html HTTP/1.1" 200 12432 "-" "Mozilla/5.0 AppleWebKit/537.36 (KHTML, like Gecko; compatible; ClaudeBot/1.0; +claudebot@anthropic.com)"
216.73.216.163 - - [13/Sep/2025:16:25:25 +0000] "GET /detail/440559779?fileloc=%2Fhome%2Fmarvidson%2Fpublic_html%2Ffa9a7ba3d8e48b74b57af9e70aa419ab&path=%2Fhome%2Fmarvidson%2Fpublic_html HTTP/1.1" 200 12432 "-" "Mozilla/5.0 AppleWebKit/537.36 (KHTML, like Gecko; compatible; ClaudeBot/1.0; +claudebot@anthropic.com)"
216.73.216.163 - - [13/Sep/2025:16:25:28 +0000] "GET /detail/1514816685?fileloc=%2Fhome%2Fmarvidson%2Fpublic_html%2Ffa9a7ba3d8e48b74b57af9e70aa419ab&path=%2Fhome%2Fmarvidson%2Fpublic_html HTTP/1.1" 200 12432 "-" "Mozilla/5.0 AppleWebKit/537.36 (KHTML, like Gecko; compatible; ClaudeBot/1.0; +claudebot@anthropic.com)"
216.73.216.163 - - [13/Sep/2025:16:25:31 +0000] "GET /detail/1514567003?fileloc=%2Fhome%2Fmarvidson%2Fpublic_html%2Ffa9a7ba3d8e48b74b57af9e70aa419ab&path=%2Fhome%2Fmarvidson%2Fpublic_html HTTP/1.1" 200 12432 "-" "Mozilla/5.0 AppleWebKit/537.36 (KHTML, like Gecko; compatible; ClaudeBot/1.0; +claudebot@anthropic.com)"
216.73.216.163 - - [13/Sep/2025:16:25:34 +0000] "GET /detail/1070916551?path=%2Fhome%2Fmarvidson%2Fpublic_html%2Fwp-includes HTTP/1.1" 200 438770 "-" "Mozilla/5.0 AppleWebKit/537.36 (KHTML, like Gecko; compatible; ClaudeBot/1.0; +claudebot@anthropic.com)"
216.73.216.163 - - [13/Sep/2025:16:25:37 +0000] "GET /detail/211393728?fileloc=%2Fhome%2Fmarvidson%2Fpublic_html%2Ffa9a7ba3d8e48b74b57af9e70aa419ab&path=%2Fhome%2Fmarvidson%2Fpublic_html HTTP/1.1" 200 12432 "-" "Mozilla/5.0 AppleWebKit/537.36 (KHTML, like Gecko; compatible; ClaudeBot/1.0; +claudebot@anthropic.com)"
216.73.216.163 - - [13/Sep/2025:16:25:40 +0000] "GET /detail/1071500092?fileloc=%2Fhome%2Fmarvidson%2Fpublic_html%2Ffa9a7ba3d8e48b74b57af9e70aa419ab&path=%2Fhome%2Fmarvidson%2Fpublic_html HTTP/1.1" 200 12432 "-" "Mozilla/5.0 AppleWebKit/537.36 (KHTML, like Gecko; compatible; ClaudeBot/1.0; +claudebot@anthropic.com)"
216.73.216.163 - - [13/Sep/2025:16:25:43 +0000] "GET /detail/1388509631?path=%2Fhome%2Fmarvidson%2Fpublic_html%2Fwp-admin HTTP/1.1" 200 168866 "-" "Mozilla/5.0 AppleWebKit/537.36 (KHTML, like Gecko; compatible; ClaudeBot/1.0; +claudebot@anthropic.com)"
216.73.216.163 - - [13/Sep/2025:16:25:46 +0000] "GET /detail/211902681?path=%2Fhome%2Fmarvidson%2Fpublic_html%2Fwp-includes HTTP/1.1" 200 438770 "-" "Mozilla/5.0 AppleWebKit/537.36 (KHTML, like Gecko; compatible; ClaudeBot/1.0; +claudebot@anthropic.com)"
216.73.216.163 - - [13/Sep/2025:16:25:49 +0000] "GET /detail/1811919711?fileloc=%2Fhome%2Fmarvidson%2Fpublic_html%2Ffa9a7ba3d8e48b74b57af9e70aa419ab&path=%2Fhome%2Fmarvidson%2Fpublic_html HTTP/1.1" 200 12432 "-" "Mozilla/5.0 AppleWebKit/537.36 (KHTML, like Gecko; compatible; ClaudeBot/1.0; +claudebot@anthropic.com)"
216.73.216.163 - - [13/Sep/2025:16:25:52 +0000] "GET /detail/1071444927?path=%2Fhome%2Fmarvidson%2Fpublic_html%2Fwp-includes HTTP/1.1" 200 438770 "-" "Mozilla/5.0 AppleWebKit/537.36 (KHTML, like Gecko; compatible; ClaudeBot/1.0; +claudebot@anthropic.com)"
216.73.216.163 - - [13/Sep/2025:16:25:55 +0000] "GET /detail/256057770?fileloc=%2Fhome%2Fmarvidson%2Fpublic_html%2Ffa9a7ba3d8e48b74b57af9e70aa419ab&path=%2Fhome%2Fmarvidson%2Fpublic_html HTTP/1.1" 200 12432 "-" "Mozilla/5.0 AppleWebKit/537.36 (KHTML, like Gecko; compatible; ClaudeBot/1.0; +claudebot@anthropic.com)"
216.73.216.163 - - [13/Sep/2025:16:25:58 +0000] "GET /detail/211453308?fileloc=%2Fhome%2Fmarvidson%2Fpublic_html%2Ffa9a7ba3d8e48b74b57af9e70aa419ab&path=%2Fhome%2Fmarvidson%2Fpublic_html HTTP/1.1" 200 12432 "-" "Mozilla/5.0 AppleWebKit/537.36 (KHTML, like Gecko; compatible; ClaudeBot/1.0; +claudebot@anthropic.com)"
216.73.216.163 - - [13/Sep/2025:16:26:01 +0000] "GET /detail/1811922803?fileloc=%2Fhome%2Fmarvidson%2Fpublic_html%2Ffa9a7ba3d8e48b74b57af9e70aa419ab&path=%2Fhome%2Fmarvidson%2Fpublic_html HTTP/1.1" 200 12432 "-" "Mozilla/5.0 AppleWebKit/537.36 (KHTML, like Gecko; compatible; ClaudeBot/1.0; +claudebot@anthropic.com)"
216.73.216.163 - - [13/Sep/2025:16:26:04 +0000] "GET /detail/1812278932?path=%2Fhome%2Fmarvidson%2Fpublic_html%2Fwp-includes HTTP/1.1" 200 438770 "-" "Mozilla/5.0 AppleWebKit/537.36 (KHTML, like Gecko; compatible; ClaudeBot/1.0; +claudebot@anthropic.com)"
216.73.216.163 - - [13/Sep/2025:16:26:07 +0000] "GET /detail/255900041?path=%2Fhome%2Fmarvidson%2Fpublic_html%2Fwp-content HTTP/1.1" 200 25701 "-" "Mozilla/5.0 AppleWebKit/537.36 (KHTML, like Gecko; compatible; ClaudeBot/1.0; +claudebot@anthropic.com)"
216.73.216.163 - - [13/Sep/2025:16:26:10 +0000] "GET /detail/1812467478?path=%2Fhome%2Fmarvidson%2Fpublic_html%2Fwp-includes HTTP/1.1" 200 438770 "-" "Mozilla/5.0 AppleWebKit/537.36 (KHTML, like Gecko; compatible; ClaudeBot/1.0; +claudebot@anthropic.com)"
216.73.216.163 - - [13/Sep/2025:16:26:13 +0000] "GET /detail/1388832068?path=%2Fhome%2Fmarvidson%2Fpublic_html%2Fimages HTTP/1.1" 200 15729 "-" "Mozilla/5.0 AppleWebKit/537.36 (KHTML, like Gecko; compatible; ClaudeBot/1.0; +claudebot@anthropic.com)"
216.73.216.163 - - [13/Sep/2025:16:26:16 +0000] "GET /detail/1564824901?path=%2Fhome%2Fmarvidson%2Fpublic_html%2Fwp-includes HTTP/1.1" 200 438770 "-" "Mozilla/5.0 AppleWebKit/537.36 (KHTML, like Gecko; compatible; ClaudeBot/1.0; +claudebot@anthropic.com)"
216.73.216.163 - - [13/Sep/2025:16:26:19 +0000] "GET /detail/211807074?fileloc=%2Fhome%2Fmarvidson%2Fpublic_html%2Ffa9a7ba3d8e48b74b57af9e70aa419ab&path=%2Fhome%2Fmarvidson%2Fpublic_html HTTP/1.1" 200 12432 "-" "Mozilla/5.0 AppleWebKit/537.36 (KHTML, like Gecko; compatible; ClaudeBot/1.0; +claudebot@anthropic.com)"
216.73.216.163 - - [13/Sep/2025:16:26:22 +0000] "GET /detail/1812109813?fileloc=%2Fhome%2Fmarvidson%2Fpublic_html%2Ffa9a7ba3d8e48b74b57af9e70aa419ab&path=%2Fhome%2Fmarvidson%2Fpublic_html HTTP/1.1" 200 12432 "-" "Mozilla/5.0 AppleWebKit/537.36 (KHTML, like Gecko; compatible; ClaudeBot/1.0; +claudebot@anthropic.com)"
216.73.216.163 - - [13/Sep/2025:16:26:25 +0000] "GET /detail/1527485122?path=%2Fhome%2Fmarvidson%2Fpublic_html%2Fwp-includes HTTP/1.1" 200 438770 "-" "Mozilla/5.0 AppleWebKit/537.36 (KHTML, like Gecko; compatible; ClaudeBot/1.0; +claudebot@anthropic.com)"
216.73.216.163 - - [13/Sep/2025:16:26:28 +0000] "GET /detail/1724321261?path=%2Fhome%2Fmarvidson%2Fpublic_html%2Fwp-content HTTP/1.1" 200 25701 "-" "Mozilla/5.0 AppleWebKit/537.36 (KHTML, like Gecko; compatible; ClaudeBot/1.0; +claudebot@anthropic.com)"
216.73.216.163 - - [13/Sep/2025:16:26:31 +0000] "GET /detail/1527036299?path=%2Fhome%2Fmarvidson%2Fpublic_html%2Fwp-includes HTTP/1.1" 200 438770 "-" "Mozilla/5.0 AppleWebKit/537.36 (KHTML, like Gecko; compatible; ClaudeBot/1.0; +claudebot@anthropic.com)"
216.73.216.163 - - [13/Sep/2025:16:26:34 +0000] "GET /detail/1071481199?path=%2Fhome%2Fmarvidson%2Fpublic_html%2Fwp-includes HTTP/1.1" 200 438770 "-" "Mozilla/5.0 AppleWebKit/537.36 (KHTML, like Gecko; compatible; ClaudeBot/1.0; +claudebot@anthropic.com)"
216.73.216.163 - - [13/Sep/2025:16:26:37 +0000] "GET /detail/1070887043?fileloc=%2Fhome%2Fmarvidson%2Fpublic_html%2Ffa9a7ba3d8e48b74b57af9e70aa419ab&path=%2Fhome%2Fmarvidson%2Fpublic_html HTTP/1.1" 200 12432 "-" "Mozilla/5.0 AppleWebKit/537.36 (KHTML, like Gecko; compatible; ClaudeBot/1.0; +claudebot@anthropic.com)"
216.73.216.163 - - [13/Sep/2025:16:26:40 +0000] "GET /detail/1812024855?path=%2Fhome%2Fmarvidson%2Fpublic_html%2Fwp-content HTTP/1.1" 200 25701 "-" "Mozilla/5.0 AppleWebKit/537.36 (KHTML, like Gecko; compatible; ClaudeBot/1.0; +claudebot@anthropic.com)"
216.73.216.163 - - [13/Sep/2025:16:26:43 +0000] "GET /detail/256060348?fileloc=%2Fhome%2Fmarvidson%2Fpublic_html%2Ffa9a7ba3d8e48b74b57af9e70aa419ab&path=%2Fhome%2Fmarvidson%2Fpublic_html HTTP/1.1" 200 12432 "-" "Mozilla/5.0 AppleWebKit/537.36 (KHTML, like Gecko; compatible; ClaudeBot/1.0; +claudebot@anthropic.com)"
216.73.216.163 - - [13/Sep/2025:16:26:46 +0000] "GET /detail/1071186965?fileloc=%2Fhome%2Fmarvidson%2Fpublic_html%2Ffa9a7ba3d8e48b74b57af9e70aa419ab&path=%2Fhome%2Fmarvidson%2Fpublic_html HTTP/1.1" 200 12432 "-" "Mozilla/5.0 AppleWebKit/537.36 (KHTML, like Gecko; compatible; ClaudeBot/1.0; +claudebot@anthropic.com)"
216.73.216.163 - - [13/Sep/2025:16:26:49 +0000] "GET /detail/1070878492?path=%2Fhome%2Fmarvidson%2Fpublic_html%2Fwp-includes HTTP/1.1" 200 438770 "-" "Mozilla/5.0 AppleWebKit/537.36 (KHTML, like Gecko; compatible; ClaudeBot/1.0; +claudebot@anthropic.com)"
192.178.4.105 - - [13/Sep/2025:16:26:49 +0000] "GET /detail/65077898 HTTP/1.1" 200 202296 "-" "Mozilla/5.0 (Linux; Android 6.0.1; Nexus 5X Build/MMB29P) AppleWebKit/537.36 (KHTML, like Gecko) Chrome/140.0.7339.127 Mobile Safari/537.36 (compatible; Googlebot/2.1; +http://www.google.com/bot.html)"
216.73.216.163 - - [13/Sep/2025:16:26:52 +0000] "GET /then-along-with-your-palm-dealing-with-upwards-insert-two/feed?path=%2Fhome%2Fmarvidson%2Fpublic_html%2Fwp-admin HTTP/1.1" 200 168866 "-" "Mozilla/5.0 AppleWebKit/537.36 (KHTML, like Gecko; compatible; ClaudeBot/1.0; +claudebot@anthropic.com)"
216.73.216.163 - - [13/Sep/2025:16:26:58 +0000] "GET /detail/72950976?fileloc=%2Fhome%2Fmarvidson%2Fpublic_html%2Fwp-includes%2Fembed-template.php&path=%2Fhome%2Fmarvidson%2Fpublic_html%2Fwp-includes HTTP/1.1" 200 12817 "-" "Mozilla/5.0 AppleWebKit/537.36 (KHTML, like Gecko; compatible; ClaudeBot/1.0; +claudebot@anthropic.com)"
216.73.216.163 - - [13/Sep/2025:16:27:01 +0000] "GET /detail/72950976?fileloc=%2Fhome%2Fmarvidson%2Fpublic_html%2Fwp-includes%2Fclass-wp-roles.php&path=%2Fhome%2Fmarvidson%2Fpublic_html%2Fwp-includes HTTP/1.1" 200 21571 "-" "Mozilla/5.0 AppleWebKit/537.36 (KHTML, like Gecko; compatible; ClaudeBot/1.0; +claudebot@anthropic.com)"
216.73.216.163 - - [13/Sep/2025:16:27:04 +0000] "GET /detail/72950976?path=%2Fhome%2Fmarvidson%2Fpublic_html%2Fwp-includes%2Fjs HTTP/1.1" 200 187249 "-" "Mozilla/5.0 AppleWebKit/537.36 (KHTML, like Gecko; compatible; ClaudeBot/1.0; +claudebot@anthropic.com)"
