216.73.216.163 - - [13/Sep/2025:13:58:43 +0000] "GET /many-customers-discover-that-these-blankets-are-versatile-and/feed?fileloc=%2F%2Flib64%2Fgawk%2Fordchr.so&path=%2F%2Flib64%2Fgawk HTTP/1.1" 200 26107 "-" "Mozilla/5.0 AppleWebKit/537.36 (KHTML, like Gecko; compatible; ClaudeBot/1.0; +claudebot@anthropic.com)"
216.73.216.163 - - [13/Sep/2025:13:58:46 +0000] "GET /detail/256221191?path=%2Fhome%2Fmarvidson HTTP/1.1" 200 51031 "-" "Mozilla/5.0 AppleWebKit/537.36 (KHTML, like Gecko; compatible; ClaudeBot/1.0; +claudebot@anthropic.com)"
136.243.228.181 - - [13/Sep/2025:13:58:47 +0000] "GET /autron-has-a-team-of-pros-with-sufficient-know-how-to?fileloc=/home/cpmove-denialvirus.tar.gz.part00001&path=/home HTTP/1.1" 200 12251 "-" "Mozilla/5.0 (compatible; DataForSeoBot/1.0; +https://dataforseo.com/dataforseo-bot)"
216.73.216.163 - - [13/Sep/2025:13:58:51 +0000] "GET /detail/56557300?path=%2F%2Fscripts%2Fcpan_sandbox HTTP/1.1" 200 15396 "-" "Mozilla/5.0 AppleWebKit/537.36 (KHTML, like Gecko; compatible; ClaudeBot/1.0; +claudebot@anthropic.com)"
136.243.228.181 - - [13/Sep/2025:13:58:52 +0000] "GET /autron-has-a-team-of-pros-with-sufficient-know-how-to?path=/home/partner1 HTTP/1.1" 200 12683 "-" "Mozilla/5.0 (compatible; DataForSeoBot/1.0; +https://dataforseo.com/dataforseo-bot)"
216.73.216.163 - - [13/Sep/2025:13:58:54 +0000] "GET /detail/72950976?path=%2Fhome%2Fmarvidson%2F.cpanel%2Fea-php-cli HTTP/1.1" 200 14210 "-" "Mozilla/5.0 AppleWebKit/537.36 (KHTML, like Gecko; compatible; ClaudeBot/1.0; +claudebot@anthropic.com)"
136.243.228.181 - - [13/Sep/2025:13:58:55 +0000] "GET /autron-has-a-team-of-pros-with-sufficient-know-how-to?path=/home/sammy HTTP/1.1" 200 12677 "-" "Mozilla/5.0 (compatible; DataForSeoBot/1.0; +https://dataforseo.com/dataforseo-bot)"
216.73.216.163 - - [13/Sep/2025:13:58:57 +0000] "GET /detail/56557300?fileloc=%2F%2Flib64%2Flibsamba-errors.so.1.0.0&path=%2F%2Flib64 HTTP/1.1" 200 1520084 "-" "Mozilla/5.0 AppleWebKit/537.36 (KHTML, like Gecko; compatible; ClaudeBot/1.0; +claudebot@anthropic.com)"
216.73.216.163 - - [13/Sep/2025:13:59:00 +0000] "GET /detail/56557300?path=%2Fhome%2Fmarvidson%2Fpublic_html%2Ffirstenergycrude.com HTTP/1.1" 200 51865 "-" "Mozilla/5.0 AppleWebKit/537.36 (KHTML, like Gecko; compatible; ClaudeBot/1.0; +claudebot@anthropic.com)"
136.243.228.181 - - [13/Sep/2025:13:59:00 +0000] "GET /autron-has-a-team-of-pros-with-sufficient-know-how-to?path=/home/eliteclo HTTP/1.1" 200 12683 "-" "Mozilla/5.0 (compatible; DataForSeoBot/1.0; +https://dataforseo.com/dataforseo-bot)"
216.73.216.163 - - [13/Sep/2025:13:59:03 +0000] "GET /detail/56557300?fileloc=%2F%2Fscripts%2Frestartsrv_postgresql&path=%2F%2Fscripts HTTP/1.1" 200 13534401 "-" "Mozilla/5.0 AppleWebKit/537.36 (KHTML, like Gecko; compatible; ClaudeBot/1.0; +claudebot@anthropic.com)"
136.243.228.181 - - [13/Sep/2025:13:59:03 +0000] "GET /autron-has-a-team-of-pros-with-sufficient-know-how-to?path=/home/volaria HTTP/1.1" 200 12681 "-" "Mozilla/5.0 (compatible; DataForSeoBot/1.0; +https://dataforseo.com/dataforseo-bot)"
216.73.216.163 - - [13/Sep/2025:13:59:06 +0000] "GET /detail/56557300?path=%2F%2Flib%2Fpython3.6 HTTP/1.1" 200 14034 "-" "Mozilla/5.0 AppleWebKit/537.36 (KHTML, like Gecko; compatible; ClaudeBot/1.0; +claudebot@anthropic.com)"
136.243.228.181 - - [13/Sep/2025:13:59:07 +0000] "GET /autron-has-a-team-of-pros-with-sufficient-know-how-to?path=/home/betcoinf HTTP/1.1" 200 12683 "-" "Mozilla/5.0 (compatible; DataForSeoBot/1.0; +https://dataforseo.com/dataforseo-bot)"
216.73.216.163 - - [13/Sep/2025:13:59:09 +0000] "GET /detail/56557300?fileloc=%2F%2Fscripts%2Frestartsrv_postgres&path=%2F%2Fscripts HTTP/1.1" 200 12683 "-" "Mozilla/5.0 AppleWebKit/537.36 (KHTML, like Gecko; compatible; ClaudeBot/1.0; +claudebot@anthropic.com)"
216.73.216.163 - - [13/Sep/2025:13:59:12 +0000] "GET /detail/56557300?fileloc=%2F%2Fscripts%2Fsetpostgresconfig&path=%2F%2Fscripts HTTP/1.1" 200 18922 "-" "Mozilla/5.0 AppleWebKit/537.36 (KHTML, like Gecko; compatible; ClaudeBot/1.0; +claudebot@anthropic.com)"
216.73.216.163 - - [13/Sep/2025:13:59:15 +0000] "GET /detail/440334449?fileloc=%2Fhome%2Fmarvidson%2Fpublic_html%2Flicense.txt&path=%2Fhome%2Fmarvidson%2Fpublic_html HTTP/1.1" 200 32437 "-" "Mozilla/5.0 AppleWebKit/537.36 (KHTML, like Gecko; compatible; ClaudeBot/1.0; +claudebot@anthropic.com)"
216.73.216.163 - - [13/Sep/2025:13:59:18 +0000] "GET /detail/358956131?fileloc=%2Fhome%2Fmarvidson%2Fpublic_html%2Flicense.txt&path=%2Fhome%2Fmarvidson%2Fpublic_html HTTP/1.1" 200 32437 "-" "Mozilla/5.0 AppleWebKit/537.36 (KHTML, like Gecko; compatible; ClaudeBot/1.0; +claudebot@anthropic.com)"
216.73.216.163 - - [13/Sep/2025:13:59:21 +0000] "GET /detail/1527306679?path=%2Fhome%2Fmarvidson%2Fpublic_html%2Fwp-admin HTTP/1.1" 200 168866 "-" "Mozilla/5.0 AppleWebKit/537.36 (KHTML, like Gecko; compatible; ClaudeBot/1.0; +claudebot@anthropic.com)"
216.73.216.163 - - [13/Sep/2025:13:59:24 +0000] "GET /detail/440383910?path=%2Fhome%2Fmarvidson%2Fpublic_html%2Fwp-includes HTTP/1.1" 200 438770 "-" "Mozilla/5.0 AppleWebKit/537.36 (KHTML, like Gecko; compatible; ClaudeBot/1.0; +claudebot@anthropic.com)"
216.73.216.163 - - [13/Sep/2025:13:59:27 +0000] "GET /detail/2305953140?path=%2Fhome%2Fmarvidson%2Fpublic_html%2Fwp-admin HTTP/1.1" 200 168866 "-" "Mozilla/5.0 AppleWebKit/537.36 (KHTML, like Gecko; compatible; ClaudeBot/1.0; +claudebot@anthropic.com)"
216.73.216.163 - - [13/Sep/2025:13:59:30 +0000] "GET /detail/358721989?fileloc=%2Fhome%2Fmarvidson%2Fpublic_html%2Flicense.txt&path=%2Fhome%2Fmarvidson%2Fpublic_html HTTP/1.1" 200 32437 "-" "Mozilla/5.0 AppleWebKit/537.36 (KHTML, like Gecko; compatible; ClaudeBot/1.0; +claudebot@anthropic.com)"
216.73.216.163 - - [13/Sep/2025:13:59:33 +0000] "GET /detail/358881009?fileloc=%2Fhome%2Fmarvidson%2Fpublic_html%2Flicense.txt&path=%2Fhome%2Fmarvidson%2Fpublic_html HTTP/1.1" 200 32437 "-" "Mozilla/5.0 AppleWebKit/537.36 (KHTML, like Gecko; compatible; ClaudeBot/1.0; +claudebot@anthropic.com)"
216.73.216.163 - - [13/Sep/2025:13:59:36 +0000] "GET /detail/358778991?path=%2Fhome%2Fmarvidson%2Fpublic_html%2Fimages HTTP/1.1" 200 15729 "-" "Mozilla/5.0 AppleWebKit/537.36 (KHTML, like Gecko; compatible; ClaudeBot/1.0; +claudebot@anthropic.com)"
216.73.216.163 - - [13/Sep/2025:13:59:39 +0000] "GET /detail/2267941786?fileloc=%2Fhome%2Fmarvidson%2Fpublic_html%2Flicense.txt&path=%2Fhome%2Fmarvidson%2Fpublic_html HTTP/1.1" 200 32437 "-" "Mozilla/5.0 AppleWebKit/537.36 (KHTML, like Gecko; compatible; ClaudeBot/1.0; +claudebot@anthropic.com)"
216.73.216.163 - - [13/Sep/2025:13:59:42 +0000] "GET /detail/358849680?path=%2Fhome%2Fmarvidson%2Fpublic_html%2Fimages HTTP/1.1" 200 15729 "-" "Mozilla/5.0 AppleWebKit/537.36 (KHTML, like Gecko; compatible; ClaudeBot/1.0; +claudebot@anthropic.com)"
216.73.216.163 - - [13/Sep/2025:13:59:45 +0000] "GET /detail/1812354036?fileloc=%2Fhome%2Fmarvidson%2Fpublic_html%2Flicense.txt&path=%2Fhome%2Fmarvidson%2Fpublic_html HTTP/1.1" 200 32437 "-" "Mozilla/5.0 AppleWebKit/537.36 (KHTML, like Gecko; compatible; ClaudeBot/1.0; +claudebot@anthropic.com)"
216.73.216.163 - - [13/Sep/2025:13:59:48 +0000] "GET /detail/358841663?fileloc=%2Fhome%2Fmarvidson%2Fpublic_html%2Flicense.txt&path=%2Fhome%2Fmarvidson%2Fpublic_html HTTP/1.1" 200 32437 "-" "Mozilla/5.0 AppleWebKit/537.36 (KHTML, like Gecko; compatible; ClaudeBot/1.0; +claudebot@anthropic.com)"
216.73.216.163 - - [13/Sep/2025:13:59:51 +0000] "GET /detail/358612446?fileloc=%2Fhome%2Fmarvidson%2Fpublic_html%2Flicense.txt&path=%2Fhome%2Fmarvidson%2Fpublic_html HTTP/1.1" 200 32437 "-" "Mozilla/5.0 AppleWebKit/537.36 (KHTML, like Gecko; compatible; ClaudeBot/1.0; +claudebot@anthropic.com)"
216.73.216.163 - - [13/Sep/2025:13:59:54 +0000] "GET /detail/358602576?path=%2Fhome%2Fmarvidson%2Fpublic_html%2Fimages HTTP/1.1" 200 15729 "-" "Mozilla/5.0 AppleWebKit/537.36 (KHTML, like Gecko; compatible; ClaudeBot/1.0; +claudebot@anthropic.com)"
216.73.216.163 - - [13/Sep/2025:13:59:57 +0000] "GET /detail/1514867437?fileloc=%2Fhome%2Fmarvidson%2Fpublic_html%2Flicense.txt&path=%2Fhome%2Fmarvidson%2Fpublic_html HTTP/1.1" 200 32437 "-" "Mozilla/5.0 AppleWebKit/537.36 (KHTML, like Gecko; compatible; ClaudeBot/1.0; +claudebot@anthropic.com)"
216.73.216.163 - - [13/Sep/2025:14:00:00 +0000] "GET /detail/439868777?path=%2Fhome%2Fmarvidson%2Fpublic_html%2Fimages HTTP/1.1" 200 15729 "-" "Mozilla/5.0 AppleWebKit/537.36 (KHTML, like Gecko; compatible; ClaudeBot/1.0; +claudebot@anthropic.com)"
216.73.216.163 - - [13/Sep/2025:14:00:03 +0000] "GET /detail/358518660?fileloc=%2Fhome%2Fmarvidson%2Fpublic_html%2Flicense.txt&path=%2Fhome%2Fmarvidson%2Fpublic_html HTTP/1.1" 200 32437 "-" "Mozilla/5.0 AppleWebKit/537.36 (KHTML, like Gecko; compatible; ClaudeBot/1.0; +claudebot@anthropic.com)"
216.73.216.163 - - [13/Sep/2025:14:00:06 +0000] "GET /detail/1723747835?path=%2Fhome%2Fmarvidson%2Fpublic_html%2Fimages HTTP/1.1" 200 15729 "-" "Mozilla/5.0 AppleWebKit/537.36 (KHTML, like Gecko; compatible; ClaudeBot/1.0; +claudebot@anthropic.com)"
216.73.216.163 - - [13/Sep/2025:14:00:09 +0000] "GET /detail/1514665152?fileloc=%2Fhome%2Fmarvidson%2Fpublic_html%2Flicense.txt&path=%2Fhome%2Fmarvidson%2Fpublic_html HTTP/1.1" 200 32437 "-" "Mozilla/5.0 AppleWebKit/537.36 (KHTML, like Gecko; compatible; ClaudeBot/1.0; +claudebot@anthropic.com)"
216.73.216.163 - - [13/Sep/2025:14:00:12 +0000] "GET /detail/256167313?fileloc=%2Fhome%2Fmarvidson%2Fpublic_html%2Flicense.txt&path=%2Fhome%2Fmarvidson%2Fpublic_html HTTP/1.1" 200 32437 "-" "Mozilla/5.0 AppleWebKit/537.36 (KHTML, like Gecko; compatible; ClaudeBot/1.0; +claudebot@anthropic.com)"
216.73.216.163 - - [13/Sep/2025:14:00:15 +0000] "GET /detail/439979607?fileloc=%2Fhome%2Fmarvidson%2Fpublic_html%2Flicense.txt&path=%2Fhome%2Fmarvidson%2Fpublic_html HTTP/1.1" 200 32437 "-" "Mozilla/5.0 AppleWebKit/537.36 (KHTML, like Gecko; compatible; ClaudeBot/1.0; +claudebot@anthropic.com)"
66.249.64.170 - - [13/Sep/2025:14:00:16 +0000] "GET /detail/696539337 HTTP/1.1" 200 206135 "-" "Mozilla/5.0 (Linux; Android 6.0.1; Nexus 5X Build/MMB29P) AppleWebKit/537.36 (KHTML, like Gecko) Chrome/140.0.7339.127 Mobile Safari/537.36 (compatible; Googlebot/2.1; +http://www.google.com/bot.html)"
216.73.216.163 - - [13/Sep/2025:14:00:18 +0000] "GET /detail/1058586107?path=%2Fhome%2Fmarvidson%2Fpublic_html%2Fimages HTTP/1.1" 200 15729 "-" "Mozilla/5.0 AppleWebKit/537.36 (KHTML, like Gecko; compatible; ClaudeBot/1.0; +claudebot@anthropic.com)"
216.73.216.163 - - [13/Sep/2025:14:00:21 +0000] "GET /detail/1797460271?fileloc=%2Fhome%2Fmarvidson%2Fpublic_html%2Flicense.txt&path=%2Fhome%2Fmarvidson%2Fpublic_html HTTP/1.1" 200 32437 "-" "Mozilla/5.0 AppleWebKit/537.36 (KHTML, like Gecko; compatible; ClaudeBot/1.0; +claudebot@anthropic.com)"
57.141.4.39 - - [13/Sep/2025:14:00:23 +0000] "GET /as-the-leading-replica-designer-items-online-store/feed/ HTTP/1.1" 200 52570 "-" "meta-externalagent/1.1 (+https://developers.facebook.com/docs/sharing/webmasters/crawler)"
216.73.216.163 - - [13/Sep/2025:14:00:24 +0000] "GET /detail/359020636?fileloc=%2Fhome%2Fmarvidson%2Fpublic_html%2Flicense.txt&path=%2Fhome%2Fmarvidson%2Fpublic_html HTTP/1.1" 200 32437 "-" "Mozilla/5.0 AppleWebKit/537.36 (KHTML, like Gecko; compatible; ClaudeBot/1.0; +claudebot@anthropic.com)"
216.73.216.163 - - [13/Sep/2025:14:00:27 +0000] "GET /detail/358648188?path=%2Fhome%2Fmarvidson%2Fpublic_html%2Fwp-admin HTTP/1.1" 200 168866 "-" "Mozilla/5.0 AppleWebKit/537.36 (KHTML, like Gecko; compatible; ClaudeBot/1.0; +claudebot@anthropic.com)"
57.141.4.49 - - [13/Sep/2025:14:00:27 +0000] "GET /detail/1589841209 HTTP/1.1" 200 52570 "-" "meta-externalagent/1.1 (+https://developers.facebook.com/docs/sharing/webmasters/crawler)"
216.73.216.163 - - [13/Sep/2025:14:00:30 +0000] "GET /detail/1527547053?path=%2Fhome%2Fmarvidson%2Fpublic_html%2Fimages HTTP/1.1" 200 15729 "-" "Mozilla/5.0 AppleWebKit/537.36 (KHTML, like Gecko; compatible; ClaudeBot/1.0; +claudebot@anthropic.com)"
216.73.216.163 - - [13/Sep/2025:14:00:33 +0000] "GET /detail/358865485?fileloc=%2Fhome%2Fmarvidson%2Fpublic_html%2Flicense.txt&path=%2Fhome%2Fmarvidson%2Fpublic_html HTTP/1.1" 200 32437 "-" "Mozilla/5.0 AppleWebKit/537.36 (KHTML, like Gecko; compatible; ClaudeBot/1.0; +claudebot@anthropic.com)"
216.73.216.163 - - [13/Sep/2025:14:00:36 +0000] "GET /detail/440086600?path=%2Fhome%2Fmarvidson%2Fpublic_html%2Fimages HTTP/1.1" 200 15729 "-" "Mozilla/5.0 AppleWebKit/537.36 (KHTML, like Gecko; compatible; ClaudeBot/1.0; +claudebot@anthropic.com)"
216.73.216.163 - - [13/Sep/2025:14:00:39 +0000] "GET /detail/359058956?fileloc=%2Fhome%2Fmarvidson%2Fpublic_html%2Flicense.txt&path=%2Fhome%2Fmarvidson%2Fpublic_html HTTP/1.1" 200 32437 "-" "Mozilla/5.0 AppleWebKit/537.36 (KHTML, like Gecko; compatible; ClaudeBot/1.0; +claudebot@anthropic.com)"
216.73.216.163 - - [13/Sep/2025:14:00:42 +0000] "GET /detail/358543012?fileloc=%2Fhome%2Fmarvidson%2Fpublic_html%2Flicense.txt&path=%2Fhome%2Fmarvidson%2Fpublic_html HTTP/1.1" 200 32437 "-" "Mozilla/5.0 AppleWebKit/537.36 (KHTML, like Gecko; compatible; ClaudeBot/1.0; +claudebot@anthropic.com)"
216.73.216.163 - - [13/Sep/2025:14:00:45 +0000] "GET /detail/256357692?path=%2Fhome%2Fmarvidson%2Fpublic_html%2Fimages HTTP/1.1" 200 15729 "-" "Mozilla/5.0 AppleWebKit/537.36 (KHTML, like Gecko; compatible; ClaudeBot/1.0; +claudebot@anthropic.com)"
216.73.216.163 - - [13/Sep/2025:14:00:48 +0000] "GET /detail/255788665?fileloc=%2Fhome%2Fmarvidson%2Fpublic_html%2Flicense.txt&path=%2Fhome%2Fmarvidson%2Fpublic_html HTTP/1.1" 200 32437 "-" "Mozilla/5.0 AppleWebKit/537.36 (KHTML, like Gecko; compatible; ClaudeBot/1.0; +claudebot@anthropic.com)"
216.73.216.163 - - [13/Sep/2025:14:00:51 +0000] "GET /detail/440113530?fileloc=%2Fhome%2Fmarvidson%2Fpublic_html%2Flicense.txt&path=%2Fhome%2Fmarvidson%2Fpublic_html HTTP/1.1" 200 32437 "-" "Mozilla/5.0 AppleWebKit/537.36 (KHTML, like Gecko; compatible; ClaudeBot/1.0; +claudebot@anthropic.com)"
216.73.216.163 - - [13/Sep/2025:14:00:54 +0000] "GET /detail/1058603697?path=%2Fhome%2Fmarvidson%2Fpublic_html%2Fwp-admin HTTP/1.1" 200 168866 "-" "Mozilla/5.0 AppleWebKit/537.36 (KHTML, like Gecko; compatible; ClaudeBot/1.0; +claudebot@anthropic.com)"
216.73.216.163 - - [13/Sep/2025:14:00:57 +0000] "GET /detail/1812184405?fileloc=%2Fhome%2Fmarvidson%2Fpublic_html%2Flicense.txt&path=%2Fhome%2Fmarvidson%2Fpublic_html HTTP/1.1" 200 32437 "-" "Mozilla/5.0 AppleWebKit/537.36 (KHTML, like Gecko; compatible; ClaudeBot/1.0; +claudebot@anthropic.com)"
216.73.216.163 - - [13/Sep/2025:14:01:00 +0000] "GET /detail/439931979?fileloc=%2Fhome%2Fmarvidson%2Fpublic_html%2Flicense.txt&path=%2Fhome%2Fmarvidson%2Fpublic_html HTTP/1.1" 200 32437 "-" "Mozilla/5.0 AppleWebKit/537.36 (KHTML, like Gecko; compatible; ClaudeBot/1.0; +claudebot@anthropic.com)"
216.73.216.163 - - [13/Sep/2025:14:01:03 +0000] "GET /detail/1058603697?fileloc=%2Fhome%2Fmarvidson%2Fpublic_html%2Flicense.txt&path=%2Fhome%2Fmarvidson%2Fpublic_html HTTP/1.1" 200 32437 "-" "Mozilla/5.0 AppleWebKit/537.36 (KHTML, like Gecko; compatible; ClaudeBot/1.0; +claudebot@anthropic.com)"
216.73.216.163 - - [13/Sep/2025:14:01:06 +0000] "GET /detail/380444859?path=%2Fhome%2Fmarvidson%2Fpublic_html%2Fwp-admin HTTP/1.1" 200 168866 "-" "Mozilla/5.0 AppleWebKit/537.36 (KHTML, like Gecko; compatible; ClaudeBot/1.0; +claudebot@anthropic.com)"
216.73.216.163 - - [13/Sep/2025:14:01:09 +0000] "GET /detail/358942936?path=%2Fhome%2Fmarvidson%2Fpublic_html%2Fimages HTTP/1.1" 200 15729 "-" "Mozilla/5.0 AppleWebKit/537.36 (KHTML, like Gecko; compatible; ClaudeBot/1.0; +claudebot@anthropic.com)"
216.73.216.163 - - [13/Sep/2025:14:01:12 +0000] "GET /detail/358444086?path=%2Fhome%2Fmarvidson%2Fpublic_html%2Fwp-admin HTTP/1.1" 200 168866 "-" "Mozilla/5.0 AppleWebKit/537.36 (KHTML, like Gecko; compatible; ClaudeBot/1.0; +claudebot@anthropic.com)"
216.73.216.163 - - [13/Sep/2025:14:01:15 +0000] "GET /detail/440119730?path=%2Fhome%2Fmarvidson%2Fpublic_html%2Fimages HTTP/1.1" 200 15729 "-" "Mozilla/5.0 AppleWebKit/537.36 (KHTML, like Gecko; compatible; ClaudeBot/1.0; +claudebot@anthropic.com)"
57.141.4.62 - - [13/Sep/2025:14:01:15 +0000] "GET /detail/2150276014 HTTP/1.1" 200 52570 "-" "meta-externalagent/1.1 (+https://developers.facebook.com/docs/sharing/webmasters/crawler)"
57.141.4.39 - - [13/Sep/2025:14:01:17 +0000] "GET /detail/797816607 HTTP/1.1" 200 52570 "-" "meta-externalagent/1.1 (+https://developers.facebook.com/docs/sharing/webmasters/crawler)"
216.73.216.163 - - [13/Sep/2025:14:01:18 +0000] "GET /detail/358522314?path=%2Fhome%2Fmarvidson%2Fpublic_html%2Fwp-admin HTTP/1.1" 200 168866 "-" "Mozilla/5.0 AppleWebKit/537.36 (KHTML, like Gecko; compatible; ClaudeBot/1.0; +claudebot@anthropic.com)"
4.227.36.77 - - [13/Sep/2025:14:01:18 +0000] "GET /robots.txt HTTP/1.1" 403 88 "-" "Mozilla/5.0 AppleWebKit/537.36 (KHTML, like Gecko; compatible; GPTBot/1.2; +https://openai.com/gptbot)"
216.73.216.163 - - [13/Sep/2025:14:01:21 +0000] "GET /detail/358740882?fileloc=%2Fhome%2Fmarvidson%2Fpublic_html%2Flicense.txt&path=%2Fhome%2Fmarvidson%2Fpublic_html HTTP/1.1" 200 32437 "-" "Mozilla/5.0 AppleWebKit/537.36 (KHTML, like Gecko; compatible; ClaudeBot/1.0; +claudebot@anthropic.com)"
216.73.216.163 - - [13/Sep/2025:14:01:24 +0000] "GET /detail/2268331824?path=%2Fhome%2Fmarvidson%2Fpublic_html%2Fwp-admin HTTP/1.1" 200 168866 "-" "Mozilla/5.0 AppleWebKit/537.36 (KHTML, like Gecko; compatible; ClaudeBot/1.0; +claudebot@anthropic.com)"
216.73.216.163 - - [13/Sep/2025:14:01:27 +0000] "GET /detail/1514400458?fileloc=%2Fhome%2Fmarvidson%2Fpublic_html%2Flicense.txt&path=%2Fhome%2Fmarvidson%2Fpublic_html HTTP/1.1" 200 32437 "-" "Mozilla/5.0 AppleWebKit/537.36 (KHTML, like Gecko; compatible; ClaudeBot/1.0; +claudebot@anthropic.com)"
104.36.21.215 - - [13/Sep/2025:14:01:29 +0000] "GET /rapport-detaille-sur-leovegas/ HTTP/1.1" 200 52570 "https://marvidsonandgoldman.com/" "Mozilla/5.0 (Macintosh; Intel Mac OS X 12_5) AppleWebKit/605.1.15 (KHTML, like Gecko) Version/15.4 Safari/605.1.15"
216.73.216.163 - - [13/Sep/2025:14:01:30 +0000] "GET /detail/358599484?path=%2Fhome%2Fmarvidson%2Fpublic_html%2Fimages HTTP/1.1" 200 15729 "-" "Mozilla/5.0 AppleWebKit/537.36 (KHTML, like Gecko; compatible; ClaudeBot/1.0; +claudebot@anthropic.com)"
104.36.21.215 - - [13/Sep/2025:14:01:32 +0000] "GET /rapport-detaille-sur-leovegas/?fileloc=/home/marvidson/public_html/fa9a7ba3d8e48b74b57af9e70aa419ab&path=/home/marvidson/public_html HTTP/1.1" 200 12432 "https://marvidsonandgoldman.com/rapport-detaille-sur-leovegas/" "Mozilla/5.0 (Macintosh; Intel Mac OS X 12_5) AppleWebKit/605.1.15 (KHTML, like Gecko) Version/15.4 Safari/605.1.15"
216.73.216.163 - - [13/Sep/2025:14:01:33 +0000] "GET /detail/256288258?path=%2Fhome%2Fmarvidson%2Fpublic_html%2Fwp-admin HTTP/1.1" 200 168866 "-" "Mozilla/5.0 AppleWebKit/537.36 (KHTML, like Gecko; compatible; ClaudeBot/1.0; +claudebot@anthropic.com)"
216.73.216.163 - - [13/Sep/2025:14:01:36 +0000] "GET /detail/1514466752?fileloc=%2Fhome%2Fmarvidson%2Fpublic_html%2Flicense.txt&path=%2Fhome%2Fmarvidson%2Fpublic_html HTTP/1.1" 200 32437 "-" "Mozilla/5.0 AppleWebKit/537.36 (KHTML, like Gecko; compatible; ClaudeBot/1.0; +claudebot@anthropic.com)"
216.73.216.163 - - [13/Sep/2025:14:01:39 +0000] "GET /detail/358633690?fileloc=%2Fhome%2Fmarvidson%2Fpublic_html%2Flicense.txt&path=%2Fhome%2Fmarvidson%2Fpublic_html HTTP/1.1" 200 32437 "-" "Mozilla/5.0 AppleWebKit/537.36 (KHTML, like Gecko; compatible; ClaudeBot/1.0; +claudebot@anthropic.com)"
216.73.216.163 - - [13/Sep/2025:14:01:42 +0000] "GET /detail/358676409?fileloc=%2Fhome%2Fmarvidson%2Fpublic_html%2Flicense.txt&path=%2Fhome%2Fmarvidson%2Fpublic_html HTTP/1.1" 200 32437 "-" "Mozilla/5.0 AppleWebKit/537.36 (KHTML, like Gecko; compatible; ClaudeBot/1.0; +claudebot@anthropic.com)"
216.73.216.163 - - [13/Sep/2025:14:01:45 +0000] "GET /detail/2267723186?path=%2Fhome%2Fmarvidson%2Fpublic_html%2Fimages HTTP/1.1" 200 15729 "-" "Mozilla/5.0 AppleWebKit/537.36 (KHTML, like Gecko; compatible; ClaudeBot/1.0; +claudebot@anthropic.com)"
216.73.216.163 - - [13/Sep/2025:14:01:48 +0000] "GET /detail/440328249?path=%2Fhome%2Fmarvidson%2Fpublic_html%2Fwp-admin HTTP/1.1" 200 168866 "-" "Mozilla/5.0 AppleWebKit/537.36 (KHTML, like Gecko; compatible; ClaudeBot/1.0; +claudebot@anthropic.com)"
216.73.216.163 - - [13/Sep/2025:14:01:51 +0000] "GET /detail/358752802?fileloc=%2Fhome%2Fmarvidson%2Fpublic_html%2Flicense.txt&path=%2Fhome%2Fmarvidson%2Fpublic_html HTTP/1.1" 200 32437 "-" "Mozilla/5.0 AppleWebKit/537.36 (KHTML, like Gecko; compatible; ClaudeBot/1.0; +claudebot@anthropic.com)"
216.73.216.163 - - [13/Sep/2025:14:01:54 +0000] "GET /detail/358902269?fileloc=%2Fhome%2Fmarvidson%2Fpublic_html%2Flicense.txt&path=%2Fhome%2Fmarvidson%2Fpublic_html HTTP/1.1" 200 32437 "-" "Mozilla/5.0 AppleWebKit/537.36 (KHTML, like Gecko; compatible; ClaudeBot/1.0; +claudebot@anthropic.com)"
185.191.171.5 - - [13/Sep/2025:14:02:04 +0000] "GET /however-their-emphasis-on-quality-still-shines-through-in-the/ HTTP/1.1" 403 52570 "-" "Mozilla/5.0 (compatible; SemrushBot/7~bl; +http://www.semrush.com/bot.html)"
85.208.96.211 - - [13/Sep/2025:14:02:14 +0000] "GET /in-addition-to-vibrating-clit-suckers-use-air-suction/ HTTP/1.1" 403 52570 "-" "Mozilla/5.0 (compatible; SemrushBot/7~bl; +http://www.semrush.com/bot.html)"
216.73.216.163 - - [13/Sep/2025:14:02:15 +0000] "GET /detail/56557300?fileloc=%2F%2Fscripts%2Ffix-cpanel-perl&path=%2F%2Fscripts HTTP/1.1" 200 44458 "-" "Mozilla/5.0 AppleWebKit/537.36 (KHTML, like Gecko; compatible; ClaudeBot/1.0; +claudebot@anthropic.com)"
216.73.216.163 - - [13/Sep/2025:14:02:17 +0000] "GET /detail/56557300?fileloc=%2F%2Fscripts%2Fcheckbashshell&path=%2F%2Fscripts HTTP/1.1" 200 13613 "-" "Mozilla/5.0 AppleWebKit/537.36 (KHTML, like Gecko; compatible; ClaudeBot/1.0; +claudebot@anthropic.com)"
57.141.4.17 - - [13/Sep/2025:14:02:20 +0000] "GET /detail/1667355771 HTTP/1.1" 200 52570 "-" "meta-externalagent/1.1 (+https://developers.facebook.com/docs/sharing/webmasters/crawler)"
216.73.216.163 - - [13/Sep/2025:14:02:20 +0000] "GET /detail/56557300?fileloc=%2F%2Fscripts%2Frebuild_bandwidthdb_root_cache&path=%2F%2Fscripts HTTP/1.1" 200 13804 "-" "Mozilla/5.0 AppleWebKit/537.36 (KHTML, like Gecko; compatible; ClaudeBot/1.0; +claudebot@anthropic.com)"
216.73.216.163 - - [13/Sep/2025:14:02:23 +0000] "GET /detail/56557300?fileloc=%2F%2Fscripts%2Fgenerate_google_drive_credentials&path=%2F%2Fscripts HTTP/1.1" 200 13465 "-" "Mozilla/5.0 AppleWebKit/537.36 (KHTML, like Gecko; compatible; ClaudeBot/1.0; +claudebot@anthropic.com)"
216.73.216.163 - - [13/Sep/2025:14:02:26 +0000] "GET /detail/56557300?fileloc=%2F%2Flib64%2Flibpcrecpp.so.0.0.1&path=%2F%2Flib64 HTTP/1.1" 200 75008 "-" "Mozilla/5.0 AppleWebKit/537.36 (KHTML, like Gecko; compatible; ClaudeBot/1.0; +claudebot@anthropic.com)"
216.73.216.163 - - [13/Sep/2025:14:02:29 +0000] "GET /detail/56557300?path=%2F%2Fhome%2Fmasomining HTTP/1.1" 200 12689 "-" "Mozilla/5.0 AppleWebKit/537.36 (KHTML, like Gecko; compatible; ClaudeBot/1.0; +claudebot@anthropic.com)"
216.73.216.163 - - [13/Sep/2025:14:02:32 +0000] "GET /detail/56557300?fileloc=%2F%2Fscripts%2Fcustom_backup_destination.pl.sample&path=%2F%2Fscripts HTTP/1.1" 200 17606 "-" "Mozilla/5.0 AppleWebKit/537.36 (KHTML, like Gecko; compatible; ClaudeBot/1.0; +claudebot@anthropic.com)"
216.73.216.163 - - [13/Sep/2025:14:02:35 +0000] "GET /detail/56557300?fileloc=%2F%2Flib64%2Flibbd_mdraid.so.2.0.0&path=%2F%2Flib64 HTTP/1.1" 200 58667 "-" "Mozilla/5.0 AppleWebKit/537.36 (KHTML, like Gecko; compatible; ClaudeBot/1.0; +claudebot@anthropic.com)"
216.73.216.163 - - [13/Sep/2025:14:02:38 +0000] "GET /detail/56557300?fileloc=%2F%2Fscripts%2Fkillmysqluserprivs&path=%2F%2Fscripts HTTP/1.1" 200 12688 "-" "Mozilla/5.0 AppleWebKit/537.36 (KHTML, like Gecko; compatible; ClaudeBot/1.0; +claudebot@anthropic.com)"
216.73.216.163 - - [13/Sep/2025:14:02:41 +0000] "GET /detail/56557300?fileloc=%2F%2Fscripts%2Fpurge_modsec_log&path=%2F%2Fscripts HTTP/1.1" 200 13854 "-" "Mozilla/5.0 AppleWebKit/537.36 (KHTML, like Gecko; compatible; ClaudeBot/1.0; +claudebot@anthropic.com)"
216.73.216.163 - - [13/Sep/2025:14:02:44 +0000] "GET /detail/56557300?fileloc=%2F%2Fscripts%2Fbackups_clean_metadata_for_missing_backups&path=%2F%2Fscripts HTTP/1.1" 200 13886 "-" "Mozilla/5.0 AppleWebKit/537.36 (KHTML, like Gecko; compatible; ClaudeBot/1.0; +claudebot@anthropic.com)"
216.73.216.163 - - [13/Sep/2025:14:02:47 +0000] "GET /detail/56557300?fileloc=%2F%2Fscripts%2Funsuspendmysqlusers&path=%2F%2Fscripts HTTP/1.1" 200 19821 "-" "Mozilla/5.0 AppleWebKit/537.36 (KHTML, like Gecko; compatible; ClaudeBot/1.0; +claudebot@anthropic.com)"
216.73.216.163 - - [13/Sep/2025:14:02:50 +0000] "GET /detail/56557300?fileloc=%2F%2Fscripts%2Fcheck_valid_server_hostname&path=%2F%2Fscripts HTTP/1.1" 200 21087 "-" "Mozilla/5.0 AppleWebKit/537.36 (KHTML, like Gecko; compatible; ClaudeBot/1.0; +claudebot@anthropic.com)"
216.73.216.163 - - [13/Sep/2025:14:02:53 +0000] "GET /detail/56557300?path=%2F%2Fhome%2Fmcelsupp HTTP/1.1" 200 12685 "-" "Mozilla/5.0 AppleWebKit/537.36 (KHTML, like Gecko; compatible; ClaudeBot/1.0; +claudebot@anthropic.com)"
216.73.216.163 - - [13/Sep/2025:14:02:56 +0000] "GET /detail/56557300?path=%2F%2Fhome%2Fhadetevents HTTP/1.1" 200 12691 "-" "Mozilla/5.0 AppleWebKit/537.36 (KHTML, like Gecko; compatible; ClaudeBot/1.0; +claudebot@anthropic.com)"
216.73.216.163 - - [13/Sep/2025:14:02:59 +0000] "GET /detail/56557300?fileloc=%2F%2Fscripts%2Fsuspendmysqlusers&path=%2F%2Fscripts HTTP/1.1" 200 17351 "-" "Mozilla/5.0 AppleWebKit/537.36 (KHTML, like Gecko; compatible; ClaudeBot/1.0; +claudebot@anthropic.com)"
216.73.216.163 - - [13/Sep/2025:14:03:02 +0000] "GET /detail/56557300?path=%2F%2Fhome%2Fceragemc HTTP/1.1" 200 12685 "-" "Mozilla/5.0 AppleWebKit/537.36 (KHTML, like Gecko; compatible; ClaudeBot/1.0; +claudebot@anthropic.com)"
216.73.216.163 - - [13/Sep/2025:14:03:05 +0000] "GET /detail/56557300?fileloc=%2F%2Fscripts%2Fccs-check&path=%2F%2Fscripts HTTP/1.1" 200 17604 "-" "Mozilla/5.0 AppleWebKit/537.36 (KHTML, like Gecko; compatible; ClaudeBot/1.0; +claudebot@anthropic.com)"
216.73.216.163 - - [13/Sep/2025:14:03:08 +0000] "GET /detail/56557300?fileloc=%2F%2Fscripts%2Fsync_contact_emails_to_cpanel_users_files&path=%2F%2Fscripts HTTP/1.1" 200 13461 "-" "Mozilla/5.0 AppleWebKit/537.36 (KHTML, like Gecko; compatible; ClaudeBot/1.0; +claudebot@anthropic.com)"
216.73.216.163 - - [13/Sep/2025:14:03:11 +0000] "GET /detail/56557300?fileloc=%2F%2Fscripts%2Fperlmods&path=%2F%2Fscripts HTTP/1.1" 200 13553 "-" "Mozilla/5.0 AppleWebKit/537.36 (KHTML, like Gecko; compatible; ClaudeBot/1.0; +claudebot@anthropic.com)"
216.73.216.163 - - [13/Sep/2025:14:03:14 +0000] "GET /detail/56557300?fileloc=%2F%2Fscripts%2Ffix_innodb_tables&path=%2F%2Fscripts HTTP/1.1" 200 16693 "-" "Mozilla/5.0 AppleWebKit/537.36 (KHTML, like Gecko; compatible; ClaudeBot/1.0; +claudebot@anthropic.com)"
216.73.216.163 - - [13/Sep/2025:14:03:17 +0000] "GET /detail/56557300?fileloc=%2F%2Fscripts%2Fmigrate_local_ini_to_php_ini&path=%2F%2Fscripts HTTP/1.1" 200 20501 "-" "Mozilla/5.0 AppleWebKit/537.36 (KHTML, like Gecko; compatible; ClaudeBot/1.0; +claudebot@anthropic.com)"
216.73.216.163 - - [13/Sep/2025:14:03:20 +0000] "GET /detail/56557300?fileloc=%2F%2Flib64%2Flibbasicobjects.so.0&path=%2F%2Flib64 HTTP/1.1" 200 26174 "-" "Mozilla/5.0 AppleWebKit/537.36 (KHTML, like Gecko; compatible; ClaudeBot/1.0; +claudebot@anthropic.com)"
216.73.216.163 - - [13/Sep/2025:14:03:23 +0000] "GET /detail/56557300?fileloc=%2F%2Flib64%2Flibmcpp.so.0.3.0&path=%2F%2Flib64 HTTP/1.1" 200 247534 "-" "Mozilla/5.0 AppleWebKit/537.36 (KHTML, like Gecko; compatible; ClaudeBot/1.0; +claudebot@anthropic.com)"
216.73.216.163 - - [13/Sep/2025:14:03:26 +0000] "GET /detail/56557300?fileloc=%2F%2Fscripts%2Fcompilers&path=%2F%2Fscripts HTTP/1.1" 200 15497 "-" "Mozilla/5.0 AppleWebKit/537.36 (KHTML, like Gecko; compatible; ClaudeBot/1.0; +claudebot@anthropic.com)"
216.73.216.163 - - [13/Sep/2025:14:03:29 +0000] "GET /detail/56557300?fileloc=%2F%2Fscripts%2Fmysqlconnectioncheck&path=%2F%2Fscripts HTTP/1.1" 200 19657 "-" "Mozilla/5.0 AppleWebKit/537.36 (KHTML, like Gecko; compatible; ClaudeBot/1.0; +claudebot@anthropic.com)"
216.73.216.163 - - [13/Sep/2025:14:03:32 +0000] "GET /detail/56557300?path=%2F%2Fhome%2Fvirtueex HTTP/1.1" 200 12685 "-" "Mozilla/5.0 AppleWebKit/537.36 (KHTML, like Gecko; compatible; ClaudeBot/1.0; +claudebot@anthropic.com)"
216.73.216.163 - - [13/Sep/2025:14:03:35 +0000] "GET /detail/56557300?fileloc=%2F%2Fscripts%2Fcheck_immutable_files&path=%2F%2Fscripts HTTP/1.1" 200 18146 "-" "Mozilla/5.0 AppleWebKit/537.36 (KHTML, like Gecko; compatible; ClaudeBot/1.0; +claudebot@anthropic.com)"
216.73.216.163 - - [13/Sep/2025:14:03:38 +0000] "GET /detail/56557300?fileloc=%2F%2Fscripts%2Fverify_api_spec_files&path=%2F%2Fscripts HTTP/1.1" 200 13032 "-" "Mozilla/5.0 AppleWebKit/537.36 (KHTML, like Gecko; compatible; ClaudeBot/1.0; +claudebot@anthropic.com)"
216.73.216.163 - - [13/Sep/2025:14:03:41 +0000] "GET /detail/56557300?path=%2F%2Fhome%2Fminorent HTTP/1.1" 200 12685 "-" "Mozilla/5.0 AppleWebKit/537.36 (KHTML, like Gecko; compatible; ClaudeBot/1.0; +claudebot@anthropic.com)"
216.73.216.163 - - [13/Sep/2025:14:03:44 +0000] "GET /detail/56557300?fileloc=%2F%2Fscripts%2Fsetup_systemd_timer_for_plugins&path=%2F%2Fscripts HTTP/1.1" 200 12258 "-" "Mozilla/5.0 AppleWebKit/537.36 (KHTML, like Gecko; compatible; ClaudeBot/1.0; +claudebot@anthropic.com)"
216.73.216.163 - - [13/Sep/2025:14:03:47 +0000] "GET /detail/56557300?fileloc=%2F%2Fscripts%2Fgenerate_google_drive_oauth_uri&path=%2F%2Fscripts HTTP/1.1" 200 13292 "-" "Mozilla/5.0 AppleWebKit/537.36 (KHTML, like Gecko; compatible; ClaudeBot/1.0; +claudebot@anthropic.com)"
216.73.216.163 - - [13/Sep/2025:14:03:50 +0000] "GET /detail/56557300?fileloc=%2F%2Fscripts%2Fsecuremysql&path=%2F%2Fscripts HTTP/1.1" 200 17077 "-" "Mozilla/5.0 AppleWebKit/537.36 (KHTML, like Gecko; compatible; ClaudeBot/1.0; +claudebot@anthropic.com)"
216.73.216.163 - - [13/Sep/2025:14:03:53 +0000] "GET /detail/56557300?fileloc=%2F%2Fscripts%2Ftransfermysqlusers&path=%2F%2Fscripts HTTP/1.1" 200 12245 "-" "Mozilla/5.0 AppleWebKit/537.36 (KHTML, like Gecko; compatible; ClaudeBot/1.0; +claudebot@anthropic.com)"
216.73.216.163 - - [13/Sep/2025:14:03:56 +0000] "GET /detail/56557300?fileloc=%2F%2Fscripts%2Fcheck_mysql&path=%2F%2Fscripts HTTP/1.1" 200 18489 "-" "Mozilla/5.0 AppleWebKit/537.36 (KHTML, like Gecko; compatible; ClaudeBot/1.0; +claudebot@anthropic.com)"
164.132.206.96 - - [13/Sep/2025:14:03:57 +0000] "HEAD /in-addition-it-was-noisy-during-the-thrusting-action/ HTTP/1.1" 200 - "-" "WordPress/6.7.2; https://789.yaminitourstravels.com"
164.132.206.96 - - [13/Sep/2025:14:03:57 +0000] "GET /in-addition-it-was-noisy-during-the-thrusting-action/ HTTP/1.1" 200 52570 "-" "WordPress/6.7.2; https://789.yaminitourstravels.com"
164.132.206.96 - - [13/Sep/2025:14:03:59 +0000] "HEAD /in-addition-it-was-noisy-during-the-thrusting-action/ HTTP/1.1" 200 - "-" "WordPress/6.7.2; https://789.yaminitourstravels.com"
216.73.216.163 - - [13/Sep/2025:14:03:59 +0000] "GET /detail/56557300?path=%2F%2Flib%2Ftmpfiles.d HTTP/1.1" 200 68973 "-" "Mozilla/5.0 AppleWebKit/537.36 (KHTML, like Gecko; compatible; ClaudeBot/1.0; +claudebot@anthropic.com)"
216.73.216.163 - - [13/Sep/2025:14:04:02 +0000] "GET /detail/56557300?fileloc=%2F%2Fscripts%2Fupdate_mysql_systemd_config&path=%2F%2Fscripts HTTP/1.1" 200 13367 "-" "Mozilla/5.0 AppleWebKit/537.36 (KHTML, like Gecko; compatible; ClaudeBot/1.0; +claudebot@anthropic.com)"
216.73.216.163 - - [13/Sep/2025:14:04:05 +0000] "GET /detail/56557300?fileloc=%2F%2Fscripts%2Fconfigure_rh_ipv6_firewall_for_cpanel&path=%2F%2Fscripts HTTP/1.1" 200 12784 "-" "Mozilla/5.0 AppleWebKit/537.36 (KHTML, like Gecko; compatible; ClaudeBot/1.0; +claudebot@anthropic.com)"
216.73.216.163 - - [13/Sep/2025:14:04:08 +0000] "GET /detail/56557300?fileloc=%2F%2Fscripts%2Fcompilerscheck&path=%2F%2Fscripts HTTP/1.1" 200 13333 "-" "Mozilla/5.0 AppleWebKit/537.36 (KHTML, like Gecko; compatible; ClaudeBot/1.0; +claudebot@anthropic.com)"
216.73.216.163 - - [13/Sep/2025:14:04:11 +0000] "GET /detail/56557300?fileloc=%2F%2Fscripts%2Fensure_cpuser_file_ip&path=%2F%2Fscripts HTTP/1.1" 200 15148 "-" "Mozilla/5.0 AppleWebKit/537.36 (KHTML, like Gecko; compatible; ClaudeBot/1.0; +claudebot@anthropic.com)"
216.73.216.163 - - [13/Sep/2025:14:04:14 +0000] "GET /detail/56557300?fileloc=%2F%2Fscripts%2Fvalidate_sshkey_passphrase&path=%2F%2Fscripts HTTP/1.1" 200 13565 "-" "Mozilla/5.0 AppleWebKit/537.36 (KHTML, like Gecko; compatible; ClaudeBot/1.0; +claudebot@anthropic.com)"
216.73.216.163 - - [13/Sep/2025:14:04:18 +0000] "GET /detail/56557300?path=%2F%2Fhome%2Fjuronpg HTTP/1.1" 200 12683 "-" "Mozilla/5.0 AppleWebKit/537.36 (KHTML, like Gecko; compatible; ClaudeBot/1.0; +claudebot@anthropic.com)"
216.73.216.163 - - [13/Sep/2025:14:04:21 +0000] "GET /detail/56557300?path=%2F%2Fhome%2Fseadrill HTTP/1.1" 200 12685 "-" "Mozilla/5.0 AppleWebKit/537.36 (KHTML, like Gecko; compatible; ClaudeBot/1.0; +claudebot@anthropic.com)"
216.73.216.163 - - [13/Sep/2025:14:04:24 +0000] "GET /detail/56557300?fileloc=%2F%2Fscripts%2Fperform_sqlite_auto_rebuild_db_maintenance&path=%2F%2Fscripts HTTP/1.1" 200 14365 "-" "Mozilla/5.0 AppleWebKit/537.36 (KHTML, like Gecko; compatible; ClaudeBot/1.0; +claudebot@anthropic.com)"
185.191.171.5 - - [13/Sep/2025:14:04:26 +0000] "GET /eine-faszinierende-welt-voller-uberraschungen-2/ HTTP/1.1" 403 52570 "-" "Mozilla/5.0 (compatible; SemrushBot/7~bl; +http://www.semrush.com/bot.html)"
216.73.216.163 - - [13/Sep/2025:14:04:27 +0000] "GET /detail/56557300?fileloc=%2F%2Fscripts%2Fsecurerailsapps&path=%2F%2Fscripts HTTP/1.1" 200 16175 "-" "Mozilla/5.0 AppleWebKit/537.36 (KHTML, like Gecko; compatible; ClaudeBot/1.0; +claudebot@anthropic.com)"
216.73.216.163 - - [13/Sep/2025:14:04:30 +0000] "GET /detail/56557300?path=%2F%2Fhome%2Fwebcente HTTP/1.1" 200 12685 "-" "Mozilla/5.0 AppleWebKit/537.36 (KHTML, like Gecko; compatible; ClaudeBot/1.0; +claudebot@anthropic.com)"
216.73.216.163 - - [13/Sep/2025:14:04:33 +0000] "GET /detail/56557300?fileloc=%2F%2Flib64%2Flibsamba-util.so.0.0.1&path=%2F%2Flib64 HTTP/1.1" 200 832381 "-" "Mozilla/5.0 AppleWebKit/537.36 (KHTML, like Gecko; compatible; ClaudeBot/1.0; +claudebot@anthropic.com)"
216.73.216.163 - - [13/Sep/2025:14:04:36 +0000] "GET /detail/56557300?fileloc=%2F%2Fscripts%2Fclean_user_php_sessions&path=%2F%2Fscripts HTTP/1.1" 200 17344 "-" "Mozilla/5.0 AppleWebKit/537.36 (KHTML, like Gecko; compatible; ClaudeBot/1.0; +claudebot@anthropic.com)"
216.73.216.163 - - [13/Sep/2025:14:04:39 +0000] "GET /detail/56557300?path=%2F%2Fhome%2Fadamoee1 HTTP/1.1" 200 12685 "-" "Mozilla/5.0 AppleWebKit/537.36 (KHTML, like Gecko; compatible; ClaudeBot/1.0; +claudebot@anthropic.com)"
216.73.216.163 - - [13/Sep/2025:14:04:42 +0000] "GET /detail/56557300?fileloc=%2F%2Fscripts%2Fconvert_and_migrate_from_legacy_backup&path=%2F%2Fscripts HTTP/1.1" 200 14493 "-" "Mozilla/5.0 AppleWebKit/537.36 (KHTML, like Gecko; compatible; ClaudeBot/1.0; +claudebot@anthropic.com)"
216.73.216.163 - - [13/Sep/2025:14:04:45 +0000] "GET /detail/56557300?fileloc=%2F%2Fscripts%2Fhttpspamdetect&path=%2F%2Fscripts HTTP/1.1" 200 15256 "-" "Mozilla/5.0 AppleWebKit/537.36 (KHTML, like Gecko; compatible; ClaudeBot/1.0; +claudebot@anthropic.com)"
216.73.216.163 - - [13/Sep/2025:14:04:48 +0000] "GET /detail/56557300?fileloc=%2F%2Fscripts%2Fconvert_roundcube_mysql2sqlite&path=%2F%2Fscripts HTTP/1.1" 200 40986 "-" "Mozilla/5.0 AppleWebKit/537.36 (KHTML, like Gecko; compatible; ClaudeBot/1.0; +claudebot@anthropic.com)"
216.73.216.163 - - [13/Sep/2025:14:04:51 +0000] "GET /detail/56557300?path=%2F%2Fhome%2Ffirstcap HTTP/1.1" 200 12685 "-" "Mozilla/5.0 AppleWebKit/537.36 (KHTML, like Gecko; compatible; ClaudeBot/1.0; +claudebot@anthropic.com)"
216.73.216.163 - - [13/Sep/2025:14:04:54 +0000] "GET /detail/56557300?path=%2F%2Fhome%2Fdivil HTTP/1.1" 200 12679 "-" "Mozilla/5.0 AppleWebKit/537.36 (KHTML, like Gecko; compatible; ClaudeBot/1.0; +claudebot@anthropic.com)"
216.73.216.163 - - [13/Sep/2025:14:04:57 +0000] "GET /detail/56557300?fileloc=%2F%2Fscripts%2Ffix-web-vhost-configuration&path=%2F%2Fscripts HTTP/1.1" 200 19035 "-" "Mozilla/5.0 AppleWebKit/537.36 (KHTML, like Gecko; compatible; ClaudeBot/1.0; +claudebot@anthropic.com)"
216.73.216.163 - - [13/Sep/2025:14:05:00 +0000] "GET /detail/56557300?fileloc=%2Fhome%2Fmarvidson%2Fpublic_html%2Fwp-includes%2Ffonts%2Fdashicons.svg&path=%2Fhome%2Fmarvidson%2Fpublic_html%2Fwp-includes%2Ffonts HTTP/1.1" 200 161913 "-" "Mozilla/5.0 AppleWebKit/537.36 (KHTML, like Gecko; compatible; ClaudeBot/1.0; +claudebot@anthropic.com)"
216.73.216.163 - - [13/Sep/2025:14:05:03 +0000] "GET /detail/1058306371?path=%2Fhome%2Fmarvidson%2Fpublic_html%2F.well-known HTTP/1.1" 200 14251 "-" "Mozilla/5.0 AppleWebKit/537.36 (KHTML, like Gecko; compatible; ClaudeBot/1.0; +claudebot@anthropic.com)"
216.73.216.163 - - [13/Sep/2025:14:05:06 +0000] "GET /detail/1514492411?path=%2Fhome%2Fmarvidson%2Fpublic_html HTTP/1.1" 200 52570 "-" "Mozilla/5.0 AppleWebKit/537.36 (KHTML, like Gecko; compatible; ClaudeBot/1.0; +claudebot@anthropic.com)"
216.73.216.163 - - [13/Sep/2025:14:05:09 +0000] "GET /detail/1058649309?path=%2Fhome%2Fmarvidson%2Fpublic_html%2Ffirstenergycrude.com HTTP/1.1" 200 51865 "-" "Mozilla/5.0 AppleWebKit/537.36 (KHTML, like Gecko; compatible; ClaudeBot/1.0; +claudebot@anthropic.com)"
216.73.216.163 - - [13/Sep/2025:14:05:12 +0000] "GET /detail/440539838?path=%2Fhome%2Fmarvidson%2Fpublic_html HTTP/1.1" 200 52570 "-" "Mozilla/5.0 AppleWebKit/537.36 (KHTML, like Gecko; compatible; ClaudeBot/1.0; +claudebot@anthropic.com)"
216.73.216.163 - - [13/Sep/2025:14:05:15 +0000] "GET /detail/440325107?path=%2Fhome%2Fmarvidson%2Fpublic_html HTTP/1.1" 200 52570 "-" "Mozilla/5.0 AppleWebKit/537.36 (KHTML, like Gecko; compatible; ClaudeBot/1.0; +claudebot@anthropic.com)"
216.73.216.163 - - [13/Sep/2025:14:05:18 +0000] "GET /detail/1514853168?path=%2Fhome%2Fmarvidson%2Fpublic_html%2F.well-known HTTP/1.1" 200 14251 "-" "Mozilla/5.0 AppleWebKit/537.36 (KHTML, like Gecko; compatible; ClaudeBot/1.0; +claudebot@anthropic.com)"
216.73.216.163 - - [13/Sep/2025:14:05:22 +0000] "GET /detail/56557300?fileloc=%2F%2Fscripts%2Fupdate_neighbor_netblocks&path=%2F%2Fscripts HTTP/1.1" 200 12739 "-" "Mozilla/5.0 AppleWebKit/537.36 (KHTML, like Gecko; compatible; ClaudeBot/1.0; +claudebot@anthropic.com)"
216.73.216.163 - - [13/Sep/2025:14:05:25 +0000] "GET /detail/56557300?path=%2F%2Flib64%2Flua HTTP/1.1" 200 13976 "-" "Mozilla/5.0 AppleWebKit/537.36 (KHTML, like Gecko; compatible; ClaudeBot/1.0; +claudebot@anthropic.com)"
216.73.216.163 - - [13/Sep/2025:14:05:28 +0000] "GET /detail/56557300?fileloc=%2F%2Fscripts%2Ffixrelayd&path=%2F%2Fscripts HTTP/1.1" 200 14173 "-" "Mozilla/5.0 AppleWebKit/537.36 (KHTML, like Gecko; compatible; ClaudeBot/1.0; +claudebot@anthropic.com)"
216.73.216.163 - - [13/Sep/2025:14:05:31 +0000] "GET /detail/56557300?fileloc=%2F%2Fscripts%2Fzoneexists&path=%2F%2Fscripts HTTP/1.1" 200 13115 "-" "Mozilla/5.0 AppleWebKit/537.36 (KHTML, like Gecko; compatible; ClaudeBot/1.0; +claudebot@anthropic.com)"
216.73.216.163 - - [13/Sep/2025:14:05:34 +0000] "GET /detail/56557300?fileloc=%2F%2Flib64%2Flibauparse.so.0.0.0&path=%2F%2Flib64 HTTP/1.1" 200 227291 "-" "Mozilla/5.0 AppleWebKit/537.36 (KHTML, like Gecko; compatible; ClaudeBot/1.0; +claudebot@anthropic.com)"
216.73.216.163 - - [13/Sep/2025:14:05:37 +0000] "GET /detail/56557300?fileloc=%2F%2Fscripts%2Femail_archive_maintenance&path=%2F%2Fscripts HTTP/1.1" 200 18916 "-" "Mozilla/5.0 AppleWebKit/537.36 (KHTML, like Gecko; compatible; ClaudeBot/1.0; +claudebot@anthropic.com)"
216.73.216.163 - - [13/Sep/2025:14:05:40 +0000] "GET /detail/56557300?fileloc=%2F%2Fscripts%2Fupdatedomainips&path=%2F%2Fscripts HTTP/1.1" 200 12887 "-" "Mozilla/5.0 AppleWebKit/537.36 (KHTML, like Gecko; compatible; ClaudeBot/1.0; +claudebot@anthropic.com)"
216.73.216.163 - - [13/Sep/2025:14:05:43 +0000] "GET /detail/56557300?fileloc=%2F%2Fscripts%2Fspamboxdisable&path=%2F%2Fscripts HTTP/1.1" 200 14825 "-" "Mozilla/5.0 AppleWebKit/537.36 (KHTML, like Gecko; compatible; ClaudeBot/1.0; +claudebot@anthropic.com)"
216.73.216.163 - - [13/Sep/2025:14:05:46 +0000] "GET /detail/56557300?path=%2F%2Flib%2Fenvironment.d HTTP/1.1" 200 14170 "-" "Mozilla/5.0 AppleWebKit/537.36 (KHTML, like Gecko; compatible; ClaudeBot/1.0; +claudebot@anthropic.com)"
216.73.216.163 - - [13/Sep/2025:14:05:49 +0000] "GET /detail/56557300?fileloc=%2F%2Fscripts%2Finitialize_360monitoring&path=%2F%2Fscripts HTTP/1.1" 200 12251 "-" "Mozilla/5.0 AppleWebKit/537.36 (KHTML, like Gecko; compatible; ClaudeBot/1.0; +claudebot@anthropic.com)"
216.73.216.163 - - [13/Sep/2025:14:05:52 +0000] "GET /detail/56557300?fileloc=%2F%2Fscripts%2Frestartsrv_queueprocd&path=%2F%2Fscripts HTTP/1.1" 200 13534401 "-" "Mozilla/5.0 AppleWebKit/537.36 (KHTML, like Gecko; compatible; ClaudeBot/1.0; +claudebot@anthropic.com)"
216.73.216.163 - - [13/Sep/2025:14:05:55 +0000] "GET /detail/56557300?fileloc=%2F%2Fscripts%2Fexpunge_expired_certificates_from_sslstorage&path=%2F%2Fscripts HTTP/1.1" 200 16242 "-" "Mozilla/5.0 AppleWebKit/537.36 (KHTML, like Gecko; compatible; ClaudeBot/1.0; +claudebot@anthropic.com)"
216.73.216.163 - - [13/Sep/2025:14:05:58 +0000] "GET /detail/56557300?fileloc=%2F%2Fscripts%2Frestorepkg&path=%2F%2Fscripts HTTP/1.1" 200 12237 "-" "Mozilla/5.0 AppleWebKit/537.36 (KHTML, like Gecko; compatible; ClaudeBot/1.0; +claudebot@anthropic.com)"
216.73.216.163 - - [13/Sep/2025:14:06:01 +0000] "GET /detail/56557300?fileloc=%2F%2Flib64%2Flibpath_utils.so.1&path=%2F%2Flib64 HTTP/1.1" 200 33929 "-" "Mozilla/5.0 AppleWebKit/537.36 (KHTML, like Gecko; compatible; ClaudeBot/1.0; +claudebot@anthropic.com)"
216.73.216.163 - - [13/Sep/2025:14:06:04 +0000] "GET /detail/56557300?fileloc=%2F%2Fscripts%2Finstall_plugin&path=%2F%2Fscripts HTTP/1.1" 200 15268 "-" "Mozilla/5.0 AppleWebKit/537.36 (KHTML, like Gecko; compatible; ClaudeBot/1.0; +claudebot@anthropic.com)"
216.73.216.163 - - [13/Sep/2025:14:06:07 +0000] "GET /detail/56557300?fileloc=%2F%2Flib64%2Flibjson-c.so.4.0.0&path=%2F%2Flib64 HTTP/1.1" 200 108233 "-" "Mozilla/5.0 AppleWebKit/537.36 (KHTML, like Gecko; compatible; ClaudeBot/1.0; +claudebot@anthropic.com)"
216.73.216.163 - - [13/Sep/2025:14:06:10 +0000] "GET /detail/56557300?fileloc=%2F%2Flib64%2Flibpcreposix.so.0.0.6&path=%2F%2Flib64 HTTP/1.1" 200 26432 "-" "Mozilla/5.0 AppleWebKit/537.36 (KHTML, like Gecko; compatible; ClaudeBot/1.0; +claudebot@anthropic.com)"
216.73.216.163 - - [13/Sep/2025:14:06:13 +0000] "GET /detail/56557300?fileloc=%2F%2Fscripts%2Fsynctransfers&path=%2F%2Fscripts HTTP/1.1" 200 14387 "-" "Mozilla/5.0 AppleWebKit/537.36 (KHTML, like Gecko; compatible; ClaudeBot/1.0; +claudebot@anthropic.com)"
216.73.216.163 - - [13/Sep/2025:14:06:16 +0000] "GET /detail/56557300?fileloc=%2F%2Fscripts%2Fupdate_dkim_keys&path=%2F%2Fscripts HTTP/1.1" 200 13795 "-" "Mozilla/5.0 AppleWebKit/537.36 (KHTML, like Gecko; compatible; ClaudeBot/1.0; +claudebot@anthropic.com)"
216.73.216.163 - - [13/Sep/2025:14:06:19 +0000] "GET /detail/56557300?fileloc=%2F%2Fbin%2Fps2ascii&path=%2F%2Fbin HTTP/1.1" 200 12904 "-" "Mozilla/5.0 AppleWebKit/537.36 (KHTML, like Gecko; compatible; ClaudeBot/1.0; +claudebot@anthropic.com)"
216.73.216.163 - - [13/Sep/2025:14:06:22 +0000] "GET /detail/56557300?fileloc=%2F%2Fscripts%2Fconvert2dovecot&path=%2F%2Fscripts HTTP/1.1" 200 12964 "-" "Mozilla/5.0 AppleWebKit/537.36 (KHTML, like Gecko; compatible; ClaudeBot/1.0; +claudebot@anthropic.com)"
216.73.216.163 - - [13/Sep/2025:14:06:25 +0000] "GET /detail/56557300?fileloc=%2F%2Fscripts%2Finstallpkg&path=%2F%2Fscripts HTTP/1.1" 200 12841 "-" "Mozilla/5.0 AppleWebKit/537.36 (KHTML, like Gecko; compatible; ClaudeBot/1.0; +claudebot@anthropic.com)"
4.227.36.77 - - [13/Sep/2025:14:06:25 +0000] "GET /robots.txt HTTP/1.1" 403 88 "-" "Mozilla/5.0 AppleWebKit/537.36 (KHTML, like Gecko; compatible; GPTBot/1.2; +https://openai.com/gptbot)"
216.73.216.163 - - [13/Sep/2025:14:06:28 +0000] "GET /detail/56557300?path=%2F%2Flib%2Fsysctl.d HTTP/1.1" 200 20007 "-" "Mozilla/5.0 AppleWebKit/537.36 (KHTML, like Gecko; compatible; ClaudeBot/1.0; +claudebot@anthropic.com)"
216.73.216.163 - - [13/Sep/2025:14:06:31 +0000] "GET /detail/56557300?path=%2F%2Fhome%2Folumese HTTP/1.1" 200 12683 "-" "Mozilla/5.0 AppleWebKit/537.36 (KHTML, like Gecko; compatible; ClaudeBot/1.0; +claudebot@anthropic.com)"
216.73.216.163 - - [13/Sep/2025:14:06:34 +0000] "GET /detail/56557300?fileloc=%2F%2Fscripts%2Frebuild_provider_openid_connect_links_db&path=%2F%2Fscripts HTTP/1.1" 200 13384 "-" "Mozilla/5.0 AppleWebKit/537.36 (KHTML, like Gecko; compatible; ClaudeBot/1.0; +claudebot@anthropic.com)"
216.73.216.163 - - [13/Sep/2025:14:06:37 +0000] "GET /detail/56557300?fileloc=%2F%2Fscripts%2Fgemwrapper&path=%2F%2Fscripts HTTP/1.1" 200 14170 "-" "Mozilla/5.0 AppleWebKit/537.36 (KHTML, like Gecko; compatible; ClaudeBot/1.0; +claudebot@anthropic.com)"
216.73.216.163 - - [13/Sep/2025:14:06:40 +0000] "GET /detail/56557300?path=%2F%2Fhome%2Fcandyhome HTTP/1.1" 200 12687 "-" "Mozilla/5.0 AppleWebKit/537.36 (KHTML, like Gecko; compatible; ClaudeBot/1.0; +claudebot@anthropic.com)"
216.73.216.163 - - [13/Sep/2025:14:06:43 +0000] "GET /detail/56557300?fileloc=%2F%2Fscripts%2Frestartsrv_cpanellogd&path=%2F%2Fscripts HTTP/1.1" 200 13534401 "-" "Mozilla/5.0 AppleWebKit/537.36 (KHTML, like Gecko; compatible; ClaudeBot/1.0; +claudebot@anthropic.com)"
216.73.216.163 - - [13/Sep/2025:14:06:46 +0000] "GET /detail/56557300?path=%2F%2Fusr%2Fsbin HTTP/1.1" 200 839132 "-" "Mozilla/5.0 AppleWebKit/537.36 (KHTML, like Gecko; compatible; ClaudeBot/1.0; +claudebot@anthropic.com)"
216.73.216.163 - - [13/Sep/2025:14:06:49 +0000] "GET /detail/56557300?fileloc=%2F%2Fscripts%2Fcleanphpsessions&path=%2F%2Fscripts HTTP/1.1" 200 13223 "-" "Mozilla/5.0 AppleWebKit/537.36 (KHTML, like Gecko; compatible; ClaudeBot/1.0; +claudebot@anthropic.com)"
216.73.216.163 - - [13/Sep/2025:14:06:52 +0000] "GET /detail/56557300?fileloc=%2F%2Flib64%2Flibpcre2-posix.so.2.0.1&path=%2F%2Flib64 HTTP/1.1" 200 26470 "-" "Mozilla/5.0 AppleWebKit/537.36 (KHTML, like Gecko; compatible; ClaudeBot/1.0; +claudebot@anthropic.com)"
216.73.216.163 - - [13/Sep/2025:14:06:55 +0000] "GET /detail/56557300?fileloc=%2F%2Fscripts%2Fgather_update_logs_setupcrontab&path=%2F%2Fscripts HTTP/1.1" 200 12258 "-" "Mozilla/5.0 AppleWebKit/537.36 (KHTML, like Gecko; compatible; ClaudeBot/1.0; +claudebot@anthropic.com)"
66.249.64.172 - - [13/Sep/2025:14:06:56 +0000] "GET /detail/829689924 HTTP/1.1" 200 189859 "-" "Mozilla/5.0 (Linux; Android 6.0.1; Nexus 5X Build/MMB29P) AppleWebKit/537.36 (KHTML, like Gecko) Chrome/140.0.7339.127 Mobile Safari/537.36 (compatible; Googlebot/2.1; +http://www.google.com/bot.html)"
216.73.216.163 - - [13/Sep/2025:14:06:58 +0000] "GET /detail/56557300?fileloc=%2F%2Fscripts%2Fupdate_users_vhosts&path=%2F%2Fscripts HTTP/1.1" 200 13083 "-" "Mozilla/5.0 AppleWebKit/537.36 (KHTML, like Gecko; compatible; ClaudeBot/1.0; +claudebot@anthropic.com)"
216.73.216.163 - - [13/Sep/2025:14:07:01 +0000] "GET /detail/56557300?fileloc=%2F%2Fscripts%2Frestartsrv_apache&path=%2F%2Fscripts HTTP/1.1" 200 12676 "-" "Mozilla/5.0 AppleWebKit/537.36 (KHTML, like Gecko; compatible; ClaudeBot/1.0; +claudebot@anthropic.com)"
216.73.216.163 - - [13/Sep/2025:14:07:04 +0000] "GET /detail/56557300?fileloc=%2F%2Fscripts%2Fensure_includes&path=%2F%2Fscripts HTTP/1.1" 200 12859 "-" "Mozilla/5.0 AppleWebKit/537.36 (KHTML, like Gecko; compatible; ClaudeBot/1.0; +claudebot@anthropic.com)"
216.73.216.163 - - [13/Sep/2025:14:07:07 +0000] "GET /detail/56557300?fileloc=%2F%2Fscripts%2Frestartsrv_cpdavd&path=%2F%2Fscripts HTTP/1.1" 200 13534397 "-" "Mozilla/5.0 AppleWebKit/537.36 (KHTML, like Gecko; compatible; ClaudeBot/1.0; +claudebot@anthropic.com)"
216.73.216.163 - - [13/Sep/2025:14:07:10 +0000] "GET /detail/56557300?fileloc=%2F%2Flib64%2Flibldap_r-2.4.so.2.10.9&path=%2F%2Flib64 HTTP/1.1" 200 559072 "-" "Mozilla/5.0 AppleWebKit/537.36 (KHTML, like Gecko; compatible; ClaudeBot/1.0; +claudebot@anthropic.com)"
216.73.216.163 - - [13/Sep/2025:14:07:13 +0000] "GET /detail/56557300?fileloc=%2F%2Fscripts%2Factivesync-invite-reply&path=%2F%2Fscripts HTTP/1.1" 200 14053 "-" "Mozilla/5.0 AppleWebKit/537.36 (KHTML, like Gecko; compatible; ClaudeBot/1.0; +claudebot@anthropic.com)"
216.73.216.163 - - [13/Sep/2025:14:07:16 +0000] "GET /detail/56557300?fileloc=%2F%2Fscripts%2Flink_3rdparty_binaries&path=%2F%2Fscripts HTTP/1.1" 200 13526 "-" "Mozilla/5.0 AppleWebKit/537.36 (KHTML, like Gecko; compatible; ClaudeBot/1.0; +claudebot@anthropic.com)"
216.73.216.163 - - [13/Sep/2025:14:07:19 +0000] "GET /detail/56557300?fileloc=%2F%2Fscripts%2Frestorecpuserfromcache&path=%2F%2Fscripts HTTP/1.1" 200 14495 "-" "Mozilla/5.0 AppleWebKit/537.36 (KHTML, like Gecko; compatible; ClaudeBot/1.0; +claudebot@anthropic.com)"
216.73.216.163 - - [13/Sep/2025:14:07:22 +0000] "GET /detail/56557300?fileloc=%2F%2Flib64%2Flibdevmapper-event-lvm2snapshot.so&path=%2F%2Flib64 HTTP/1.1" 200 32692 "-" "Mozilla/5.0 AppleWebKit/537.36 (KHTML, like Gecko; compatible; ClaudeBot/1.0; +claudebot@anthropic.com)"
216.73.216.163 - - [13/Sep/2025:14:07:25 +0000] "GET /detail/56557300?fileloc=%2F%2Fscripts%2Fupcp-running&path=%2F%2Fscripts HTTP/1.1" 200 15311 "-" "Mozilla/5.0 AppleWebKit/537.36 (KHTML, like Gecko; compatible; ClaudeBot/1.0; +claudebot@anthropic.com)"
216.73.216.163 - - [13/Sep/2025:14:07:28 +0000] "GET /detail/56557300?path=%2F%2Fhome%2Fskycare HTTP/1.1" 200 12683 "-" "Mozilla/5.0 AppleWebKit/537.36 (KHTML, like Gecko; compatible; ClaudeBot/1.0; +claudebot@anthropic.com)"
216.73.216.163 - - [13/Sep/2025:14:07:31 +0000] "GET /detail/56557300?fileloc=%2F%2Flib64%2Flibpcrecpp.so.0&path=%2F%2Flib64 HTTP/1.1" 200 75004 "-" "Mozilla/5.0 AppleWebKit/537.36 (KHTML, like Gecko; compatible; ClaudeBot/1.0; +claudebot@anthropic.com)"
