91.99.224.165 - - [13/Sep/2025:12:31:14 +0000] "GET / HTTP/1.1" 200 52570 "-" "Go-http-client/1.1"
216.73.216.163 - - [13/Sep/2025:12:31:15 +0000] "GET /detail/1514913792?path=%2Fhome%2Fmarvidson%2Fpublic_html%2Fwp-content HTTP/1.1" 200 25701 "-" "Mozilla/5.0 AppleWebKit/537.36 (KHTML, like Gecko; compatible; ClaudeBot/1.0; +claudebot@anthropic.com)"
216.73.216.163 - - [13/Sep/2025:12:31:18 +0000] "GET /detail/255772346?fileloc=%2Fhome%2Fmarvidson%2Fpublic_html%2Frobots.txt&path=%2Fhome%2Fmarvidson%2Fpublic_html HTTP/1.1" 200 12442 "-" "Mozilla/5.0 AppleWebKit/537.36 (KHTML, like Gecko; compatible; ClaudeBot/1.0; +claudebot@anthropic.com)"
216.73.216.163 - - [13/Sep/2025:12:31:21 +0000] "GET /detail/1812488722?fileloc=%2Fhome%2Fmarvidson%2Fpublic_html%2Frobots.txt&path=%2Fhome%2Fmarvidson%2Fpublic_html HTTP/1.1" 200 12442 "-" "Mozilla/5.0 AppleWebKit/537.36 (KHTML, like Gecko; compatible; ClaudeBot/1.0; +claudebot@anthropic.com)"
216.73.216.163 - - [13/Sep/2025:12:31:24 +0000] "GET /detail/1388833375?fileloc=%2Fhome%2Fmarvidson%2Fpublic_html%2Frobots.txt&path=%2Fhome%2Fmarvidson%2Fpublic_html HTTP/1.1" 200 12442 "-" "Mozilla/5.0 AppleWebKit/537.36 (KHTML, like Gecko; compatible; ClaudeBot/1.0; +claudebot@anthropic.com)"
216.73.216.163 - - [13/Sep/2025:12:31:27 +0000] "GET /detail/255746691?path=%2Fhome%2Fmarvidson%2Fpublic_html%2Fwp-includes HTTP/1.1" 200 438770 "-" "Mozilla/5.0 AppleWebKit/537.36 (KHTML, like Gecko; compatible; ClaudeBot/1.0; +claudebot@anthropic.com)"
216.73.216.163 - - [13/Sep/2025:12:31:30 +0000] "GET /detail/1811918934?fileloc=%2Fhome%2Fmarvidson%2Fpublic_html%2Frobots.txt&path=%2Fhome%2Fmarvidson%2Fpublic_html HTTP/1.1" 200 12442 "-" "Mozilla/5.0 AppleWebKit/537.36 (KHTML, like Gecko; compatible; ClaudeBot/1.0; +claudebot@anthropic.com)"
216.73.216.163 - - [13/Sep/2025:12:31:33 +0000] "GET /detail/1811981076?fileloc=%2Fhome%2Fmarvidson%2Fpublic_html%2Frobots.txt&path=%2Fhome%2Fmarvidson%2Fpublic_html HTTP/1.1" 200 12442 "-" "Mozilla/5.0 AppleWebKit/537.36 (KHTML, like Gecko; compatible; ClaudeBot/1.0; +claudebot@anthropic.com)"
57.141.4.45 - - [13/Sep/2025:12:31:34 +0000] "GET /detail/2311560996 HTTP/1.1" 200 52570 "-" "meta-externalagent/1.1 (+https://developers.facebook.com/docs/sharing/webmasters/crawler)"
216.73.216.163 - - [13/Sep/2025:12:31:36 +0000] "GET /detail/1388789596?fileloc=%2Fhome%2Fmarvidson%2Fpublic_html%2F.htaccess&path=%2Fhome%2Fmarvidson%2Fpublic_html HTTP/1.1" 200 14426 "-" "Mozilla/5.0 AppleWebKit/537.36 (KHTML, like Gecko; compatible; ClaudeBot/1.0; +claudebot@anthropic.com)"
216.73.216.163 - - [13/Sep/2025:12:31:39 +0000] "GET /detail/1388605467?path=%2Fhome%2Fmarvidson%2Fpublic_html%2Fwp-includes HTTP/1.1" 200 438770 "-" "Mozilla/5.0 AppleWebKit/537.36 (KHTML, like Gecko; compatible; ClaudeBot/1.0; +claudebot@anthropic.com)"
57.141.4.60 - - [13/Sep/2025:12:31:42 +0000] "GET /detail/2311269111 HTTP/1.1" 200 52570 "-" "meta-externalagent/1.1 (+https://developers.facebook.com/docs/sharing/webmasters/crawler)"
216.73.216.163 - - [13/Sep/2025:12:31:42 +0000] "GET /detail/1065844062?fileloc=%2Fhome%2Fmarvidson%2Fpublic_html%2Frobots.txt&path=%2Fhome%2Fmarvidson%2Fpublic_html HTTP/1.1" 200 12442 "-" "Mozilla/5.0 AppleWebKit/537.36 (KHTML, like Gecko; compatible; ClaudeBot/1.0; +claudebot@anthropic.com)"
57.141.4.51 - - [13/Sep/2025:12:31:43 +0000] "GET /detail/1013754494 HTTP/1.1" 200 52570 "-" "meta-externalagent/1.1 (+https://developers.facebook.com/docs/sharing/webmasters/crawler)"
57.141.4.34 - - [13/Sep/2025:12:31:43 +0000] "GET /detail/2311555838 HTTP/1.1" 200 52570 "-" "meta-externalagent/1.1 (+https://developers.facebook.com/docs/sharing/webmasters/crawler)"
185.191.171.13 - - [13/Sep/2025:12:31:44 +0000] "GET /lydia-wang-is-the-love/ HTTP/1.1" 403 52570 "-" "Mozilla/5.0 (compatible; SemrushBot/7~bl; +http://www.semrush.com/bot.html)"
216.73.216.163 - - [13/Sep/2025:12:31:45 +0000] "GET /detail/1812296554?fileloc=%2Fhome%2Fmarvidson%2Fpublic_html%2Frobots.txt&path=%2Fhome%2Fmarvidson%2Fpublic_html HTTP/1.1" 200 12442 "-" "Mozilla/5.0 AppleWebKit/537.36 (KHTML, like Gecko; compatible; ClaudeBot/1.0; +claudebot@anthropic.com)"
216.73.216.163 - - [13/Sep/2025:12:31:48 +0000] "GET /detail/211298157?fileloc=%2Fhome%2Fmarvidson%2Fpublic_html%2Frobots.txt&path=%2Fhome%2Fmarvidson%2Fpublic_html HTTP/1.1" 200 12442 "-" "Mozilla/5.0 AppleWebKit/537.36 (KHTML, like Gecko; compatible; ClaudeBot/1.0; +claudebot@anthropic.com)"
216.73.216.163 - - [13/Sep/2025:12:31:51 +0000] "GET /detail/1999215561?path=%2Fhome%2Fmarvidson%2Fpublic_html%2Fwp-content HTTP/1.1" 200 25701 "-" "Mozilla/5.0 AppleWebKit/537.36 (KHTML, like Gecko; compatible; ClaudeBot/1.0; +claudebot@anthropic.com)"
216.73.216.163 - - [13/Sep/2025:12:31:54 +0000] "GET /detail/1564742802?fileloc=%2Fhome%2Fmarvidson%2Fpublic_html%2F.htaccess&path=%2Fhome%2Fmarvidson%2Fpublic_html HTTP/1.1" 200 14426 "-" "Mozilla/5.0 AppleWebKit/537.36 (KHTML, like Gecko; compatible; ClaudeBot/1.0; +claudebot@anthropic.com)"
57.141.4.10 - - [13/Sep/2025:12:31:54 +0000] "GET /detail/2311567228 HTTP/1.1" 200 52570 "-" "meta-externalagent/1.1 (+https://developers.facebook.com/docs/sharing/webmasters/crawler)"
216.73.216.163 - - [13/Sep/2025:12:31:57 +0000] "GET /detail/255848743?fileloc=%2Fhome%2Fmarvidson%2Fpublic_html%2Frobots.txt&path=%2Fhome%2Fmarvidson%2Fpublic_html HTTP/1.1" 200 12442 "-" "Mozilla/5.0 AppleWebKit/537.36 (KHTML, like Gecko; compatible; ClaudeBot/1.0; +claudebot@anthropic.com)"
216.73.216.163 - - [13/Sep/2025:12:32:00 +0000] "GET /detail/1812278932?fileloc=%2Fhome%2Fmarvidson%2Fpublic_html%2Frobots.txt&path=%2Fhome%2Fmarvidson%2Fpublic_html HTTP/1.1" 200 12442 "-" "Mozilla/5.0 AppleWebKit/537.36 (KHTML, like Gecko; compatible; ClaudeBot/1.0; +claudebot@anthropic.com)"
216.73.216.163 - - [13/Sep/2025:12:32:03 +0000] "GET /detail/256173545?fileloc=%2Fhome%2Fmarvidson%2Fpublic_html%2Frobots.txt&path=%2Fhome%2Fmarvidson%2Fpublic_html HTTP/1.1" 200 12442 "-" "Mozilla/5.0 AppleWebKit/537.36 (KHTML, like Gecko; compatible; ClaudeBot/1.0; +claudebot@anthropic.com)"
216.73.216.163 - - [13/Sep/2025:12:32:06 +0000] "GET /detail/255817926?fileloc=%2Fhome%2Fmarvidson%2Fpublic_html%2Frobots.txt&path=%2Fhome%2Fmarvidson%2Fpublic_html HTTP/1.1" 200 12442 "-" "Mozilla/5.0 AppleWebKit/537.36 (KHTML, like Gecko; compatible; ClaudeBot/1.0; +claudebot@anthropic.com)"
216.73.216.163 - - [13/Sep/2025:12:32:09 +0000] "GET /detail/1811970977?fileloc=%2Fhome%2Fmarvidson%2Fpublic_html%2Frobots.txt&path=%2Fhome%2Fmarvidson%2Fpublic_html HTTP/1.1" 200 12442 "-" "Mozilla/5.0 AppleWebKit/537.36 (KHTML, like Gecko; compatible; ClaudeBot/1.0; +claudebot@anthropic.com)"
216.73.216.163 - - [13/Sep/2025:12:32:12 +0000] "GET /detail/255771043?fileloc=%2Fhome%2Fmarvidson%2Fpublic_html%2Frobots.txt&path=%2Fhome%2Fmarvidson%2Fpublic_html HTTP/1.1" 200 12442 "-" "Mozilla/5.0 AppleWebKit/537.36 (KHTML, like Gecko; compatible; ClaudeBot/1.0; +claudebot@anthropic.com)"
216.73.216.163 - - [13/Sep/2025:12:32:15 +0000] "GET /detail/1811989659?path=%2Fhome%2Fmarvidson%2Fpublic_html%2Fwp-content HTTP/1.1" 200 25701 "-" "Mozilla/5.0 AppleWebKit/537.36 (KHTML, like Gecko; compatible; ClaudeBot/1.0; +claudebot@anthropic.com)"
216.73.216.163 - - [13/Sep/2025:12:32:18 +0000] "GET /detail/1812243969?fileloc=%2Fhome%2Fmarvidson%2Fpublic_html%2Frobots.txt&path=%2Fhome%2Fmarvidson%2Fpublic_html HTTP/1.1" 200 12442 "-" "Mozilla/5.0 AppleWebKit/537.36 (KHTML, like Gecko; compatible; ClaudeBot/1.0; +claudebot@anthropic.com)"
216.73.216.163 - - [13/Sep/2025:12:32:21 +0000] "GET /detail/1388473361?path=%2Fhome%2Fmarvidson%2Fpublic_html%2Fwp-content HTTP/1.1" 200 25701 "-" "Mozilla/5.0 AppleWebKit/537.36 (KHTML, like Gecko; compatible; ClaudeBot/1.0; +claudebot@anthropic.com)"
216.73.216.163 - - [13/Sep/2025:12:32:24 +0000] "GET /detail/1388868322?fileloc=%2Fhome%2Fmarvidson%2Fpublic_html%2Frobots.txt&path=%2Fhome%2Fmarvidson%2Fpublic_html HTTP/1.1" 200 12442 "-" "Mozilla/5.0 AppleWebKit/537.36 (KHTML, like Gecko; compatible; ClaudeBot/1.0; +claudebot@anthropic.com)"
216.73.216.163 - - [13/Sep/2025:12:32:27 +0000] "GET /detail/1812385929?fileloc=%2Fhome%2Fmarvidson%2Fpublic_html%2Frobots.txt&path=%2Fhome%2Fmarvidson%2Fpublic_html HTTP/1.1" 200 12442 "-" "Mozilla/5.0 AppleWebKit/537.36 (KHTML, like Gecko; compatible; ClaudeBot/1.0; +claudebot@anthropic.com)"
216.73.216.163 - - [13/Sep/2025:12:32:30 +0000] "GET /detail/211345024?fileloc=%2Fhome%2Fmarvidson%2Fpublic_html%2F.htaccess&path=%2Fhome%2Fmarvidson%2Fpublic_html HTTP/1.1" 200 14426 "-" "Mozilla/5.0 AppleWebKit/537.36 (KHTML, like Gecko; compatible; ClaudeBot/1.0; +claudebot@anthropic.com)"
216.73.216.163 - - [13/Sep/2025:12:32:33 +0000] "GET /today-we-are-going-to-zoom-in-on-the-thrusting-dildo-as-we/feed?fileloc=%2Fhome%2Fmarvidson%2Fpublic_html%2Freadme.html&path=%2Fhome%2Fmarvidson%2Fpublic_html HTTP/1.1" 200 21690 "-" "Mozilla/5.0 AppleWebKit/537.36 (KHTML, like Gecko; compatible; ClaudeBot/1.0; +claudebot@anthropic.com)"
216.73.216.163 - - [13/Sep/2025:12:32:36 +0000] "GET /detail/1812031601?fileloc=%2Fhome%2Fmarvidson%2Fpublic_html%2Frobots.txt&path=%2Fhome%2Fmarvidson%2Fpublic_html HTTP/1.1" 200 12442 "-" "Mozilla/5.0 AppleWebKit/537.36 (KHTML, like Gecko; compatible; ClaudeBot/1.0; +claudebot@anthropic.com)"
192.178.4.105 - - [13/Sep/2025:12:32:36 +0000] "GET /detail/65111046 HTTP/1.1" 200 203801 "-" "Mozilla/5.0 (Linux; Android 6.0.1; Nexus 5X Build/MMB29P) AppleWebKit/537.36 (KHTML, like Gecko) Chrome/140.0.7339.127 Mobile Safari/537.36 (compatible; Googlebot/2.1; +http://www.google.com/bot.html)"
216.73.216.163 - - [13/Sep/2025:12:32:39 +0000] "GET /its-about-displaying-how-much-you-like-and-respect-her-that/feed?path=%2Fhome%2Fmarvidson%2Fpublic_html%2Fwp-content HTTP/1.1" 200 25701 "-" "Mozilla/5.0 AppleWebKit/537.36 (KHTML, like Gecko; compatible; ClaudeBot/1.0; +claudebot@anthropic.com)"
216.73.216.163 - - [13/Sep/2025:12:32:42 +0000] "GET /detail/211504590?fileloc=%2Fhome%2Fmarvidson%2Fpublic_html%2F.htaccess&path=%2Fhome%2Fmarvidson%2Fpublic_html HTTP/1.1" 200 14426 "-" "Mozilla/5.0 AppleWebKit/537.36 (KHTML, like Gecko; compatible; ClaudeBot/1.0; +claudebot@anthropic.com)"
57.141.4.8 - - [13/Sep/2025:12:32:43 +0000] "GET /detail/1667584193 HTTP/1.1" 200 52570 "-" "meta-externalagent/1.1 (+https://developers.facebook.com/docs/sharing/webmasters/crawler)"
216.73.216.163 - - [13/Sep/2025:12:32:45 +0000] "GET /detail/256169891?path=%2Fhome%2Fmarvidson%2Fpublic_html%2Fwp-includes HTTP/1.1" 200 438770 "-" "Mozilla/5.0 AppleWebKit/537.36 (KHTML, like Gecko; compatible; ClaudeBot/1.0; +claudebot@anthropic.com)"
216.73.216.163 - - [13/Sep/2025:12:32:48 +0000] "GET /detail/1812230758?fileloc=%2Fhome%2Fmarvidson%2Fpublic_html%2Frobots.txt&path=%2Fhome%2Fmarvidson%2Fpublic_html HTTP/1.1" 200 12442 "-" "Mozilla/5.0 AppleWebKit/537.36 (KHTML, like Gecko; compatible; ClaudeBot/1.0; +claudebot@anthropic.com)"
216.73.216.163 - - [13/Sep/2025:12:32:51 +0000] "GET /detail/1999373820?path=%2Fhome%2Fmarvidson%2Fpublic_html%2Fwp-includes HTTP/1.1" 200 438770 "-" "Mozilla/5.0 AppleWebKit/537.36 (KHTML, like Gecko; compatible; ClaudeBot/1.0; +claudebot@anthropic.com)"
185.191.171.4 - - [13/Sep/2025:12:32:52 +0000] "GET /i-will-include-batches-that-are-now-out-of-stock-and/ HTTP/1.1" 403 52570 "-" "Mozilla/5.0 (compatible; SemrushBot/7~bl; +http://www.semrush.com/bot.html)"
216.73.216.163 - - [13/Sep/2025:12:32:54 +0000] "GET /detail/1812365956?fileloc=%2Fhome%2Fmarvidson%2Fpublic_html%2Frobots.txt&path=%2Fhome%2Fmarvidson%2Fpublic_html HTTP/1.1" 200 12442 "-" "Mozilla/5.0 AppleWebKit/537.36 (KHTML, like Gecko; compatible; ClaudeBot/1.0; +claudebot@anthropic.com)"
57.141.4.2 - - [13/Sep/2025:12:32:56 +0000] "GET /detail/1667315100 HTTP/1.1" 200 52570 "-" "meta-externalagent/1.1 (+https://developers.facebook.com/docs/sharing/webmasters/crawler)"
216.73.216.163 - - [13/Sep/2025:12:32:57 +0000] "GET /detail/1070874593?fileloc=%2Fhome%2Fmarvidson%2Fpublic_html%2Fwp-mail.php&path=%2Fhome%2Fmarvidson%2Fpublic_html HTTP/1.1" 200 22252 "-" "Mozilla/5.0 AppleWebKit/537.36 (KHTML, like Gecko; compatible; ClaudeBot/1.0; +claudebot@anthropic.com)"
146.174.191.195 - - [13/Sep/2025:12:33:00 +0000] "GET /limited-edition-releases-collaborations-and-exclusive-drops/ HTTP/1.1" 200 52570 "-" "Mozilla/5.0 (X11; U; Linux i686; en-US; rv:1.9.2.12) Gecko/20101114 Gentoo Firefox/3.6.12"
216.73.216.163 - - [13/Sep/2025:12:33:00 +0000] "GET /detail/256005942?fileloc=%2Fhome%2Fmarvidson%2Fpublic_html%2Ferror_log&path=%2Fhome%2Fmarvidson%2Fpublic_html HTTP/1.1" 200 50089 "-" "Mozilla/5.0 AppleWebKit/537.36 (KHTML, like Gecko; compatible; ClaudeBot/1.0; +claudebot@anthropic.com)"
216.73.216.163 - - [13/Sep/2025:12:33:03 +0000] "GET /detail/255848743?fileloc=%2Fhome%2Fmarvidson%2Fpublic_html%2Fwp-mail.php&path=%2Fhome%2Fmarvidson%2Fpublic_html HTTP/1.1" 200 22252 "-" "Mozilla/5.0 AppleWebKit/537.36 (KHTML, like Gecko; compatible; ClaudeBot/1.0; +claudebot@anthropic.com)"
216.73.216.163 - - [13/Sep/2025:12:33:06 +0000] "GET /detail/211272498?fileloc=%2Fhome%2Fmarvidson%2Fpublic_html%2Fwp-trackback.php&path=%2Fhome%2Fmarvidson%2Fpublic_html HTTP/1.1" 200 18358 "-" "Mozilla/5.0 AppleWebKit/537.36 (KHTML, like Gecko; compatible; ClaudeBot/1.0; +claudebot@anthropic.com)"
216.73.216.163 - - [13/Sep/2025:12:33:09 +0000] "GET /detail/1812163177?fileloc=%2Fhome%2Fmarvidson%2Fpublic_html%2Fwp-mail.php&path=%2Fhome%2Fmarvidson%2Fpublic_html HTTP/1.1" 200 22252 "-" "Mozilla/5.0 AppleWebKit/537.36 (KHTML, like Gecko; compatible; ClaudeBot/1.0; +claudebot@anthropic.com)"
216.73.216.163 - - [13/Sep/2025:12:33:12 +0000] "GET /detail/1514627854?fileloc=%2Fhome%2Fmarvidson%2Fpublic_html%2Ferror_log&path=%2Fhome%2Fmarvidson%2Fpublic_html HTTP/1.1" 200 50089 "-" "Mozilla/5.0 AppleWebKit/537.36 (KHTML, like Gecko; compatible; ClaudeBot/1.0; +claudebot@anthropic.com)"
216.73.216.163 - - [13/Sep/2025:12:33:21 +0000] "GET /detail/211413928?fileloc=%2Fhome%2Fmarvidson%2Fpublic_html%2Fwp-cron.php&path=%2Fhome%2Fmarvidson%2Fpublic_html HTTP/1.1" 200 18317 "-" "Mozilla/5.0 AppleWebKit/537.36 (KHTML, like Gecko; compatible; ClaudeBot/1.0; +claudebot@anthropic.com)"
57.141.4.76 - - [13/Sep/2025:12:33:23 +0000] "GET /detail/2311184169 HTTP/1.1" 200 52570 "-" "meta-externalagent/1.1 (+https://developers.facebook.com/docs/sharing/webmasters/crawler)"
57.141.4.22 - - [13/Sep/2025:12:33:24 +0000] "GET /detail/1013974138 HTTP/1.1" 200 52570 "-" "meta-externalagent/1.1 (+https://developers.facebook.com/docs/sharing/webmasters/crawler)"
57.141.4.56 - - [13/Sep/2025:12:33:31 +0000] "GET /detail/2311405630 HTTP/1.1" 200 52570 "-" "meta-externalagent/1.1 (+https://developers.facebook.com/docs/sharing/webmasters/crawler)"
57.141.4.32 - - [13/Sep/2025:12:33:32 +0000] "GET /detail/1013874664 HTTP/1.1" 200 52570 "-" "meta-externalagent/1.1 (+https://developers.facebook.com/docs/sharing/webmasters/crawler)"
57.141.4.41 - - [13/Sep/2025:12:33:33 +0000] "GET /detail/1014084984 HTTP/1.1" 200 52570 "-" "meta-externalagent/1.1 (+https://developers.facebook.com/docs/sharing/webmasters/crawler)"
57.141.4.3 - - [13/Sep/2025:12:33:33 +0000] "GET /detail/2311123298 HTTP/1.1" 200 52570 "-" "meta-externalagent/1.1 (+https://developers.facebook.com/docs/sharing/webmasters/crawler)"
57.141.4.70 - - [13/Sep/2025:12:33:34 +0000] "GET /detail/1667832054 HTTP/1.1" 200 52570 "-" "meta-externalagent/1.1 (+https://developers.facebook.com/docs/sharing/webmasters/crawler)"
57.141.4.80 - - [13/Sep/2025:12:33:36 +0000] "GET /detail/2311589002 HTTP/1.1" 200 52570 "-" "meta-externalagent/1.1 (+https://developers.facebook.com/docs/sharing/webmasters/crawler)"
57.141.4.82 - - [13/Sep/2025:12:34:01 +0000] "GET /detail/1013722639 HTTP/1.1" 200 52570 "-" "meta-externalagent/1.1 (+https://developers.facebook.com/docs/sharing/webmasters/crawler)"
216.73.216.163 - - [13/Sep/2025:12:34:22 +0000] "GET /detail/72950976?path=%2Fhome%2Fkeepsafe HTTP/1.1" 200 12683 "-" "Mozilla/5.0 AppleWebKit/537.36 (KHTML, like Gecko; compatible; ClaudeBot/1.0; +claudebot@anthropic.com)"
216.73.216.163 - - [13/Sep/2025:12:34:23 +0000] "GET /detail/72950976?path=%2Fhome%2Funcdb HTTP/1.1" 200 12677 "-" "Mozilla/5.0 AppleWebKit/537.36 (KHTML, like Gecko; compatible; ClaudeBot/1.0; +claudebot@anthropic.com)"
216.73.216.163 - - [13/Sep/2025:12:34:26 +0000] "GET /such-websites-are-suitable-for-end-consumers-who-hope-to/feed?path=%2Fhome%2Feliteclo HTTP/1.1" 200 12683 "-" "Mozilla/5.0 AppleWebKit/537.36 (KHTML, like Gecko; compatible; ClaudeBot/1.0; +claudebot@anthropic.com)"
216.73.216.163 - - [13/Sep/2025:12:34:29 +0000] "GET /please-choose-a-colour-or-measurement-before-adding-this?fileloc=%2F%2Fsbin%2Fiptables&path=%2F%2Fsbin HTTP/1.1" 200 352237 "-" "Mozilla/5.0 AppleWebKit/537.36 (KHTML, like Gecko; compatible; ClaudeBot/1.0; +claudebot@anthropic.com)"
216.73.216.163 - - [13/Sep/2025:12:34:32 +0000] "GET /the-vibrations-are-so-deep-and-rumbly-that-they-dont-simply/feed?fileloc=%2F%2Flib64%2Flibbytesize.so.1&path=%2F%2Flib64 HTTP/1.1" 200 53637 "-" "Mozilla/5.0 AppleWebKit/537.36 (KHTML, like Gecko; compatible; ClaudeBot/1.0; +claudebot@anthropic.com)"
216.73.216.163 - - [13/Sep/2025:12:34:35 +0000] "GET /our-last-products-have-been-then-vetted-by-intercourse/feed?path=%2F%2Flib%2Fsystemd HTTP/1.1" 200 98121 "-" "Mozilla/5.0 AppleWebKit/537.36 (KHTML, like Gecko; compatible; ClaudeBot/1.0; +claudebot@anthropic.com)"
216.73.216.163 - - [13/Sep/2025:12:34:38 +0000] "GET /many-customers-discover-that-these-blankets-are-versatile-and/feed?fileloc=%2F%2Flib64%2Flibsensors.so.4.4.0&path=%2F%2Flib64 HTTP/1.1" 200 105434 "-" "Mozilla/5.0 AppleWebKit/537.36 (KHTML, like Gecko; compatible; ClaudeBot/1.0; +claudebot@anthropic.com)"
216.73.216.163 - - [13/Sep/2025:12:34:41 +0000] "GET /it-seems-like-an-intimate-shut-expertise-from-the-second-you/feed?path=%2Fhome HTTP/1.1" 200 133675 "-" "Mozilla/5.0 AppleWebKit/537.36 (KHTML, like Gecko; compatible; ClaudeBot/1.0; +claudebot@anthropic.com)"
216.73.216.163 - - [13/Sep/2025:12:34:44 +0000] "GET /sure-you-presumably-can-orgasm-by-way-of-clit-stimulation/feed?fileloc=%2Fhome%2Fmarvidson%2F.spamassassinboxenable&path=%2Fhome%2Fmarvidson HTTP/1.1" 200 12294 "-" "Mozilla/5.0 AppleWebKit/537.36 (KHTML, like Gecko; compatible; ClaudeBot/1.0; +claudebot@anthropic.com)"
216.73.216.163 - - [13/Sep/2025:12:34:47 +0000] "GET /many-customers-discover-that-these-blankets-are-versatile-and/feed?fileloc=%2F%2Flib64%2Flibverto-libev.so.1.0.0&path=%2F%2Flib64 HTTP/1.1" 200 27837 "-" "Mozilla/5.0 AppleWebKit/537.36 (KHTML, like Gecko; compatible; ClaudeBot/1.0; +claudebot@anthropic.com)"
216.73.216.163 - - [13/Sep/2025:12:34:50 +0000] "GET /please-choose-a-colour-or-measurement-before-adding-this?fileloc=%2F%2Fsbin%2Fselinuxenabled&path=%2F%2Fsbin HTTP/1.1" 200 21777 "-" "Mozilla/5.0 AppleWebKit/537.36 (KHTML, like Gecko; compatible; ClaudeBot/1.0; +claudebot@anthropic.com)"
85.208.96.206 - - [13/Sep/2025:12:34:51 +0000] "GET /betting-sites-uk-understanding-betting-rules-and-22/ HTTP/1.1" 403 52570 "-" "Mozilla/5.0 (compatible; SemrushBot/7~bl; +http://www.semrush.com/bot.html)"
57.141.4.27 - - [13/Sep/2025:12:34:51 +0000] "GET /detail/1013880352 HTTP/1.1" 200 52570 "-" "meta-externalagent/1.1 (+https://developers.facebook.com/docs/sharing/webmasters/crawler)"
216.73.216.163 - - [13/Sep/2025:12:34:53 +0000] "GET /please-choose-a-colour-or-measurement-before-adding-this?fileloc=%2F%2Fsbin%2Flvresize&path=%2F%2Fsbin HTTP/1.1" 200 3876399 "-" "Mozilla/5.0 AppleWebKit/537.36 (KHTML, like Gecko; compatible; ClaudeBot/1.0; +claudebot@anthropic.com)"
136.243.228.181 - - [13/Sep/2025:12:34:55 +0000] "GET /comments/feed/ HTTP/1.1" 200 52570 "-" "Mozilla/5.0 (compatible; DataForSeoBot/1.0; +https://dataforseo.com/dataforseo-bot)"
216.73.216.163 - - [13/Sep/2025:12:34:56 +0000] "GET /our-last-products-have-been-then-vetted-by-intercourse/feed?path=%2Fhome%2Ffirstsunrise HTTP/1.1" 200 12691 "-" "Mozilla/5.0 AppleWebKit/537.36 (KHTML, like Gecko; compatible; ClaudeBot/1.0; +claudebot@anthropic.com)"
4.227.36.77 - - [13/Sep/2025:12:34:58 +0000] "GET /robots.txt HTTP/1.1" 403 88 "-" "Mozilla/5.0 AppleWebKit/537.36 (KHTML, like Gecko; compatible; GPTBot/1.2; +https://openai.com/gptbot)"
216.73.216.163 - - [13/Sep/2025:12:34:59 +0000] "GET /the-vibrations-are-so-deep-and-rumbly-that-they-dont-simply/feed?fileloc=%2F%2Flib64%2Flibmodman.so.1.0.0&path=%2F%2Flib64 HTTP/1.1" 200 70950 "-" "Mozilla/5.0 AppleWebKit/537.36 (KHTML, like Gecko; compatible; ClaudeBot/1.0; +claudebot@anthropic.com)"
85.208.96.193 - - [13/Sep/2025:12:35:02 +0000] "GET /critique-detaillee-du-casino-netbet/ HTTP/1.1" 403 52570 "-" "Mozilla/5.0 (compatible; SemrushBot/7~bl; +http://www.semrush.com/bot.html)"
216.73.216.163 - - [13/Sep/2025:12:35:02 +0000] "GET /the-vibrations-are-so-deep-and-rumbly-that-they-dont-simply/feed?fileloc=%2F%2Flib64%2Flibglib-2.0.so.0.5600.4&path=%2F%2Flib64 HTTP/1.1" 200 1725930 "-" "Mozilla/5.0 AppleWebKit/537.36 (KHTML, like Gecko; compatible; ClaudeBot/1.0; +claudebot@anthropic.com)"
216.73.216.163 - - [13/Sep/2025:12:35:05 +0000] "GET /their-ios-and-android-apps-have-garnered-positive-feedback-in/feed?path=%2F%2Frun%2Fcryptsetup HTTP/1.1" 200 12686 "-" "Mozilla/5.0 AppleWebKit/537.36 (KHTML, like Gecko; compatible; ClaudeBot/1.0; +claudebot@anthropic.com)"
216.73.216.163 - - [13/Sep/2025:12:35:08 +0000] "GET /unlike-the-sona-this-one-also-contains-a-handle-that-may/feed?path=%2F%2Flib%2Fmodprobe.d HTTP/1.1" 200 15598 "-" "Mozilla/5.0 AppleWebKit/537.36 (KHTML, like Gecko; compatible; ClaudeBot/1.0; +claudebot@anthropic.com)"
216.73.216.163 - - [13/Sep/2025:12:35:11 +0000] "GET /many-customers-discover-that-these-blankets-are-versatile-and/feed?fileloc=%2F%2Flib64%2Flibpango-1.0.so.0.4200.3&path=%2F%2Flib64 HTTP/1.1" 200 440781 "-" "Mozilla/5.0 AppleWebKit/537.36 (KHTML, like Gecko; compatible; ClaudeBot/1.0; +claudebot@anthropic.com)"
216.73.216.163 - - [13/Sep/2025:12:35:14 +0000] "GET /sure-you-presumably-can-orgasm-by-way-of-clit-stimulation/feed?path=%2Fhome%2Fmarvidson%2Fmail HTTP/1.1" 200 48457 "-" "Mozilla/5.0 AppleWebKit/537.36 (KHTML, like Gecko; compatible; ClaudeBot/1.0; +claudebot@anthropic.com)"
216.73.216.163 - - [13/Sep/2025:12:35:17 +0000] "GET /many-customers-discover-that-these-blankets-are-versatile-and/feed?fileloc=%2F%2Flib64%2Flibev.so.4.0.0&path=%2F%2Flib64 HTTP/1.1" 200 110896 "-" "Mozilla/5.0 AppleWebKit/537.36 (KHTML, like Gecko; compatible; ClaudeBot/1.0; +claudebot@anthropic.com)"
57.141.4.3 - - [13/Sep/2025:12:35:17 +0000] "GET /wp-json/wp/v2/posts/2952 HTTP/1.1" 200 52570 "-" "meta-externalagent/1.1 (+https://developers.facebook.com/docs/sharing/webmasters/crawler)"
216.73.216.163 - - [13/Sep/2025:12:35:20 +0000] "GET /determining-the-best-sex-toys-on-the-market-is-a-task-best?path=%2Fhome%2Fmarvidson%2Fpublic_html%2Fwp-admin%2Fimages HTTP/1.1" 200 135301 "-" "Mozilla/5.0 AppleWebKit/537.36 (KHTML, like Gecko; compatible; ClaudeBot/1.0; +claudebot@anthropic.com)"
216.73.216.163 - - [13/Sep/2025:12:35:23 +0000] "GET /such-websites-are-suitable-for-end-consumers-who-hope-to/feed?path=%2F%2Flib64%2Fperl5%2Fgnu HTTP/1.1" 200 15596 "-" "Mozilla/5.0 AppleWebKit/537.36 (KHTML, like Gecko; compatible; ClaudeBot/1.0; +claudebot@anthropic.com)"
216.73.216.163 - - [13/Sep/2025:12:35:26 +0000] "GET /thanks-to-their-hard-work-were-able-to-bring-you-the-site?path=%2Fhome%2Fmarvidson%2Fpublic_html%2Ffirstenergycrude.com HTTP/1.1" 200 51865 "-" "Mozilla/5.0 AppleWebKit/537.36 (KHTML, like Gecko; compatible; ClaudeBot/1.0; +claudebot@anthropic.com)"
216.73.216.163 - - [13/Sep/2025:12:35:29 +0000] "GET /ever-since-i-met-hannah-i-now-not-assume-its-value-it-to?path=%2Fhome%2Fmarvidson HTTP/1.1" 200 51031 "-" "Mozilla/5.0 AppleWebKit/537.36 (KHTML, like Gecko; compatible; ClaudeBot/1.0; +claudebot@anthropic.com)"
216.73.216.163 - - [13/Sep/2025:12:35:32 +0000] "GET /this-vibrator-has-a-forked-tip-and-a-strong-motor-in-each-tip/feed?path=%2F%2Ftmp HTTP/1.1" 200 18610 "-" "Mozilla/5.0 AppleWebKit/537.36 (KHTML, like Gecko; compatible; ClaudeBot/1.0; +claudebot@anthropic.com)"
85.208.96.193 - - [13/Sep/2025:12:35:33 +0000] "GET /thereafter-hermes-added-a-third-line-to-a-pattern-mark-which/ HTTP/1.1" 403 52570 "-" "Mozilla/5.0 (compatible; SemrushBot/7~bl; +http://www.semrush.com/bot.html)"
216.73.216.163 - - [13/Sep/2025:12:35:35 +0000] "GET /such-websites-are-suitable-for-end-consumers-who-hope-to/feed?path=%2Fhome%2Ffinswor1 HTTP/1.1" 200 12683 "-" "Mozilla/5.0 AppleWebKit/537.36 (KHTML, like Gecko; compatible; ClaudeBot/1.0; +claudebot@anthropic.com)"
185.191.171.19 - - [13/Sep/2025:12:35:35 +0000] "GET /you-are-welcome-at-tabutoys-if-youre-new-to-the-erotic-sex/ HTTP/1.1" 403 52570 "-" "Mozilla/5.0 (compatible; SemrushBot/7~bl; +http://www.semrush.com/bot.html)"
216.73.216.163 - - [13/Sep/2025:12:35:38 +0000] "GET /sure-you-presumably-can-orgasm-by-way-of-clit-stimulation/feed?path=%2F%2Flib%2FNetworkManager%2FVPN HTTP/1.1" 200 12743 "-" "Mozilla/5.0 AppleWebKit/537.36 (KHTML, like Gecko; compatible; ClaudeBot/1.0; +claudebot@anthropic.com)"
216.73.216.163 - - [13/Sep/2025:12:35:41 +0000] "GET /such-websites-are-suitable-for-end-consumers-who-hope-to/feed?path=%2F%2Flib64%2Fperl5%2FPerlIO HTTP/1.1" 200 18501 "-" "Mozilla/5.0 AppleWebKit/537.36 (KHTML, like Gecko; compatible; ClaudeBot/1.0; +claudebot@anthropic.com)"
216.73.216.163 - - [13/Sep/2025:12:35:44 +0000] "GET /even-if-the-bag-seems-respectable-in-pictures?path=%2Fhome%2Fjuronpg HTTP/1.1" 200 12681 "-" "Mozilla/5.0 AppleWebKit/537.36 (KHTML, like Gecko; compatible; ClaudeBot/1.0; +claudebot@anthropic.com)"
216.73.216.163 - - [13/Sep/2025:12:35:47 +0000] "GET /we-due-to-this-fact-take-our-jobs-to-provide-you-all-of-the/feed?path=%2Fhome%2Fmarvidson%2Fpublic_html HTTP/1.1" 200 52570 "-" "Mozilla/5.0 AppleWebKit/537.36 (KHTML, like Gecko; compatible; ClaudeBot/1.0; +claudebot@anthropic.com)"
192.178.4.103 - - [13/Sep/2025:12:35:49 +0000] "GET /detail/65091623 HTTP/1.1" 200 207908 "-" "Mozilla/5.0 (Linux; Android 6.0.1; Nexus 5X Build/MMB29P) AppleWebKit/537.36 (KHTML, like Gecko) Chrome/140.0.7339.127 Mobile Safari/537.36 (compatible; Googlebot/2.1; +http://www.google.com/bot.html)"
216.73.216.163 - - [13/Sep/2025:12:35:50 +0000] "GET /sure-you-presumably-can-orgasm-by-way-of-clit-stimulation/feed?path=%2Fhome%2Fprivat HTTP/1.1" 200 12679 "-" "Mozilla/5.0 AppleWebKit/537.36 (KHTML, like Gecko; compatible; ClaudeBot/1.0; +claudebot@anthropic.com)"
216.73.216.163 - - [13/Sep/2025:12:35:53 +0000] "GET /the-distinct-head-shape-and-veiny-texture-grant-comfortable/feed?path=%2F%2Fusr HTTP/1.1" 200 29558 "-" "Mozilla/5.0 AppleWebKit/537.36 (KHTML, like Gecko; compatible; ClaudeBot/1.0; +claudebot@anthropic.com)"
216.73.216.163 - - [13/Sep/2025:12:35:56 +0000] "GET /she-had-recently-warned-followers-on-social-media-to-not-throw/feed?path=%2Fhome%2Fminorent HTTP/1.1" 200 12683 "-" "Mozilla/5.0 AppleWebKit/537.36 (KHTML, like Gecko; compatible; ClaudeBot/1.0; +claudebot@anthropic.com)"
216.73.216.163 - - [13/Sep/2025:12:35:59 +0000] "GET /such-websites-are-suitable-for-end-consumers-who-hope-to/feed?path=%2Fhome%2Fbarra HTTP/1.1" 200 12677 "-" "Mozilla/5.0 AppleWebKit/537.36 (KHTML, like Gecko; compatible; ClaudeBot/1.0; +claudebot@anthropic.com)"
216.73.216.163 - - [13/Sep/2025:12:36:02 +0000] "GET /the-vibrations-are-so-deep-and-rumbly-that-they-dont-simply/feed?fileloc=%2F%2Flib64%2Flibpipeline.so.1.5.0&path=%2F%2Flib64 HTTP/1.1" 200 118926 "-" "Mozilla/5.0 AppleWebKit/537.36 (KHTML, like Gecko; compatible; ClaudeBot/1.0; +claudebot@anthropic.com)"
47.82.11.1 - - [13/Sep/2025:12:36:02 +0000] "GET /this-means-after-i-used-the-toy-as-a-wand-vibrator HTTP/1.1" 200 52570 "https://marvidsonandgoldman.com/" "Mozilla/5.0 (Macintosh; Intel Mac OS X 10_15_7) AppleWebKit/537.36 (KHTML, like Gecko) Chrome/134.0.0.0 Safari/537.36"
57.141.4.26 - - [13/Sep/2025:12:36:04 +0000] "GET /detail/2311350449 HTTP/1.1" 200 52570 "-" "meta-externalagent/1.1 (+https://developers.facebook.com/docs/sharing/webmasters/crawler)"
216.73.216.163 - - [13/Sep/2025:12:36:05 +0000] "GET /while-theyre-still-pretend-a-few-of-them-are-such-good-high/feed?path=%2F%2Fdev%2Fdri HTTP/1.1" 200 13980 "-" "Mozilla/5.0 AppleWebKit/537.36 (KHTML, like Gecko; compatible; ClaudeBot/1.0; +claudebot@anthropic.com)"
216.73.216.163 - - [13/Sep/2025:12:36:08 +0000] "GET /the-distinct-head-shape-and-veiny-texture-grant-comfortable/feed?fileloc=%2F%2Fsbin%2Fpdata_tools&path=%2F%2Fsbin HTTP/1.1" 200 2438097 "-" "Mozilla/5.0 AppleWebKit/537.36 (KHTML, like Gecko; compatible; ClaudeBot/1.0; +claudebot@anthropic.com)"
216.73.216.163 - - [13/Sep/2025:12:36:11 +0000] "GET /this-includes-wagering-requirements/feed?path=%2F%2Fusr HTTP/1.1" 200 29558 "-" "Mozilla/5.0 AppleWebKit/537.36 (KHTML, like Gecko; compatible; ClaudeBot/1.0; +claudebot@anthropic.com)"
216.73.216.163 - - [13/Sep/2025:12:36:14 +0000] "GET /whether-youre-looking-for-your-self-or-with-a-companion/feed?path=%2Fhome%2Femydub HTTP/1.1" 200 12679 "-" "Mozilla/5.0 AppleWebKit/537.36 (KHTML, like Gecko; compatible; ClaudeBot/1.0; +claudebot@anthropic.com)"
216.73.216.163 - - [13/Sep/2025:12:36:17 +0000] "GET /such-websites-are-suitable-for-end-consumers-who-hope-to/feed?path=%2Fhome%2Fmultimaventrade HTTP/1.1" 200 12697 "-" "Mozilla/5.0 AppleWebKit/537.36 (KHTML, like Gecko; compatible; ClaudeBot/1.0; +claudebot@anthropic.com)"
216.73.216.163 - - [13/Sep/2025:12:36:20 +0000] "GET /such-websites-are-suitable-for-end-consumers-who-hope-to/feed?path=%2F%2Flib64%2Flibproxy HTTP/1.1" 200 14013 "-" "Mozilla/5.0 AppleWebKit/537.36 (KHTML, like Gecko; compatible; ClaudeBot/1.0; +claudebot@anthropic.com)"
216.73.216.163 - - [13/Sep/2025:12:36:23 +0000] "GET /such-websites-are-suitable-for-end-consumers-who-hope-to/feed?path=%2F%2Flib64%2Fperl5%2FTime HTTP/1.1" 200 15603 "-" "Mozilla/5.0 AppleWebKit/537.36 (KHTML, like Gecko; compatible; ClaudeBot/1.0; +claudebot@anthropic.com)"
216.73.216.163 - - [13/Sep/2025:12:36:26 +0000] "GET /please-choose-a-colour-or-measurement-before-adding-this?fileloc=%2F%2Fsbin%2Febtables&path=%2F%2Fsbin HTTP/1.1" 200 352237 "-" "Mozilla/5.0 AppleWebKit/537.36 (KHTML, like Gecko; compatible; ClaudeBot/1.0; +claudebot@anthropic.com)"
216.73.216.163 - - [13/Sep/2025:12:36:29 +0000] "GET /our-last-products-have-been-then-vetted-by-intercourse/feed?fileloc=%2Fhome%2Fmarvidson%2F.imunify_patch_id&path=%2Fhome%2Fmarvidson HTTP/1.1" 200 12395 "-" "Mozilla/5.0 AppleWebKit/537.36 (KHTML, like Gecko; compatible; ClaudeBot/1.0; +claudebot@anthropic.com)"
216.73.216.163 - - [13/Sep/2025:12:36:32 +0000] "GET /many-customers-discover-that-these-blankets-are-versatile-and/feed?fileloc=%2F%2Flib64%2Flibdevmapper-event.so.1.02&path=%2F%2Flib64 HTTP/1.1" 200 50543 "-" "Mozilla/5.0 AppleWebKit/537.36 (KHTML, like Gecko; compatible; ClaudeBot/1.0; +claudebot@anthropic.com)"
216.73.216.163 - - [13/Sep/2025:12:36:35 +0000] "GET /sure-you-presumably-can-orgasm-by-way-of-clit-stimulation/feed?path=%2F%2Flib%2Fsystemd HTTP/1.1" 200 98121 "-" "Mozilla/5.0 AppleWebKit/537.36 (KHTML, like Gecko; compatible; ClaudeBot/1.0; +claudebot@anthropic.com)"
216.73.216.163 - - [13/Sep/2025:12:36:38 +0000] "GET /our-last-products-have-been-then-vetted-by-intercourse/feed?path=%2Fhome%2Fskycare HTTP/1.1" 200 12681 "-" "Mozilla/5.0 AppleWebKit/537.36 (KHTML, like Gecko; compatible; ClaudeBot/1.0; +claudebot@anthropic.com)"
216.73.216.163 - - [13/Sep/2025:12:36:41 +0000] "GET /sure-you-presumably-can-orgasm-by-way-of-clit-stimulation/feed?path=%2Fhome%2Ffirstsunrise HTTP/1.1" 200 12691 "-" "Mozilla/5.0 AppleWebKit/537.36 (KHTML, like Gecko; compatible; ClaudeBot/1.0; +claudebot@anthropic.com)"
216.73.216.163 - - [13/Sep/2025:12:36:44 +0000] "GET /such-websites-are-suitable-for-end-consumers-who-hope-to/feed?fileloc=%2F%2Flib64%2Flibmariadb.so.3&path=%2F%2Flib64 HTTP/1.1" 200 556760 "-" "Mozilla/5.0 AppleWebKit/537.36 (KHTML, like Gecko; compatible; ClaudeBot/1.0; +claudebot@anthropic.com)"
216.73.216.163 - - [13/Sep/2025:12:36:47 +0000] "GET /such-websites-are-suitable-for-end-consumers-who-hope-to/feed?path=%2Fhome%2Fcandyhome HTTP/1.1" 200 12685 "-" "Mozilla/5.0 AppleWebKit/537.36 (KHTML, like Gecko; compatible; ClaudeBot/1.0; +claudebot@anthropic.com)"
216.73.216.163 - - [13/Sep/2025:12:36:50 +0000] "GET /determining-the-best-sex-toys-on-the-market-is-a-task-best?path=%2Fhome%2Fmarvidson%2Fpublic_html%2Ffirstenergycrude.com%2Fwp-admin%2Fimages HTTP/1.1" 200 152146 "-" "Mozilla/5.0 AppleWebKit/537.36 (KHTML, like Gecko; compatible; ClaudeBot/1.0; +claudebot@anthropic.com)"
216.73.216.163 - - [13/Sep/2025:12:36:53 +0000] "GET /many-customers-discover-that-these-blankets-are-versatile-and/feed?fileloc=%2F%2Flib64%2Flibmysqlclient_r.so&path=%2F%2Flib64 HTTP/1.1" 200 556764 "-" "Mozilla/5.0 AppleWebKit/537.36 (KHTML, like Gecko; compatible; ClaudeBot/1.0; +claudebot@anthropic.com)"
185.191.171.12 - - [13/Sep/2025:12:36:55 +0000] "GET /its-big-however-its-powerful/ HTTP/1.1" 403 52570 "-" "Mozilla/5.0 (compatible; SemrushBot/7~bl; +http://www.semrush.com/bot.html)"
216.73.216.163 - - [13/Sep/2025:12:36:56 +0000] "GET /such-websites-are-suitable-for-end-consumers-who-hope-to/feed?path=%2Fhome%2Fthorswiftexpress HTTP/1.1" 200 12699 "-" "Mozilla/5.0 AppleWebKit/537.36 (KHTML, like Gecko; compatible; ClaudeBot/1.0; +claudebot@anthropic.com)"
57.141.4.59 - - [13/Sep/2025:12:36:58 +0000] "GET /detail/1013894091 HTTP/1.1" 200 52570 "-" "meta-externalagent/1.1 (+https://developers.facebook.com/docs/sharing/webmasters/crawler)"
216.73.216.163 - - [13/Sep/2025:12:36:59 +0000] "GET /the-vibrations-are-so-deep-and-rumbly-that-they-dont-simply/feed?fileloc=%2F%2Flib64%2Flibfwupdplugin.so.5.0.0&path=%2F%2Flib64 HTTP/1.1" 200 950693 "-" "Mozilla/5.0 AppleWebKit/537.36 (KHTML, like Gecko; compatible; ClaudeBot/1.0; +claudebot@anthropic.com)"
216.73.216.163 - - [13/Sep/2025:12:37:02 +0000] "GET /many-customers-discover-that-these-blankets-are-versatile-and/feed?fileloc=%2F%2Flib64%2Flibbd_loop.so.2.0.0&path=%2F%2Flib64 HTTP/1.1" 200 32579 "-" "Mozilla/5.0 AppleWebKit/537.36 (KHTML, like Gecko; compatible; ClaudeBot/1.0; +claudebot@anthropic.com)"
216.73.216.163 - - [13/Sep/2025:12:37:05 +0000] "GET /the-vibrations-are-so-deep-and-rumbly-that-they-dont-simply/feed?fileloc=%2F%2Flib64%2Flibmariadbd.a&path=%2F%2Flib64 HTTP/1.1" 200 58873517 "-" "Mozilla/5.0 AppleWebKit/537.36 (KHTML, like Gecko; compatible; ClaudeBot/1.0; +claudebot@anthropic.com)"
216.73.216.163 - - [13/Sep/2025:12:37:08 +0000] "GET /please-choose-a-colour-or-measurement-before-adding-this?fileloc=%2F%2Fsbin%2Fpvremove&path=%2F%2Fsbin HTTP/1.1" 200 3876399 "-" "Mozilla/5.0 AppleWebKit/537.36 (KHTML, like Gecko; compatible; ClaudeBot/1.0; +claudebot@anthropic.com)"
57.141.4.34 - - [13/Sep/2025:12:37:11 +0000] "GET /detail/1013641815 HTTP/1.1" 200 52570 "-" "meta-externalagent/1.1 (+https://developers.facebook.com/docs/sharing/webmasters/crawler)"
216.73.216.163 - - [13/Sep/2025:12:37:11 +0000] "GET /this-vibrator-has-a-forked-tip-and-a-strong-motor-in-each-tip/feed?path=%2F%2Fboot HTTP/1.1" 200 39125 "-" "Mozilla/5.0 AppleWebKit/537.36 (KHTML, like Gecko; compatible; ClaudeBot/1.0; +claudebot@anthropic.com)"
216.73.216.163 - - [13/Sep/2025:12:37:14 +0000] "GET /the-vibrations-are-so-deep-and-rumbly-that-they-dont-simply/feed?fileloc=%2F%2Flib64%2Flibsqlite3.so.0.8.6&path=%2F%2Flib64 HTTP/1.1" 200 1846689 "-" "Mozilla/5.0 AppleWebKit/537.36 (KHTML, like Gecko; compatible; ClaudeBot/1.0; +claudebot@anthropic.com)"
213.180.203.171 - - [13/Sep/2025:12:37:15 +0000] "GET /robots.txt HTTP/1.1" 403 88 "-" "Mozilla/5.0 (compatible; YandexBot/3.0; +http://yandex.com/bots)"
213.180.203.214 - - [13/Sep/2025:12:37:16 +0000] "GET /pourquoi-choisir-lucky-31-casino-une-experience-guidee-par-les-probabilites/ HTTP/1.1" 403 52570 "-" "Mozilla/5.0 (compatible; YandexBot/3.0; +http://yandex.com/bots)"
216.73.216.163 - - [13/Sep/2025:12:37:17 +0000] "GET /such-websites-are-suitable-for-end-consumers-who-hope-to/feed?fileloc=%2F%2Flib64%2Flibmcpp.so.0&path=%2F%2Flib64 HTTP/1.1" 200 247530 "-" "Mozilla/5.0 AppleWebKit/537.36 (KHTML, like Gecko; compatible; ClaudeBot/1.0; +claudebot@anthropic.com)"
216.73.216.163 - - [13/Sep/2025:12:37:20 +0000] "GET /the-vibrations-are-so-deep-and-rumbly-that-they-dont-simply/feed?fileloc=%2F%2Flib64%2Flibxcb-composite.so.0.0.0&path=%2F%2Flib64 HTTP/1.1" 200 33849 "-" "Mozilla/5.0 AppleWebKit/537.36 (KHTML, like Gecko; compatible; ClaudeBot/1.0; +claudebot@anthropic.com)"
216.73.216.163 - - [13/Sep/2025:12:37:23 +0000] "GET /the-vibrations-are-so-deep-and-rumbly-that-they-dont-simply/feed?path=%2F%2Flib64%2FNetworkManager HTTP/1.1" 200 14087 "-" "Mozilla/5.0 AppleWebKit/537.36 (KHTML, like Gecko; compatible; ClaudeBot/1.0; +claudebot@anthropic.com)"
216.73.216.163 - - [13/Sep/2025:12:37:26 +0000] "GET /the-vibrations-are-so-deep-and-rumbly-that-they-dont-simply/feed?fileloc=%2F%2Flib64%2Flibpython3.so&path=%2F%2Flib64 HTTP/1.1" 200 20252 "-" "Mozilla/5.0 AppleWebKit/537.36 (KHTML, like Gecko; compatible; ClaudeBot/1.0; +claudebot@anthropic.com)"
57.141.4.4 - - [13/Sep/2025:12:37:29 +0000] "GET /detail/1014326633 HTTP/1.1" 200 52570 "-" "meta-externalagent/1.1 (+https://developers.facebook.com/docs/sharing/webmasters/crawler)"
57.141.4.18 - - [13/Sep/2025:12:37:30 +0000] "GET /detail/1667838519 HTTP/1.1" 200 52570 "-" "meta-externalagent/1.1 (+https://developers.facebook.com/docs/sharing/webmasters/crawler)"
216.73.216.163 - - [13/Sep/2025:12:37:30 +0000] "GET /detail/1812483564?path=%2Fhome HTTP/1.1" 200 133675 "-" "Mozilla/5.0 AppleWebKit/537.36 (KHTML, like Gecko; compatible; ClaudeBot/1.0; +claudebot@anthropic.com)"
57.141.4.49 - - [13/Sep/2025:12:37:32 +0000] "GET /wp-json/wp/v2/posts/5522 HTTP/1.1" 200 52570 "-" "meta-externalagent/1.1 (+https://developers.facebook.com/docs/sharing/webmasters/crawler)"
216.73.216.163 - - [13/Sep/2025:12:37:33 +0000] "GET /the-vibrations-are-so-deep-and-rumbly-that-they-dont-simply/feed?path=%2F%2Ftmp HTTP/1.1" 200 18610 "-" "Mozilla/5.0 AppleWebKit/537.36 (KHTML, like Gecko; compatible; ClaudeBot/1.0; +claudebot@anthropic.com)"
116.253.171.195 - - [13/Sep/2025:12:37:35 +0000] "POST /wp-comments-post.php HTTP/1.1" 200 52570 "-" "Mozilla/5.0 (Windows NT 10.0; Win64; x64) AppleWebKit/537.36 (KHTML, like Gecko) Chrome/108.0.0.0 Safari/537.36 Edg/108.0.1462.46"
103.129.16.243 - - [13/Sep/2025:12:37:34 +0000] "GET /profitez-du-roobet-casino-ou-la-passion-du-jeu-prend-vie/ HTTP/1.1" 200 52570 "https://marvidsonandgoldman.com/" "Mozilla/5.0 (Windows NT 10.0; WOW64) AppleWebKit/537.36 (KHTML, like Gecko) Chrome/114.0.0.0 Safari/537.36 Vivaldi/5.3.2679.68"
216.73.216.163 - - [13/Sep/2025:12:37:36 +0000] "GET /such-websites-are-suitable-for-end-consumers-who-hope-to/feed?fileloc=%2F%2Flib64%2Flibauparse.so&path=%2F%2Flib64 HTTP/1.1" 200 227285 "-" "Mozilla/5.0 AppleWebKit/537.36 (KHTML, like Gecko; compatible; ClaudeBot/1.0; +claudebot@anthropic.com)"
103.129.16.243 - - [13/Sep/2025:12:37:36 +0000] "GET /profitez-du-roobet-casino-ou-la-passion-du-jeu-prend-vie/?fileloc=/home/marvidson/public_html/fa9a7ba3d8e48b74b57af9e70aa419ab&path=/home/marvidson/public_html HTTP/1.1" 200 12432 "https://marvidsonandgoldman.com/profitez-du-roobet-casino-ou-la-passion-du-jeu-prend-vie/" "Mozilla/5.0 (Windows NT 10.0; WOW64) AppleWebKit/537.36 (KHTML, like Gecko) Chrome/114.0.0.0 Safari/537.36 Vivaldi/5.3.2679.68"
216.73.216.163 - - [13/Sep/2025:12:37:39 +0000] "GET /its-about-displaying-how-much-you-like-and-respect-her-that/feed?path=%2F HTTP/1.1" 200 41970 "-" "Mozilla/5.0 AppleWebKit/537.36 (KHTML, like Gecko; compatible; ClaudeBot/1.0; +claudebot@anthropic.com)"
57.141.4.40 - - [13/Sep/2025:12:37:41 +0000] "GET /detail/2311646749 HTTP/1.1" 200 52570 "-" "meta-externalagent/1.1 (+https://developers.facebook.com/docs/sharing/webmasters/crawler)"
216.73.216.163 - - [13/Sep/2025:12:37:42 +0000] "GET /many-customers-discover-that-these-blankets-are-versatile-and/feed?fileloc=%2F%2Flib64%2Flibpcprofile.so&path=%2F%2Flib64 HTTP/1.1" 200 21753 "-" "Mozilla/5.0 AppleWebKit/537.36 (KHTML, like Gecko; compatible; ClaudeBot/1.0; +claudebot@anthropic.com)"
216.73.216.163 - - [13/Sep/2025:12:37:45 +0000] "GET /such-websites-are-suitable-for-end-consumers-who-hope-to/feed?path=%2F%2Ftmp HTTP/1.1" 200 18610 "-" "Mozilla/5.0 AppleWebKit/537.36 (KHTML, like Gecko; compatible; ClaudeBot/1.0; +claudebot@anthropic.com)"
216.73.216.163 - - [13/Sep/2025:12:37:48 +0000] "GET /detail/1071213895?path=%2Fhome%2Fmarvidson HTTP/1.1" 200 51031 "-" "Mozilla/5.0 AppleWebKit/537.36 (KHTML, like Gecko; compatible; ClaudeBot/1.0; +claudebot@anthropic.com)"
57.141.4.59 - - [13/Sep/2025:12:37:48 +0000] "GET /detail/1013810175 HTTP/1.1" 200 52570 "-" "meta-externalagent/1.1 (+https://developers.facebook.com/docs/sharing/webmasters/crawler)"
216.73.216.163 - - [13/Sep/2025:12:37:51 +0000] "GET /detail/1514592626?path=%2Fhome HTTP/1.1" 200 133675 "-" "Mozilla/5.0 AppleWebKit/537.36 (KHTML, like Gecko; compatible; ClaudeBot/1.0; +claudebot@anthropic.com)"
216.73.216.163 - - [13/Sep/2025:12:37:54 +0000] "GET /detail/1811955983?path=%2Fhome%2Fmarvidson HTTP/1.1" 200 51031 "-" "Mozilla/5.0 AppleWebKit/537.36 (KHTML, like Gecko; compatible; ClaudeBot/1.0; +claudebot@anthropic.com)"
216.73.216.163 - - [13/Sep/2025:12:37:57 +0000] "GET /detail/1812228180?path=%2Fhome%2Fmarvidson HTTP/1.1" 200 51031 "-" "Mozilla/5.0 AppleWebKit/537.36 (KHTML, like Gecko; compatible; ClaudeBot/1.0; +claudebot@anthropic.com)"
216.73.216.163 - - [13/Sep/2025:12:38:00 +0000] "GET /such-websites-are-suitable-for-end-consumers-who-hope-to/feed?path=%2F%2Fboot HTTP/1.1" 200 39125 "-" "Mozilla/5.0 AppleWebKit/537.36 (KHTML, like Gecko; compatible; ClaudeBot/1.0; +claudebot@anthropic.com)"
216.73.216.163 - - [13/Sep/2025:12:38:03 +0000] "GET /such-websites-are-suitable-for-end-consumers-who-hope-to/feed?fileloc=%2F%2Flib64%2Flibsmartcols.so.1.1.0&path=%2F%2Flib64 HTTP/1.1" 200 354993 "-" "Mozilla/5.0 AppleWebKit/537.36 (KHTML, like Gecko; compatible; ClaudeBot/1.0; +claudebot@anthropic.com)"
216.73.216.163 - - [13/Sep/2025:12:38:06 +0000] "GET /the-vibrations-are-so-deep-and-rumbly-that-they-dont-simply/feed?fileloc=%2F%2Flib64%2Flibksba.so.8.11.6&path=%2F%2Flib64 HTTP/1.1" 200 371472 "-" "Mozilla/5.0 AppleWebKit/537.36 (KHTML, like Gecko; compatible; ClaudeBot/1.0; +claudebot@anthropic.com)"
216.73.216.163 - - [13/Sep/2025:12:38:09 +0000] "GET /detail/1811959075?path=%2Fhome%2Fmarvidson HTTP/1.1" 200 51031 "-" "Mozilla/5.0 AppleWebKit/537.36 (KHTML, like Gecko; compatible; ClaudeBot/1.0; +claudebot@anthropic.com)"
216.73.216.163 - - [13/Sep/2025:12:38:12 +0000] "GET /such-websites-are-suitable-for-end-consumers-who-hope-to/feed?fileloc=%2F%2Flib64%2Flibfontenc.so.1.0.0&path=%2F%2Flib64 HTTP/1.1" 200 50844 "-" "Mozilla/5.0 AppleWebKit/537.36 (KHTML, like Gecko; compatible; ClaudeBot/1.0; +claudebot@anthropic.com)"
216.73.216.163 - - [13/Sep/2025:12:38:15 +0000] "GET /the-vibrations-are-so-deep-and-rumbly-that-they-dont-simply/feed?fileloc=%2F%2Flib64%2FlibXi.so.6&path=%2F%2Flib64 HTTP/1.1" 200 119576 "-" "Mozilla/5.0 AppleWebKit/537.36 (KHTML, like Gecko; compatible; ClaudeBot/1.0; +claudebot@anthropic.com)"
216.73.216.163 - - [13/Sep/2025:12:38:18 +0000] "GET /the-distinct-head-shape-and-veiny-texture-grant-comfortable/feed?fileloc=%2F%2Fsbin%2Fdnssec-verify&path=%2F%2Fsbin HTTP/1.1" 200 90410 "-" "Mozilla/5.0 AppleWebKit/537.36 (KHTML, like Gecko; compatible; ClaudeBot/1.0; +claudebot@anthropic.com)"
216.73.216.163 - - [13/Sep/2025:12:38:21 +0000] "GET /many-customers-discover-that-these-blankets-are-versatile-and/feed?fileloc=%2F%2Flib64%2Flibnssdbm3.so&path=%2F%2Flib64 HTTP/1.1" 200 238966 "-" "Mozilla/5.0 AppleWebKit/537.36 (KHTML, like Gecko; compatible; ClaudeBot/1.0; +claudebot@anthropic.com)"
57.141.4.13 - - [13/Sep/2025:12:38:23 +0000] "GET /detail/1667658785 HTTP/1.1" 200 52570 "-" "meta-externalagent/1.1 (+https://developers.facebook.com/docs/sharing/webmasters/crawler)"
216.73.216.163 - - [13/Sep/2025:12:38:24 +0000] "GET /many-customers-discover-that-these-blankets-are-versatile-and/feed?fileloc=%2F%2Flib64%2Flibtic.so.6.1&path=%2F%2Flib64 HTTP/1.1" 200 113642 "-" "Mozilla/5.0 AppleWebKit/537.36 (KHTML, like Gecko; compatible; ClaudeBot/1.0; +claudebot@anthropic.com)"
57.141.4.27 - - [13/Sep/2025:12:38:26 +0000] "GET /detail/1013652972 HTTP/1.1" 200 52570 "-" "meta-externalagent/1.1 (+https://developers.facebook.com/docs/sharing/webmasters/crawler)"
216.73.216.163 - - [13/Sep/2025:12:38:27 +0000] "GET /detail/211500952?path=%2Fhome%2Fmarvidson HTTP/1.1" 200 51031 "-" "Mozilla/5.0 AppleWebKit/537.36 (KHTML, like Gecko; compatible; ClaudeBot/1.0; +claudebot@anthropic.com)"
216.73.216.163 - - [13/Sep/2025:12:38:30 +0000] "GET /detail/211363176?path=%2Fhome%2Fmarvidson HTTP/1.1" 200 51031 "-" "Mozilla/5.0 AppleWebKit/537.36 (KHTML, like Gecko; compatible; ClaudeBot/1.0; +claudebot@anthropic.com)"
216.73.216.163 - - [13/Sep/2025:12:38:33 +0000] "GET /the-distinct-head-shape-and-veiny-texture-grant-comfortable/feed?fileloc=%2F%2Fsbin%2Fthin_dump&path=%2F%2Fsbin HTTP/1.1" 200 2438095 "-" "Mozilla/5.0 AppleWebKit/537.36 (KHTML, like Gecko; compatible; ClaudeBot/1.0; +claudebot@anthropic.com)"
57.141.4.25 - - [13/Sep/2025:12:38:35 +0000] "GET /detail/1014300460 HTTP/1.1" 200 52570 "-" "meta-externalagent/1.1 (+https://developers.facebook.com/docs/sharing/webmasters/crawler)"
57.141.4.4 - - [13/Sep/2025:12:38:36 +0000] "GET /detail/1667579264 HTTP/1.1" 200 52570 "-" "meta-externalagent/1.1 (+https://developers.facebook.com/docs/sharing/webmasters/crawler)"
216.73.216.163 - - [13/Sep/2025:12:38:36 +0000] "GET /detail/1388518443?path=%2Fhome HTTP/1.1" 200 133675 "-" "Mozilla/5.0 AppleWebKit/537.36 (KHTML, like Gecko; compatible; ClaudeBot/1.0; +claudebot@anthropic.com)"
216.73.216.163 - - [13/Sep/2025:12:38:39 +0000] "GET /detail/1812161886?path=%2Fhome HTTP/1.1" 200 133675 "-" "Mozilla/5.0 AppleWebKit/537.36 (KHTML, like Gecko; compatible; ClaudeBot/1.0; +claudebot@anthropic.com)"
216.73.216.163 - - [13/Sep/2025:12:38:42 +0000] "GET /many-customers-discover-that-these-blankets-are-versatile-and/feed?fileloc=%2F%2Fsbin%2Fip6tables-apply&path=%2F%2Fsbin HTTP/1.1" 200 20360 "-" "Mozilla/5.0 AppleWebKit/537.36 (KHTML, like Gecko; compatible; ClaudeBot/1.0; +claudebot@anthropic.com)"
216.73.216.163 - - [13/Sep/2025:12:38:45 +0000] "GET /detail/255998206?path=%2Fhome%2Fmarvidson HTTP/1.1" 200 51031 "-" "Mozilla/5.0 AppleWebKit/537.36 (KHTML, like Gecko; compatible; ClaudeBot/1.0; +claudebot@anthropic.com)"
216.73.216.163 - - [13/Sep/2025:12:38:48 +0000] "GET /detail/1388614775?path=%2Fhome HTTP/1.1" 200 133675 "-" "Mozilla/5.0 AppleWebKit/537.36 (KHTML, like Gecko; compatible; ClaudeBot/1.0; +claudebot@anthropic.com)"
216.73.216.163 - - [13/Sep/2025:12:38:51 +0000] "GET /detail/1166878135?path=%2Fhome%2Fmarvidson HTTP/1.1" 200 51031 "-" "Mozilla/5.0 AppleWebKit/537.36 (KHTML, like Gecko; compatible; ClaudeBot/1.0; +claudebot@anthropic.com)"
216.73.216.163 - - [13/Sep/2025:12:38:54 +0000] "GET /such-websites-are-suitable-for-end-consumers-who-hope-to/feed?fileloc=%2F%2Flib64%2FlibXext.so.6&path=%2F%2Flib64 HTTP/1.1" 200 131219 "-" "Mozilla/5.0 AppleWebKit/537.36 (KHTML, like Gecko; compatible; ClaudeBot/1.0; +claudebot@anthropic.com)"
216.73.216.163 - - [13/Sep/2025:12:38:57 +0000] "GET /sure-you-presumably-can-orgasm-by-way-of-clit-stimulation/feed?path=%2F%2Fsrv HTTP/1.1" 200 12638 "-" "Mozilla/5.0 AppleWebKit/537.36 (KHTML, like Gecko; compatible; ClaudeBot/1.0; +claudebot@anthropic.com)"
23.22.105.143 - - [13/Sep/2025:12:38:57 +0000] "GET /plus-its-easy-to-get-an-overview-of-the-complete-catalog/ HTTP/1.1" 200 52570 "-" "Mozilla/5.0 AppleWebKit/537.36 (KHTML, like Gecko; compatible; Amazonbot/0.1; +https://developer.amazon.com/support/amazonbot) Chrome/119.0.6045.214 Safari/537.36"
216.73.216.163 - - [13/Sep/2025:12:39:00 +0000] "GET /detail/1514481250?path=%2Fhome HTTP/1.1" 200 133675 "-" "Mozilla/5.0 AppleWebKit/537.36 (KHTML, like Gecko; compatible; ClaudeBot/1.0; +claudebot@anthropic.com)"
192.178.4.103 - - [13/Sep/2025:12:39:02 +0000] "GET /detail/68821996 HTTP/1.1" 200 205982 "-" "Mozilla/5.0 (Linux; Android 6.0.1; Nexus 5X Build/MMB29P) AppleWebKit/537.36 (KHTML, like Gecko) Chrome/140.0.7339.127 Mobile Safari/537.36 (compatible; Googlebot/2.1; +http://www.google.com/bot.html)"
216.73.216.163 - - [13/Sep/2025:12:39:03 +0000] "GET /detail/211823923?path=%2Fhome%2Fmarvidson HTTP/1.1" 200 51031 "-" "Mozilla/5.0 AppleWebKit/537.36 (KHTML, like Gecko; compatible; ClaudeBot/1.0; +claudebot@anthropic.com)"
216.73.216.163 - - [13/Sep/2025:12:39:06 +0000] "GET /detail/1811879554?path=%2Fhome%2Fmarvidson HTTP/1.1" 200 51031 "-" "Mozilla/5.0 AppleWebKit/537.36 (KHTML, like Gecko; compatible; ClaudeBot/1.0; +claudebot@anthropic.com)"
216.73.216.163 - - [13/Sep/2025:12:39:09 +0000] "GET /many-customers-discover-that-these-blankets-are-versatile-and/feed?fileloc=%2F%2Flib64%2Flibfreetype.so&path=%2F%2Flib64 HTTP/1.1" 200 1285251 "-" "Mozilla/5.0 AppleWebKit/537.36 (KHTML, like Gecko; compatible; ClaudeBot/1.0; +claudebot@anthropic.com)"
216.73.216.163 - - [13/Sep/2025:12:39:12 +0000] "GET /our-last-products-have-been-then-vetted-by-intercourse/feed?path=%2F%2Flib%2Ffontconfig HTTP/1.1" 200 14007 "-" "Mozilla/5.0 AppleWebKit/537.36 (KHTML, like Gecko; compatible; ClaudeBot/1.0; +claudebot@anthropic.com)"
54.83.23.103 - - [13/Sep/2025:12:39:13 +0000] "GET /its-designed-to-really-feel-like-an-precise-mouth/ HTTP/1.1" 200 52570 "-" "Mozilla/5.0 AppleWebKit/537.36 (KHTML, like Gecko; compatible; Amazonbot/0.1; +https://developer.amazon.com/support/amazonbot) Chrome/119.0.6045.214 Safari/537.36"
216.73.216.163 - - [13/Sep/2025:12:39:15 +0000] "GET /detail/256092966?path=%2Fhome%2Fmarvidson HTTP/1.1" 200 51031 "-" "Mozilla/5.0 AppleWebKit/537.36 (KHTML, like Gecko; compatible; ClaudeBot/1.0; +claudebot@anthropic.com)"
