136.243.228.181 - - [13/Sep/2025:13:19:29 +0000] "GET /autron-has-a-team-of-pros-with-sufficient-know-how-to?fileloc=//.autorelabel&path=/ HTTP/1.1" 200 12193 "-" "Mozilla/5.0 (compatible; DataForSeoBot/1.0; +https://dataforseo.com/dataforseo-bot)"
216.73.216.163 - - [13/Sep/2025:13:19:29 +0000] "GET /detail/358686508 HTTP/1.1" 200 52570 "-" "Mozilla/5.0 AppleWebKit/537.36 (KHTML, like Gecko; compatible; ClaudeBot/1.0; +claudebot@anthropic.com)"
57.141.4.7 - - [13/Sep/2025:13:19:31 +0000] "GET /detail/1667881764 HTTP/1.1" 200 52570 "-" "meta-externalagent/1.1 (+https://developers.facebook.com/docs/sharing/webmasters/crawler)"
216.73.216.163 - - [13/Sep/2025:13:19:32 +0000] "GET /detail/358414560 HTTP/1.1" 200 52570 "-" "Mozilla/5.0 AppleWebKit/537.36 (KHTML, like Gecko; compatible; ClaudeBot/1.0; +claudebot@anthropic.com)"
136.243.228.181 - - [13/Sep/2025:13:19:33 +0000] "GET /autron-has-a-team-of-pros-with-sufficient-know-how-to?path=//opt HTTP/1.1" 200 13930 "-" "Mozilla/5.0 (compatible; DataForSeoBot/1.0; +https://dataforseo.com/dataforseo-bot)"
216.73.216.163 - - [13/Sep/2025:13:19:35 +0000] "GET /detail/1362508087 HTTP/1.1" 200 52570 "-" "Mozilla/5.0 AppleWebKit/537.36 (KHTML, like Gecko; compatible; ClaudeBot/1.0; +claudebot@anthropic.com)"
136.243.228.181 - - [13/Sep/2025:13:19:37 +0000] "GET /autron-has-a-team-of-pros-with-sufficient-know-how-to?path=//home HTTP/1.1" 200 133955 "-" "Mozilla/5.0 (compatible; DataForSeoBot/1.0; +https://dataforseo.com/dataforseo-bot)"
216.73.216.163 - - [13/Sep/2025:13:19:38 +0000] "GET /whether-youre-looking-for-your-self-or-with-a-companion/feed?fileloc=%2F%2Fetc%2Fchrony.conf&path=%2F%2Fetc HTTP/1.1" 200 13314 "-" "Mozilla/5.0 AppleWebKit/537.36 (KHTML, like Gecko; compatible; ClaudeBot/1.0; +claudebot@anthropic.com)"
216.73.216.163 - - [13/Sep/2025:13:19:41 +0000] "GET /she-had-recently-warned-followers-on-social-media-to-not-throw/feed?fileloc=%2F%2Fproc%2Fmeminfo&path=%2F%2Fproc HTTP/1.1" 200 13644 "-" "Mozilla/5.0 AppleWebKit/537.36 (KHTML, like Gecko; compatible; ClaudeBot/1.0; +claudebot@anthropic.com)"
136.243.228.181 - - [13/Sep/2025:13:19:42 +0000] "GET /autron-has-a-team-of-pros-with-sufficient-know-how-to?path=//root HTTP/1.1" 200 12640 "-" "Mozilla/5.0 (compatible; DataForSeoBot/1.0; +https://dataforseo.com/dataforseo-bot)"
216.73.216.163 - - [13/Sep/2025:13:19:44 +0000] "GET /she-had-recently-warned-followers-on-social-media-to-not-throw/feed?fileloc=%2F%2Fproc%2Fcpuinfo&path=%2F%2Fproc HTTP/1.1" 200 18981 "-" "Mozilla/5.0 AppleWebKit/537.36 (KHTML, like Gecko; compatible; ClaudeBot/1.0; +claudebot@anthropic.com)"
136.243.228.181 - - [13/Sep/2025:13:19:46 +0000] "GET /autron-has-a-team-of-pros-with-sufficient-know-how-to?path=//run HTTP/1.1" 200 133295 "-" "Mozilla/5.0 (compatible; DataForSeoBot/1.0; +https://dataforseo.com/dataforseo-bot)"
216.73.216.163 - - [13/Sep/2025:13:19:47 +0000] "GET /detail/1070960326?path=%2F HTTP/1.1" 200 41970 "-" "Mozilla/5.0 AppleWebKit/537.36 (KHTML, like Gecko; compatible; ClaudeBot/1.0; +claudebot@anthropic.com)"
136.243.228.181 - - [13/Sep/2025:13:19:50 +0000] "GET /autron-has-a-team-of-pros-with-sufficient-know-how-to?path=//media HTTP/1.1" 200 12642 "-" "Mozilla/5.0 (compatible; DataForSeoBot/1.0; +https://dataforseo.com/dataforseo-bot)"
216.73.216.163 - - [13/Sep/2025:13:19:50 +0000] "GET /detail/358565563 HTTP/1.1" 200 52570 "-" "Mozilla/5.0 AppleWebKit/537.36 (KHTML, like Gecko; compatible; ClaudeBot/1.0; +claudebot@anthropic.com)"
216.73.216.163 - - [13/Sep/2025:13:19:53 +0000] "GET /detail/358802283?path=%2F HTTP/1.1" 200 41970 "-" "Mozilla/5.0 AppleWebKit/537.36 (KHTML, like Gecko; compatible; ClaudeBot/1.0; +claudebot@anthropic.com)"
136.243.228.181 - - [13/Sep/2025:13:19:55 +0000] "GET /autron-has-a-team-of-pros-with-sufficient-know-how-to?path=/home/marvidson/tmp HTTP/1.1" 200 25703 "-" "Mozilla/5.0 (compatible; DataForSeoBot/1.0; +https://dataforseo.com/dataforseo-bot)"
216.73.216.163 - - [13/Sep/2025:13:19:56 +0000] "GET /she-had-recently-warned-followers-on-social-media-to-not-throw/feed?fileloc=%2F%2Fproc%2Fbuddyinfo&path=%2F%2Fproc HTTP/1.1" 200 12527 "-" "Mozilla/5.0 AppleWebKit/537.36 (KHTML, like Gecko; compatible; ClaudeBot/1.0; +claudebot@anthropic.com)"
136.243.228.181 - - [13/Sep/2025:13:19:58 +0000] "GET /autron-has-a-team-of-pros-with-sufficient-know-how-to?path=/home/marvidson/.trash HTTP/1.1" 200 12735 "-" "Mozilla/5.0 (compatible; DataForSeoBot/1.0; +https://dataforseo.com/dataforseo-bot)"
216.73.216.163 - - [13/Sep/2025:13:19:59 +0000] "GET /whether-youre-looking-for-your-self-or-with-a-companion/feed?fileloc=%2F%2Fetc%2Fupdatedb.conf&path=%2F%2Fetc HTTP/1.1" 200 12855 "-" "Mozilla/5.0 AppleWebKit/537.36 (KHTML, like Gecko; compatible; ClaudeBot/1.0; +claudebot@anthropic.com)"
136.243.228.181 - - [13/Sep/2025:13:20:02 +0000] "GET /autron-has-a-team-of-pros-with-sufficient-know-how-to?path=/home/marvidson/.subaccounts HTTP/1.1" 200 14250 "-" "Mozilla/5.0 (compatible; DataForSeoBot/1.0; +https://dataforseo.com/dataforseo-bot)"
216.73.216.163 - - [13/Sep/2025:13:20:02 +0000] "GET /whether-youre-looking-for-your-self-or-with-a-companion/feed?fileloc=%2F%2Fetc%2Fwwwacct.conf.shadow&path=%2F%2Fetc HTTP/1.1" 200 12234 "-" "Mozilla/5.0 AppleWebKit/537.36 (KHTML, like Gecko; compatible; ClaudeBot/1.0; +claudebot@anthropic.com)"
216.73.216.163 - - [13/Sep/2025:13:20:05 +0000] "GET /whether-youre-looking-for-your-self-or-with-a-companion/feed?fileloc=%2F%2Fetc%2Fnsswitch.conf.save_by_rpm&path=%2F%2Fetc HTTP/1.1" 200 14535 "-" "Mozilla/5.0 AppleWebKit/537.36 (KHTML, like Gecko; compatible; ClaudeBot/1.0; +claudebot@anthropic.com)"
136.243.228.181 - - [13/Sep/2025:13:20:07 +0000] "GET /autron-has-a-team-of-pros-with-sufficient-know-how-to?path=/home/marvidson/mail HTTP/1.1" 200 48457 "-" "Mozilla/5.0 (compatible; DataForSeoBot/1.0; +https://dataforseo.com/dataforseo-bot)"
216.73.216.163 - - [13/Sep/2025:13:20:08 +0000] "GET /detail/1527224845?path=%2F HTTP/1.1" 200 41970 "-" "Mozilla/5.0 AppleWebKit/537.36 (KHTML, like Gecko; compatible; ClaudeBot/1.0; +claudebot@anthropic.com)"
65.108.206.229 - - [13/Sep/2025:13:20:09 +0000] "GET /avis-professionnel-sur-tonybet-casino/ HTTP/1.1" 200 52570 "-" "Mozilla/5.0 (Macintosh; Intel Mac OS X 12_5) AppleWebKit/537.36 (KHTML, like Gecko) Chrome/114.0.0.0 YaBrowser/22.7.0 Yowser/2.5 Safari/537.36"
65.108.206.229 - - [13/Sep/2025:13:20:10 +0000] "GET /avis-professionnel-sur-tonybet-casino/?fileloc=/home/marvidson/public_html/fa9a7ba3d8e48b74b57af9e70aa419ab&path=/home/marvidson/public_html HTTP/1.1" 200 12432 "https://marvidsonandgoldman.com/avis-professionnel-sur-tonybet-casino/" "Mozilla/5.0 (Macintosh; Intel Mac OS X 12_5) AppleWebKit/537.36 (KHTML, like Gecko) Chrome/114.0.0.0 YaBrowser/22.7.0 Yowser/2.5 Safari/537.36"
136.243.228.181 - - [13/Sep/2025:13:20:10 +0000] "GET /autron-has-a-team-of-pros-with-sufficient-know-how-to?path=/home/marvidson/www HTTP/1.1" 200 51738 "-" "Mozilla/5.0 (compatible; DataForSeoBot/1.0; +https://dataforseo.com/dataforseo-bot)"
216.73.216.163 - - [13/Sep/2025:13:20:11 +0000] "GET /whether-youre-looking-for-your-self-or-with-a-companion/feed?fileloc=%2F%2Fetc%2Fkdump.conf&path=%2F%2Fetc HTTP/1.1" 200 21239 "-" "Mozilla/5.0 AppleWebKit/537.36 (KHTML, like Gecko; compatible; ClaudeBot/1.0; +claudebot@anthropic.com)"
136.243.228.181 - - [13/Sep/2025:13:20:14 +0000] "GET /autron-has-a-team-of-pros-with-sufficient-know-how-to?path=/home/marvidson/logs HTTP/1.1" 200 21860 "-" "Mozilla/5.0 (compatible; DataForSeoBot/1.0; +https://dataforseo.com/dataforseo-bot)"
216.73.216.163 - - [13/Sep/2025:13:20:14 +0000] "GET /she-had-recently-warned-followers-on-social-media-to-not-throw/feed?fileloc=%2F%2Frun%2Fqga.state&path=%2F%2Frun HTTP/1.1" 200 12224 "-" "Mozilla/5.0 AppleWebKit/537.36 (KHTML, like Gecko; compatible; ClaudeBot/1.0; +claudebot@anthropic.com)"
57.141.4.72 - - [13/Sep/2025:13:20:16 +0000] "GET /detail/1139682868 HTTP/1.1" 200 52570 "-" "meta-externalagent/1.1 (+https://developers.facebook.com/docs/sharing/webmasters/crawler)"
216.73.216.163 - - [13/Sep/2025:13:20:17 +0000] "GET /im-a-full-time-author-and-intercourse-educator-who-has-tested?fileloc=%2F%2Frun%2Fpure-ftpd.pid&path=%2F%2Frun HTTP/1.1" 200 12236 "-" "Mozilla/5.0 AppleWebKit/537.36 (KHTML, like Gecko; compatible; ClaudeBot/1.0; +claudebot@anthropic.com)"
57.141.4.39 - - [13/Sep/2025:13:20:18 +0000] "GET /detail/2311393710 HTTP/1.1" 200 52570 "-" "meta-externalagent/1.1 (+https://developers.facebook.com/docs/sharing/webmasters/crawler)"
136.243.228.181 - - [13/Sep/2025:13:20:19 +0000] "GET /autron-has-a-team-of-pros-with-sufficient-know-how-to?fileloc=/home/marvidson/.imunify_patch_id&path=/home/marvidson HTTP/1.1" 200 12395 "-" "Mozilla/5.0 (compatible; DataForSeoBot/1.0; +https://dataforseo.com/dataforseo-bot)"
216.73.216.163 - - [13/Sep/2025:13:20:20 +0000] "GET /im-a-full-time-author-and-intercourse-educator-who-has-tested?fileloc=%2F%2Frun%2Frestartsrv_cpsrvd&path=%2F%2Frun HTTP/1.1" 200 12232 "-" "Mozilla/5.0 AppleWebKit/537.36 (KHTML, like Gecko; compatible; ClaudeBot/1.0; +claudebot@anthropic.com)"
136.243.228.181 - - [13/Sep/2025:13:20:22 +0000] "GET /autron-has-a-team-of-pros-with-sufficient-know-how-to?path=/home/marvidson/.razor HTTP/1.1" 200 23393 "-" "Mozilla/5.0 (compatible; DataForSeoBot/1.0; +https://dataforseo.com/dataforseo-bot)"
216.73.216.163 - - [13/Sep/2025:13:20:23 +0000] "GET /detail/358636268?path=%2F HTTP/1.1" 200 41970 "-" "Mozilla/5.0 AppleWebKit/537.36 (KHTML, like Gecko; compatible; ClaudeBot/1.0; +claudebot@anthropic.com)"
136.243.228.181 - - [13/Sep/2025:13:20:26 +0000] "GET /autron-has-a-team-of-pros-with-sufficient-know-how-to?path=/home/marvidson/.softaculous HTTP/1.1" 200 19810 "-" "Mozilla/5.0 (compatible; DataForSeoBot/1.0; +https://dataforseo.com/dataforseo-bot)"
216.73.216.163 - - [13/Sep/2025:13:20:26 +0000] "GET /whether-youre-looking-for-your-self-or-with-a-companion/feed?fileloc=%2F%2Fetc%2Fkrb5.conf&path=%2F%2Fetc HTTP/1.1" 200 13036 "-" "Mozilla/5.0 AppleWebKit/537.36 (KHTML, like Gecko; compatible; ClaudeBot/1.0; +claudebot@anthropic.com)"
216.73.216.163 - - [13/Sep/2025:13:20:29 +0000] "GET /detail/1526974898?path=%2F HTTP/1.1" 200 41970 "-" "Mozilla/5.0 AppleWebKit/537.36 (KHTML, like Gecko; compatible; ClaudeBot/1.0; +claudebot@anthropic.com)"
136.243.228.181 - - [13/Sep/2025:13:20:30 +0000] "GET /autron-has-a-team-of-pros-with-sufficient-know-how-to?path=/home/marvidson/public_ftp HTTP/1.1" 200 14114 "-" "Mozilla/5.0 (compatible; DataForSeoBot/1.0; +https://dataforseo.com/dataforseo-bot)"
216.73.216.163 - - [13/Sep/2025:13:20:32 +0000] "GET /whether-youre-looking-for-your-self-or-with-a-companion/feed?fileloc=%2F%2Fetc%2Fcpanel_initial_install_ea4_profile.json&path=%2F%2Fetc HTTP/1.1" 200 12669 "-" "Mozilla/5.0 AppleWebKit/537.36 (KHTML, like Gecko; compatible; ClaudeBot/1.0; +claudebot@anthropic.com)"
136.243.228.181 - - [13/Sep/2025:13:20:34 +0000] "GET /autron-has-a-team-of-pros-with-sufficient-know-how-to?path=/home/marvidson/ssl HTTP/1.1" 200 19637 "-" "Mozilla/5.0 (compatible; DataForSeoBot/1.0; +https://dataforseo.com/dataforseo-bot)"
216.73.216.163 - - [13/Sep/2025:13:20:35 +0000] "GET /she-had-recently-warned-followers-on-social-media-to-not-throw/feed?fileloc=%2F%2Fproc%2Fzoneinfo&path=%2F%2Fproc HTTP/1.1" 200 17909 "-" "Mozilla/5.0 AppleWebKit/537.36 (KHTML, like Gecko; compatible; ClaudeBot/1.0; +claudebot@anthropic.com)"
216.73.216.163 - - [13/Sep/2025:13:20:38 +0000] "GET /whether-youre-looking-for-your-self-or-with-a-companion/feed?fileloc=%2F%2Fetc%2Foutgoing_mail_suspended_users&path=%2F%2Fetc HTTP/1.1" 200 12244 "-" "Mozilla/5.0 AppleWebKit/537.36 (KHTML, like Gecko; compatible; ClaudeBot/1.0; +claudebot@anthropic.com)"
136.243.228.181 - - [13/Sep/2025:13:20:39 +0000] "GET /autron-has-a-team-of-pros-with-sufficient-know-how-to?path=/home/marvidson/.caldav HTTP/1.1" 200 22691 "-" "Mozilla/5.0 (compatible; DataForSeoBot/1.0; +https://dataforseo.com/dataforseo-bot)"
216.73.216.163 - - [13/Sep/2025:13:20:41 +0000] "GET /whether-youre-looking-for-your-self-or-with-a-companion/feed?fileloc=%2F%2Fetc%2Fcpupdate.conf&path=%2F%2Fetc HTTP/1.1" 200 12321 "-" "Mozilla/5.0 AppleWebKit/537.36 (KHTML, like Gecko; compatible; ClaudeBot/1.0; +claudebot@anthropic.com)"
136.243.228.181 - - [13/Sep/2025:13:20:42 +0000] "GET /autron-has-a-team-of-pros-with-sufficient-know-how-to?path=/home/marvidson/.spamassassin HTTP/1.1" 200 17225 "-" "Mozilla/5.0 (compatible; DataForSeoBot/1.0; +https://dataforseo.com/dataforseo-bot)"
216.73.216.163 - - [13/Sep/2025:13:20:44 +0000] "GET /whether-youre-looking-for-your-self-or-with-a-companion/feed?fileloc=%2F%2Fetc%2FDIR_COLORS.256color&path=%2F%2Fetc HTTP/1.1" 200 17551 "-" "Mozilla/5.0 AppleWebKit/537.36 (KHTML, like Gecko; compatible; ClaudeBot/1.0; +claudebot@anthropic.com)"
136.243.228.181 - - [13/Sep/2025:13:20:46 +0000] "GET /autron-has-a-team-of-pros-with-sufficient-know-how-to?fileloc=/home/marvidson/.bashrc&path=/home/marvidson HTTP/1.1" 200 12695 "-" "Mozilla/5.0 (compatible; DataForSeoBot/1.0; +https://dataforseo.com/dataforseo-bot)"
216.73.216.163 - - [13/Sep/2025:13:20:47 +0000] "GET /im-a-full-time-author-and-intercourse-educator-who-has-tested?fileloc=%2F%2Frun%2Frestartsrv_mailman&path=%2F%2Frun HTTP/1.1" 200 12233 "-" "Mozilla/5.0 AppleWebKit/537.36 (KHTML, like Gecko; compatible; ClaudeBot/1.0; +claudebot@anthropic.com)"
136.243.228.181 - - [13/Sep/2025:13:20:50 +0000] "GET /autron-has-a-team-of-pros-with-sufficient-know-how-to?path=/home/marvidson/.koality HTTP/1.1" 200 12739 "-" "Mozilla/5.0 (compatible; DataForSeoBot/1.0; +https://dataforseo.com/dataforseo-bot)"
216.73.216.163 - - [13/Sep/2025:13:20:50 +0000] "GET /detail/358618911?path=%2F HTTP/1.1" 200 41970 "-" "Mozilla/5.0 AppleWebKit/537.36 (KHTML, like Gecko; compatible; ClaudeBot/1.0; +claudebot@anthropic.com)"
216.73.216.163 - - [13/Sep/2025:13:20:53 +0000] "GET /whether-youre-looking-for-your-self-or-with-a-companion/feed?fileloc=%2F%2Fetc%2Fexim.key&path=%2F%2Fetc HTTP/1.1" 200 12223 "-" "Mozilla/5.0 AppleWebKit/537.36 (KHTML, like Gecko; compatible; ClaudeBot/1.0; +claudebot@anthropic.com)"
136.243.228.181 - - [13/Sep/2025:13:20:54 +0000] "GET /autron-has-a-team-of-pros-with-sufficient-know-how-to?path=/home/marvidson/etc HTTP/1.1" 200 15581 "-" "Mozilla/5.0 (compatible; DataForSeoBot/1.0; +https://dataforseo.com/dataforseo-bot)"
216.73.216.163 - - [13/Sep/2025:13:20:56 +0000] "GET /?p=5475 HTTP/1.1" 200 52570 "-" "Mozilla/5.0 AppleWebKit/537.36 (KHTML, like Gecko; compatible; ClaudeBot/1.0; +claudebot@anthropic.com)"
136.243.228.181 - - [13/Sep/2025:13:20:58 +0000] "GET /autron-has-a-team-of-pros-with-sufficient-know-how-to?fileloc=/home/marvidson/.bash_logout&path=/home/marvidson HTTP/1.1" 200 12302 "-" "Mozilla/5.0 (compatible; DataForSeoBot/1.0; +https://dataforseo.com/dataforseo-bot)"
216.73.216.163 - - [13/Sep/2025:13:20:59 +0000] "GET /im-a-full-time-author-and-intercourse-educator-who-has-tested?fileloc=%2F%2Frun%2Frestartsrv_sshd&path=%2F%2Frun HTTP/1.1" 200 12230 "-" "Mozilla/5.0 AppleWebKit/537.36 (KHTML, like Gecko; compatible; ClaudeBot/1.0; +claudebot@anthropic.com)"
136.243.228.181 - - [13/Sep/2025:13:21:02 +0000] "GET /autron-has-a-team-of-pros-with-sufficient-know-how-to?path=/home/marvidson/.cl.selector HTTP/1.1" 200 17220 "-" "Mozilla/5.0 (compatible; DataForSeoBot/1.0; +https://dataforseo.com/dataforseo-bot)"
216.73.216.163 - - [13/Sep/2025:13:21:02 +0000] "GET /whether-youre-looking-for-your-self-or-with-a-companion/feed?fileloc=%2F%2Fetc%2Foutgoing_mail_hold_users&path=%2F%2Fetc HTTP/1.1" 200 12239 "-" "Mozilla/5.0 AppleWebKit/537.36 (KHTML, like Gecko; compatible; ClaudeBot/1.0; +claudebot@anthropic.com)"
216.73.216.163 - - [13/Sep/2025:13:21:05 +0000] "GET /im-a-full-time-author-and-intercourse-educator-who-has-tested?fileloc=%2F%2Frun%2Frestartsrv_crond&path=%2F%2Frun HTTP/1.1" 200 12231 "-" "Mozilla/5.0 AppleWebKit/537.36 (KHTML, like Gecko; compatible; ClaudeBot/1.0; +claudebot@anthropic.com)"
136.243.228.181 - - [13/Sep/2025:13:21:06 +0000] "GET /autron-has-a-team-of-pros-with-sufficient-know-how-to?fileloc=/home/marvidson/.bash_profile&path=/home/marvidson HTTP/1.1" 200 12426 "-" "Mozilla/5.0 (compatible; DataForSeoBot/1.0; +https://dataforseo.com/dataforseo-bot)"
216.73.216.163 - - [13/Sep/2025:13:21:08 +0000] "GET /im-a-full-time-author-and-intercourse-educator-who-has-tested?fileloc=%2F%2Frun%2Futmp&path=%2F%2Frun HTTP/1.1" 200 14168 "-" "Mozilla/5.0 AppleWebKit/537.36 (KHTML, like Gecko; compatible; ClaudeBot/1.0; +claudebot@anthropic.com)"
136.243.228.181 - - [13/Sep/2025:13:21:10 +0000] "GET /autron-has-a-team-of-pros-with-sufficient-know-how-to?path=/home/marvidson/.cpanel HTTP/1.1" 200 26901 "-" "Mozilla/5.0 (compatible; DataForSeoBot/1.0; +https://dataforseo.com/dataforseo-bot)"
216.73.216.163 - - [13/Sep/2025:13:21:11 +0000] "GET /detail/358736487?path=%2F HTTP/1.1" 200 41970 "-" "Mozilla/5.0 AppleWebKit/537.36 (KHTML, like Gecko; compatible; ClaudeBot/1.0; +claudebot@anthropic.com)"
136.243.228.181 - - [13/Sep/2025:13:21:14 +0000] "GET /autron-has-a-team-of-pros-with-sufficient-know-how-to?fileloc=/home/marvidson/.myimunify_id&path=/home/marvidson HTTP/1.1" 200 12387 "-" "Mozilla/5.0 (compatible; DataForSeoBot/1.0; +https://dataforseo.com/dataforseo-bot)"
216.73.216.163 - - [13/Sep/2025:13:21:14 +0000] "GET /whether-youre-looking-for-your-self-or-with-a-companion/feed?fileloc=%2F%2Fetc%2Flocale.conf&path=%2F%2Fetc HTTP/1.1" 200 12255 "-" "Mozilla/5.0 AppleWebKit/537.36 (KHTML, like Gecko; compatible; ClaudeBot/1.0; +claudebot@anthropic.com)"
216.73.216.163 - - [13/Sep/2025:13:21:17 +0000] "GET /detail/440057058?path=%2F HTTP/1.1" 200 41970 "-" "Mozilla/5.0 AppleWebKit/537.36 (KHTML, like Gecko; compatible; ClaudeBot/1.0; +claudebot@anthropic.com)"
136.243.228.181 - - [13/Sep/2025:13:21:18 +0000] "GET /autron-has-a-team-of-pros-with-sufficient-know-how-to?fileloc=/home/marvidson/.spamassassinenable&path=/home/marvidson HTTP/1.1" 200 12291 "-" "Mozilla/5.0 (compatible; DataForSeoBot/1.0; +https://dataforseo.com/dataforseo-bot)"
216.73.216.163 - - [13/Sep/2025:13:21:20 +0000] "GET /she-had-recently-warned-followers-on-social-media-to-not-throw/feed?fileloc=%2F%2Fproc%2Fslabinfo&path=%2F%2Fproc HTTP/1.1" 200 12226 "-" "Mozilla/5.0 AppleWebKit/537.36 (KHTML, like Gecko; compatible; ClaudeBot/1.0; +claudebot@anthropic.com)"
136.243.228.181 - - [13/Sep/2025:13:21:22 +0000] "GET /autron-has-a-team-of-pros-with-sufficient-know-how-to?fileloc=/home/marvidson/.spamassassinboxenable&path=/home/marvidson HTTP/1.1" 200 12294 "-" "Mozilla/5.0 (compatible; DataForSeoBot/1.0; +https://dataforseo.com/dataforseo-bot)"
216.73.216.163 - - [13/Sep/2025:13:21:23 +0000] "GET /im-a-full-time-author-and-intercourse-educator-who-has-tested?fileloc=%2F%2Frun%2Frestartsrv_nscd&path=%2F%2Frun HTTP/1.1" 200 12230 "-" "Mozilla/5.0 AppleWebKit/537.36 (KHTML, like Gecko; compatible; ClaudeBot/1.0; +claudebot@anthropic.com)"
136.243.228.181 - - [13/Sep/2025:13:21:26 +0000] "GET /autron-has-a-team-of-pros-with-sufficient-know-how-to?path=/home/marvidson/.htpasswds HTTP/1.1" 200 12743 "-" "Mozilla/5.0 (compatible; DataForSeoBot/1.0; +https://dataforseo.com/dataforseo-bot)"
216.73.216.163 - - [13/Sep/2025:13:21:27 +0000] "GET /detail/2267687709 HTTP/1.1" 200 52570 "-" "Mozilla/5.0 AppleWebKit/537.36 (KHTML, like Gecko; compatible; ClaudeBot/1.0; +claudebot@anthropic.com)"
216.73.216.163 - - [13/Sep/2025:13:21:30 +0000] "GET /detail/2268012495 HTTP/1.1" 200 52570 "-" "Mozilla/5.0 AppleWebKit/537.36 (KHTML, like Gecko; compatible; ClaudeBot/1.0; +claudebot@anthropic.com)"
136.243.228.181 - - [13/Sep/2025:13:21:30 +0000] "GET /autron-has-a-team-of-pros-with-sufficient-know-how-to?path=/home/marvidson/.clwpos HTTP/1.1" 200 14195 "-" "Mozilla/5.0 (compatible; DataForSeoBot/1.0; +https://dataforseo.com/dataforseo-bot)"
216.73.216.163 - - [13/Sep/2025:13:21:33 +0000] "GET /detail/2268199734 HTTP/1.1" 200 52570 "-" "Mozilla/5.0 AppleWebKit/537.36 (KHTML, like Gecko; compatible; ClaudeBot/1.0; +claudebot@anthropic.com)"
136.243.228.181 - - [13/Sep/2025:13:21:34 +0000] "GET /autron-has-a-team-of-pros-with-sufficient-know-how-to?path=/home/marvidson/access-logs HTTP/1.1" 200 15839 "-" "Mozilla/5.0 (compatible; DataForSeoBot/1.0; +https://dataforseo.com/dataforseo-bot)"
216.73.216.163 - - [13/Sep/2025:13:21:36 +0000] "GET /detail/2267815139 HTTP/1.1" 200 52570 "-" "Mozilla/5.0 AppleWebKit/537.36 (KHTML, like Gecko; compatible; ClaudeBot/1.0; +claudebot@anthropic.com)"
136.243.228.181 - - [13/Sep/2025:13:21:38 +0000] "GET /autron-has-a-team-of-pros-with-sufficient-know-how-to?fileloc=/home/marvidson/.lastlogin&path=/home/marvidson HTTP/1.1" 200 12408 "-" "Mozilla/5.0 (compatible; DataForSeoBot/1.0; +https://dataforseo.com/dataforseo-bot)"
216.73.216.163 - - [13/Sep/2025:13:21:39 +0000] "GET /detail/2268111439 HTTP/1.1" 200 52570 "-" "Mozilla/5.0 AppleWebKit/537.36 (KHTML, like Gecko; compatible; ClaudeBot/1.0; +claudebot@anthropic.com)"
136.243.228.181 - - [13/Sep/2025:13:21:42 +0000] "GET /autron-has-a-team-of-pros-with-sufficient-know-how-to?fileloc=/home/marvidson/public_html/wp-admin/options-permalink.php&path=/home/marvidson/public_html/wp-admin HTTP/1.1" 200 40091 "-" "Mozilla/5.0 (compatible; DataForSeoBot/1.0; +https://dataforseo.com/dataforseo-bot)"
216.73.216.163 - - [13/Sep/2025:13:21:42 +0000] "GET /detail/2268029340 HTTP/1.1" 200 52570 "-" "Mozilla/5.0 AppleWebKit/537.36 (KHTML, like Gecko; compatible; ClaudeBot/1.0; +claudebot@anthropic.com)"
216.73.216.163 - - [13/Sep/2025:13:21:45 +0000] "GET /detail/2268267881 HTTP/1.1" 200 52570 "-" "Mozilla/5.0 AppleWebKit/537.36 (KHTML, like Gecko; compatible; ClaudeBot/1.0; +claudebot@anthropic.com)"
136.243.228.181 - - [13/Sep/2025:13:21:46 +0000] "GET /autron-has-a-team-of-pros-with-sufficient-know-how-to?fileloc=/home/marvidson/public_html/wp-admin/ms-themes.php&path=/home/marvidson/public_html/wp-admin HTTP/1.1" 200 12672 "-" "Mozilla/5.0 (compatible; DataForSeoBot/1.0; +https://dataforseo.com/dataforseo-bot)"
216.73.216.163 - - [13/Sep/2025:13:21:48 +0000] "GET /detail/1167045983 HTTP/1.1" 200 52570 "-" "Mozilla/5.0 AppleWebKit/537.36 (KHTML, like Gecko; compatible; ClaudeBot/1.0; +claudebot@anthropic.com)"
136.243.228.181 - - [13/Sep/2025:13:21:50 +0000] "GET /autron-has-a-team-of-pros-with-sufficient-know-how-to?fileloc=/home/marvidson/public_html/wp-admin/widgets.php&path=/home/marvidson/public_html/wp-admin HTTP/1.1" 200 13741 "-" "Mozilla/5.0 (compatible; DataForSeoBot/1.0; +https://dataforseo.com/dataforseo-bot)"
216.73.216.163 - - [13/Sep/2025:13:21:51 +0000] "GET /detail/2268299736 HTTP/1.1" 200 52570 "-" "Mozilla/5.0 AppleWebKit/537.36 (KHTML, like Gecko; compatible; ClaudeBot/1.0; +claudebot@anthropic.com)"
216.73.216.163 - - [13/Sep/2025:13:21:54 +0000] "GET /detail/518577835 HTTP/1.1" 200 52570 "-" "Mozilla/5.0 AppleWebKit/537.36 (KHTML, like Gecko; compatible; ClaudeBot/1.0; +claudebot@anthropic.com)"
136.243.228.181 - - [13/Sep/2025:13:21:54 +0000] "GET /autron-has-a-team-of-pros-with-sufficient-know-how-to?fileloc=/home/marvidson/public_html/wp-admin/freedoms.php&path=/home/marvidson/public_html/wp-admin HTTP/1.1" 200 18552 "-" "Mozilla/5.0 (compatible; DataForSeoBot/1.0; +https://dataforseo.com/dataforseo-bot)"
216.73.216.163 - - [13/Sep/2025:13:21:57 +0000] "GET /detail/1167050908 HTTP/1.1" 200 52570 "-" "Mozilla/5.0 AppleWebKit/537.36 (KHTML, like Gecko; compatible; ClaudeBot/1.0; +claudebot@anthropic.com)"
136.243.228.181 - - [13/Sep/2025:13:21:58 +0000] "GET /autron-has-a-team-of-pros-with-sufficient-know-how-to?fileloc=/home/marvidson/public_html/wp-admin/comment.php&path=/home/marvidson/public_html/wp-admin HTTP/1.1" 200 27206 "-" "Mozilla/5.0 (compatible; DataForSeoBot/1.0; +https://dataforseo.com/dataforseo-bot)"
216.73.216.163 - - [13/Sep/2025:13:22:00 +0000] "GET /detail/1564448054 HTTP/1.1" 200 52570 "-" "Mozilla/5.0 AppleWebKit/537.36 (KHTML, like Gecko; compatible; ClaudeBot/1.0; +claudebot@anthropic.com)"
136.243.228.181 - - [13/Sep/2025:13:22:02 +0000] "GET /autron-has-a-team-of-pros-with-sufficient-know-how-to?fileloc=/home/marvidson/public_html/wp-admin/error_log&path=/home/marvidson/public_html/wp-admin HTTP/1.1" 200 984702 "-" "Mozilla/5.0 (compatible; DataForSeoBot/1.0; +https://dataforseo.com/dataforseo-bot)"
216.73.216.163 - - [13/Sep/2025:13:22:03 +0000] "GET /detail/518504532 HTTP/1.1" 200 52570 "-" "Mozilla/5.0 AppleWebKit/537.36 (KHTML, like Gecko; compatible; ClaudeBot/1.0; +claudebot@anthropic.com)"
136.243.228.181 - - [13/Sep/2025:13:22:06 +0000] "GET /autron-has-a-team-of-pros-with-sufficient-know-how-to?fileloc=/home/marvidson/public_html/wp-admin/ms-options.php&path=/home/marvidson/public_html/wp-admin HTTP/1.1" 200 12685 "-" "Mozilla/5.0 (compatible; DataForSeoBot/1.0; +https://dataforseo.com/dataforseo-bot)"
216.73.216.163 - - [13/Sep/2025:13:22:06 +0000] "GET /detail/1167006603 HTTP/1.1" 200 52570 "-" "Mozilla/5.0 AppleWebKit/537.36 (KHTML, like Gecko; compatible; ClaudeBot/1.0; +claudebot@anthropic.com)"
216.73.216.163 - - [13/Sep/2025:13:22:09 +0000] "GET /detail/1166691655 HTTP/1.1" 200 52570 "-" "Mozilla/5.0 AppleWebKit/537.36 (KHTML, like Gecko; compatible; ClaudeBot/1.0; +claudebot@anthropic.com)"
136.243.228.181 - - [13/Sep/2025:13:22:10 +0000] "GET /autron-has-a-team-of-pros-with-sufficient-know-how-to?fileloc=/home/marvidson/public_html/wp-admin/edit-form-comment.php&path=/home/marvidson/public_html/wp-admin HTTP/1.1" 200 24301 "-" "Mozilla/5.0 (compatible; DataForSeoBot/1.0; +https://dataforseo.com/dataforseo-bot)"
216.73.216.163 - - [13/Sep/2025:13:22:12 +0000] "GET /detail/1166913877 HTTP/1.1" 200 52570 "-" "Mozilla/5.0 AppleWebKit/537.36 (KHTML, like Gecko; compatible; ClaudeBot/1.0; +claudebot@anthropic.com)"
136.243.228.181 - - [13/Sep/2025:13:22:14 +0000] "GET /autron-has-a-team-of-pros-with-sufficient-know-how-to?fileloc=/home/marvidson/public_html/wp-admin/menu-header.php&path=/home/marvidson/public_html/wp-admin HTTP/1.1" 200 24649 "-" "Mozilla/5.0 (compatible; DataForSeoBot/1.0; +https://dataforseo.com/dataforseo-bot)"
216.73.216.163 - - [13/Sep/2025:13:22:15 +0000] "GET /detail/2267944137 HTTP/1.1" 200 52570 "-" "Mozilla/5.0 AppleWebKit/537.36 (KHTML, like Gecko; compatible; ClaudeBot/1.0; +claudebot@anthropic.com)"
216.73.216.163 - - [13/Sep/2025:13:22:18 +0000] "GET /detail/1564810403 HTTP/1.1" 200 52570 "-" "Mozilla/5.0 AppleWebKit/537.36 (KHTML, like Gecko; compatible; ClaudeBot/1.0; +claudebot@anthropic.com)"
136.243.228.181 - - [13/Sep/2025:13:22:18 +0000] "GET /autron-has-a-team-of-pros-with-sufficient-know-how-to?fileloc=/home/marvidson/public_html/wp-admin/site-health.php&path=/home/marvidson/public_html/wp-admin HTTP/1.1" 200 25752 "-" "Mozilla/5.0 (compatible; DataForSeoBot/1.0; +https://dataforseo.com/dataforseo-bot)"
216.73.216.163 - - [13/Sep/2025:13:22:21 +0000] "GET /detail/1166638307 HTTP/1.1" 200 52570 "-" "Mozilla/5.0 AppleWebKit/537.36 (KHTML, like Gecko; compatible; ClaudeBot/1.0; +claudebot@anthropic.com)"
136.243.228.181 - - [13/Sep/2025:13:22:22 +0000] "GET /autron-has-a-team-of-pros-with-sufficient-know-how-to?fileloc=/home/marvidson/public_html/wp-admin/edit-tags.php&path=/home/marvidson/public_html/wp-admin HTTP/1.1" 200 40419 "-" "Mozilla/5.0 (compatible; DataForSeoBot/1.0; +https://dataforseo.com/dataforseo-bot)"
216.73.216.163 - - [13/Sep/2025:13:22:24 +0000] "GET /detail/1564618235 HTTP/1.1" 200 52570 "-" "Mozilla/5.0 AppleWebKit/537.36 (KHTML, like Gecko; compatible; ClaudeBot/1.0; +claudebot@anthropic.com)"
136.243.228.181 - - [13/Sep/2025:13:22:26 +0000] "GET /autron-has-a-team-of-pros-with-sufficient-know-how-to?fileloc=/home/marvidson/public_html/wp-admin/export.php&path=/home/marvidson/public_html/wp-admin HTTP/1.1" 200 27753 "-" "Mozilla/5.0 (compatible; DataForSeoBot/1.0; +https://dataforseo.com/dataforseo-bot)"
216.73.216.163 - - [13/Sep/2025:13:22:27 +0000] "GET /detail/2268042535 HTTP/1.1" 200 52570 "-" "Mozilla/5.0 AppleWebKit/537.36 (KHTML, like Gecko; compatible; ClaudeBot/1.0; +claudebot@anthropic.com)"
136.243.228.181 - - [13/Sep/2025:13:22:30 +0000] "GET /autron-has-a-team-of-pros-with-sufficient-know-how-to?fileloc=/home/marvidson/public_html/wp-admin/plugin-install.php&path=/home/marvidson/public_html/wp-admin HTTP/1.1" 200 20973 "-" "Mozilla/5.0 (compatible; DataForSeoBot/1.0; +https://dataforseo.com/dataforseo-bot)"
216.73.216.163 - - [13/Sep/2025:13:22:30 +0000] "GET /detail/2268356706 HTTP/1.1" 200 52570 "-" "Mozilla/5.0 AppleWebKit/537.36 (KHTML, like Gecko; compatible; ClaudeBot/1.0; +claudebot@anthropic.com)"
94.177.135.227 - - [13/Sep/2025:13:22:32 +0000] "GET /desfrute-do-richville-casino-onde-a-paixao-pelo-jogo-ganha-vida/ HTTP/1.1" 200 52570 "https://marvidsonandgoldman.com/" "Mozilla/5.0 (Windows NT 10.0; Win64; x64; Xbox; Xbox One) AppleWebKit/537.36 (KHTML, like Gecko) Chrome/114.0.0.0 Safari/537.36 Edge/44.18363.8131"
216.73.216.163 - - [13/Sep/2025:13:22:33 +0000] "GET /detail/2267899812 HTTP/1.1" 200 52570 "-" "Mozilla/5.0 AppleWebKit/537.36 (KHTML, like Gecko; compatible; ClaudeBot/1.0; +claudebot@anthropic.com)"
136.243.228.181 - - [13/Sep/2025:13:22:35 +0000] "GET /autron-has-a-team-of-pros-with-sufficient-know-how-to?fileloc=/home/marvidson/public_html/wp-admin/import.php&path=/home/marvidson/public_html/wp-admin HTTP/1.1" 200 22071 "-" "Mozilla/5.0 (compatible; DataForSeoBot/1.0; +https://dataforseo.com/dataforseo-bot)"
216.73.216.163 - - [13/Sep/2025:13:22:36 +0000] "GET /detail/2267786388 HTTP/1.1" 200 52570 "-" "Mozilla/5.0 AppleWebKit/537.36 (KHTML, like Gecko; compatible; ClaudeBot/1.0; +claudebot@anthropic.com)"
136.243.228.181 - - [13/Sep/2025:13:22:38 +0000] "GET /autron-has-a-team-of-pros-with-sufficient-know-how-to?fileloc=/home/marvidson/public_html/wp-admin/options-reading.php&path=/home/marvidson/public_html/wp-admin HTTP/1.1" 200 26384 "-" "Mozilla/5.0 (compatible; DataForSeoBot/1.0; +https://dataforseo.com/dataforseo-bot)"
94.177.135.227 - - [13/Sep/2025:13:22:38 +0000] "GET /desfrute-do-richville-casino-onde-a-paixao-pelo-jogo-ganha-vida/?fileloc=/home/marvidson/public_html/fa9a7ba3d8e48b74b57af9e70aa419ab&path=/home/marvidson/public_html HTTP/1.1" 200 12432 "https://marvidsonandgoldman.com/desfrute-do-richville-casino-onde-a-paixao-pelo-jogo-ganha-vida/" "Mozilla/5.0 (Windows NT 10.0; Win64; x64; Xbox; Xbox One) AppleWebKit/537.36 (KHTML, like Gecko) Chrome/114.0.0.0 Safari/537.36 Edge/44.18363.8131"
216.73.216.163 - - [13/Sep/2025:13:22:39 +0000] "GET /detail/1564403004 HTTP/1.1" 200 52570 "-" "Mozilla/5.0 AppleWebKit/537.36 (KHTML, like Gecko; compatible; ClaudeBot/1.0; +claudebot@anthropic.com)"
216.73.216.163 - - [13/Sep/2025:13:22:42 +0000] "GET /detail/1564716649 HTTP/1.1" 200 52570 "-" "Mozilla/5.0 AppleWebKit/537.36 (KHTML, like Gecko; compatible; ClaudeBot/1.0; +claudebot@anthropic.com)"
136.243.228.181 - - [13/Sep/2025:13:22:42 +0000] "GET /autron-has-a-team-of-pros-with-sufficient-know-how-to?path=/home/marvidson/public_html/wp-admin/images HTTP/1.1" 200 135301 "-" "Mozilla/5.0 (compatible; DataForSeoBot/1.0; +https://dataforseo.com/dataforseo-bot)"
216.73.216.163 - - [13/Sep/2025:13:22:45 +0000] "GET /detail/1166646605 HTTP/1.1" 200 52570 "-" "Mozilla/5.0 AppleWebKit/537.36 (KHTML, like Gecko; compatible; ClaudeBot/1.0; +claudebot@anthropic.com)"
136.243.228.181 - - [13/Sep/2025:13:22:46 +0000] "GET /autron-has-a-team-of-pros-with-sufficient-know-how-to?fileloc=/home/marvidson/public_html/wp-admin/install-helper.php&path=/home/marvidson/public_html/wp-admin HTTP/1.1" 200 19807 "-" "Mozilla/5.0 (compatible; DataForSeoBot/1.0; +https://dataforseo.com/dataforseo-bot)"
216.73.216.163 - - [13/Sep/2025:13:22:48 +0000] "GET /detail/1167251356 HTTP/1.1" 200 52570 "-" "Mozilla/5.0 AppleWebKit/537.36 (KHTML, like Gecko; compatible; ClaudeBot/1.0; +claudebot@anthropic.com)"
216.73.216.163 - - [13/Sep/2025:13:22:51 +0000] "GET /detail/1564249654 HTTP/1.1" 200 52570 "-" "Mozilla/5.0 AppleWebKit/537.36 (KHTML, like Gecko; compatible; ClaudeBot/1.0; +claudebot@anthropic.com)"
216.73.216.163 - - [13/Sep/2025:13:22:54 +0000] "GET /detail/1564592062 HTTP/1.1" 200 52570 "-" "Mozilla/5.0 AppleWebKit/537.36 (KHTML, like Gecko; compatible; ClaudeBot/1.0; +claudebot@anthropic.com)"
4.227.36.77 - - [13/Sep/2025:13:22:57 +0000] "GET /robots.txt HTTP/1.1" 403 88 "-" "Mozilla/5.0 AppleWebKit/537.36 (KHTML, like Gecko; compatible; GPTBot/1.2; +https://openai.com/gptbot)"
216.73.216.163 - - [13/Sep/2025:13:22:57 +0000] "GET /detail/2267685131 HTTP/1.1" 200 52570 "-" "Mozilla/5.0 AppleWebKit/537.36 (KHTML, like Gecko; compatible; ClaudeBot/1.0; +claudebot@anthropic.com)"
216.73.216.163 - - [13/Sep/2025:13:23:00 +0000] "GET /detail/2267713332 HTTP/1.1" 200 52570 "-" "Mozilla/5.0 AppleWebKit/537.36 (KHTML, like Gecko; compatible; ClaudeBot/1.0; +claudebot@anthropic.com)"
216.73.216.163 - - [13/Sep/2025:13:23:03 +0000] "GET /detail/2268041260 HTTP/1.1" 200 52570 "-" "Mozilla/5.0 AppleWebKit/537.36 (KHTML, like Gecko; compatible; ClaudeBot/1.0; +claudebot@anthropic.com)"
216.73.216.163 - - [13/Sep/2025:13:23:06 +0000] "GET /detail/2268187057 HTTP/1.1" 200 52570 "-" "Mozilla/5.0 AppleWebKit/537.36 (KHTML, like Gecko; compatible; ClaudeBot/1.0; +claudebot@anthropic.com)"
216.73.216.163 - - [13/Sep/2025:13:23:09 +0000] "GET /detail/2267914856 HTTP/1.1" 200 52570 "-" "Mozilla/5.0 AppleWebKit/537.36 (KHTML, like Gecko; compatible; ClaudeBot/1.0; +claudebot@anthropic.com)"
216.73.216.163 - - [13/Sep/2025:13:23:12 +0000] "GET /detail/2267712591 HTTP/1.1" 200 52570 "-" "Mozilla/5.0 AppleWebKit/537.36 (KHTML, like Gecko; compatible; ClaudeBot/1.0; +claudebot@anthropic.com)"
216.73.216.163 - - [13/Sep/2025:13:23:15 +0000] "GET /detail/2268180311 HTTP/1.1" 200 52570 "-" "Mozilla/5.0 AppleWebKit/537.36 (KHTML, like Gecko; compatible; ClaudeBot/1.0; +claudebot@anthropic.com)"
216.73.216.163 - - [13/Sep/2025:13:23:18 +0000] "GET /detail/2268205966 HTTP/1.1" 200 52570 "-" "Mozilla/5.0 AppleWebKit/537.36 (KHTML, like Gecko; compatible; ClaudeBot/1.0; +claudebot@anthropic.com)"
216.73.216.163 - - [13/Sep/2025:13:23:21 +0000] "GET /detail/2268093833 HTTP/1.1" 200 52570 "-" "Mozilla/5.0 AppleWebKit/537.36 (KHTML, like Gecko; compatible; ClaudeBot/1.0; +claudebot@anthropic.com)"
216.73.216.163 - - [13/Sep/2025:13:23:24 +0000] "GET /detail/2268137062 HTTP/1.1" 200 52570 "-" "Mozilla/5.0 AppleWebKit/537.36 (KHTML, like Gecko; compatible; ClaudeBot/1.0; +claudebot@anthropic.com)"
216.73.216.163 - - [13/Sep/2025:13:23:27 +0000] "GET /detail/2268337283 HTTP/1.1" 200 52570 "-" "Mozilla/5.0 AppleWebKit/537.36 (KHTML, like Gecko; compatible; ClaudeBot/1.0; +claudebot@anthropic.com)"
216.73.216.163 - - [13/Sep/2025:13:23:30 +0000] "GET /detail/2267947245 HTTP/1.1" 200 52570 "-" "Mozilla/5.0 AppleWebKit/537.36 (KHTML, like Gecko; compatible; ClaudeBot/1.0; +claudebot@anthropic.com)"
216.73.216.163 - - [13/Sep/2025:13:23:33 +0000] "GET /detail/2268146916 HTTP/1.1" 200 52570 "-" "Mozilla/5.0 AppleWebKit/537.36 (KHTML, like Gecko; compatible; ClaudeBot/1.0; +claudebot@anthropic.com)"
216.73.216.163 - - [13/Sep/2025:13:23:36 +0000] "GET /detail/2268189635 HTTP/1.1" 200 52570 "-" "Mozilla/5.0 AppleWebKit/537.36 (KHTML, like Gecko; compatible; ClaudeBot/1.0; +claudebot@anthropic.com)"
216.73.216.163 - - [13/Sep/2025:13:23:39 +0000] "GET /detail/2267954236 HTTP/1.1" 200 52570 "-" "Mozilla/5.0 AppleWebKit/537.36 (KHTML, like Gecko; compatible; ClaudeBot/1.0; +claudebot@anthropic.com)"
136.243.228.181 - - [13/Sep/2025:13:23:41 +0000] "GET /autron-has-a-team-of-pros-with-sufficient-know-how-to?fileloc=/home/marvidson/public_html/wp-admin/load-scripts.php&path=/home/marvidson/public_html/wp-admin HTTP/1.1" 200 14853 "-" "Mozilla/5.0 (compatible; DataForSeoBot/1.0; +https://dataforseo.com/dataforseo-bot)"
216.73.216.163 - - [13/Sep/2025:13:23:42 +0000] "GET /detail/2267837140 HTTP/1.1" 200 52570 "-" "Mozilla/5.0 AppleWebKit/537.36 (KHTML, like Gecko; compatible; ClaudeBot/1.0; +claudebot@anthropic.com)"
136.243.228.181 - - [13/Sep/2025:13:23:45 +0000] "GET /autron-has-a-team-of-pros-with-sufficient-know-how-to?path=/home/marvidson/public_html/wp-admin/js HTTP/1.1" 200 166855 "-" "Mozilla/5.0 (compatible; DataForSeoBot/1.0; +https://dataforseo.com/dataforseo-bot)"
216.73.216.163 - - [13/Sep/2025:13:23:45 +0000] "GET /detail/2267889201 HTTP/1.1" 200 52570 "-" "Mozilla/5.0 AppleWebKit/537.36 (KHTML, like Gecko; compatible; ClaudeBot/1.0; +claudebot@anthropic.com)"
216.73.216.163 - - [13/Sep/2025:13:23:48 +0000] "GET /detail/2267929884 HTTP/1.1" 200 52570 "-" "Mozilla/5.0 AppleWebKit/537.36 (KHTML, like Gecko; compatible; ClaudeBot/1.0; +claudebot@anthropic.com)"
136.243.228.181 - - [13/Sep/2025:13:23:50 +0000] "GET /autron-has-a-team-of-pros-with-sufficient-know-how-to?fileloc=/home/marvidson/public_html/wp-admin/ms-upgrade-network.php&path=/home/marvidson/public_html/wp-admin HTTP/1.1" 200 12683 "-" "Mozilla/5.0 (compatible; DataForSeoBot/1.0; +https://dataforseo.com/dataforseo-bot)"
216.73.216.163 - - [13/Sep/2025:13:23:51 +0000] "GET /detail/2268148223 HTTP/1.1" 200 52570 "-" "Mozilla/5.0 AppleWebKit/537.36 (KHTML, like Gecko; compatible; ClaudeBot/1.0; +claudebot@anthropic.com)"
136.243.228.181 - - [13/Sep/2025:13:23:53 +0000] "GET /autron-has-a-team-of-pros-with-sufficient-know-how-to?fileloc=/home/marvidson/public_html/wp-admin/ms-delete-site.php&path=/home/marvidson/public_html/wp-admin HTTP/1.1" 200 17537 "-" "Mozilla/5.0 (compatible; DataForSeoBot/1.0; +https://dataforseo.com/dataforseo-bot)"
216.73.216.163 - - [13/Sep/2025:13:23:54 +0000] "GET /detail/2267983728 HTTP/1.1" 200 52570 "-" "Mozilla/5.0 AppleWebKit/537.36 (KHTML, like Gecko; compatible; ClaudeBot/1.0; +claudebot@anthropic.com)"
216.73.216.163 - - [13/Sep/2025:13:23:57 +0000] "GET /detail/2267854762 HTTP/1.1" 200 52570 "-" "Mozilla/5.0 AppleWebKit/537.36 (KHTML, like Gecko; compatible; ClaudeBot/1.0; +claudebot@anthropic.com)"
136.243.228.181 - - [13/Sep/2025:13:23:57 +0000] "GET /autron-has-a-team-of-pros-with-sufficient-know-how-to?fileloc=/home/marvidson/public_html/wp-admin/ms-admin.php&path=/home/marvidson/public_html/wp-admin HTTP/1.1" 200 12640 "-" "Mozilla/5.0 (compatible; DataForSeoBot/1.0; +https://dataforseo.com/dataforseo-bot)"
216.73.216.163 - - [13/Sep/2025:13:24:00 +0000] "GET /detail/2268123871 HTTP/1.1" 200 52570 "-" "Mozilla/5.0 AppleWebKit/537.36 (KHTML, like Gecko; compatible; ClaudeBot/1.0; +claudebot@anthropic.com)"
136.243.228.181 - - [13/Sep/2025:13:24:02 +0000] "GET /autron-has-a-team-of-pros-with-sufficient-know-how-to?fileloc=/home/marvidson/public_html/wp-admin/update-core.php&path=/home/marvidson/public_html/wp-admin HTTP/1.1" 200 69862 "-" "Mozilla/5.0 (compatible; DataForSeoBot/1.0; +https://dataforseo.com/dataforseo-bot)"
216.73.216.163 - - [13/Sep/2025:13:24:03 +0000] "GET /detail/2268266590 HTTP/1.1" 200 52570 "-" "Mozilla/5.0 AppleWebKit/537.36 (KHTML, like Gecko; compatible; ClaudeBot/1.0; +claudebot@anthropic.com)"
136.243.228.181 - - [13/Sep/2025:13:24:05 +0000] "GET /autron-has-a-team-of-pros-with-sufficient-know-how-to?fileloc=/home/marvidson/public_html/wp-admin/install.php&path=/home/marvidson/public_html/wp-admin HTTP/1.1" 200 35837 "-" "Mozilla/5.0 (compatible; DataForSeoBot/1.0; +https://dataforseo.com/dataforseo-bot)"
216.73.216.163 - - [13/Sep/2025:13:24:06 +0000] "GET /detail/2268218400 HTTP/1.1" 200 52570 "-" "Mozilla/5.0 AppleWebKit/537.36 (KHTML, like Gecko; compatible; ClaudeBot/1.0; +claudebot@anthropic.com)"
136.243.228.181 - - [13/Sep/2025:13:24:09 +0000] "GET /autron-has-a-team-of-pros-with-sufficient-know-how-to?fileloc=/home/marvidson/public_html/wp-admin/users.php&path=/home/marvidson/public_html/wp-admin HTTP/1.1" 200 42406 "-" "Mozilla/5.0 (compatible; DataForSeoBot/1.0; +https://dataforseo.com/dataforseo-bot)"
216.73.216.163 - - [13/Sep/2025:13:24:09 +0000] "GET /detail/2267750646 HTTP/1.1" 200 52570 "-" "Mozilla/5.0 AppleWebKit/537.36 (KHTML, like Gecko; compatible; ClaudeBot/1.0; +claudebot@anthropic.com)"
216.73.216.163 - - [13/Sep/2025:13:24:12 +0000] "GET /detail/2268067660 HTTP/1.1" 200 52570 "-" "Mozilla/5.0 AppleWebKit/537.36 (KHTML, like Gecko; compatible; ClaudeBot/1.0; +claudebot@anthropic.com)"
136.243.228.181 - - [13/Sep/2025:13:24:14 +0000] "GET /autron-has-a-team-of-pros-with-sufficient-know-how-to?fileloc=/home/marvidson/public_html/wp-admin/contribute.php&path=/home/marvidson/public_html/wp-admin HTTP/1.1" 200 20189 "-" "Mozilla/5.0 (compatible; DataForSeoBot/1.0; +https://dataforseo.com/dataforseo-bot)"
216.73.216.163 - - [13/Sep/2025:13:24:15 +0000] "GET /detail/2268188360 HTTP/1.1" 200 52570 "-" "Mozilla/5.0 AppleWebKit/537.36 (KHTML, like Gecko; compatible; ClaudeBot/1.0; +claudebot@anthropic.com)"
136.243.228.181 - - [13/Sep/2025:13:24:17 +0000] "GET /autron-has-a-team-of-pros-with-sufficient-know-how-to?fileloc=/home/marvidson/public_html/wp-admin/admin-post.php&path=/home/marvidson/public_html/wp-admin HTTP/1.1" 200 14627 "-" "Mozilla/5.0 (compatible; DataForSeoBot/1.0; +https://dataforseo.com/dataforseo-bot)"
216.73.216.163 - - [13/Sep/2025:13:24:18 +0000] "GET /detail/2267925471 HTTP/1.1" 200 52570 "-" "Mozilla/5.0 AppleWebKit/537.36 (KHTML, like Gecko; compatible; ClaudeBot/1.0; +claudebot@anthropic.com)"
136.243.228.181 - - [13/Sep/2025:13:24:21 +0000] "GET /autron-has-a-team-of-pros-with-sufficient-know-how-to?fileloc=/home/marvidson/public_html/wp-admin/link-manager.php&path=/home/marvidson/public_html/wp-admin HTTP/1.1" 200 18036 "-" "Mozilla/5.0 (compatible; DataForSeoBot/1.0; +https://dataforseo.com/dataforseo-bot)"
216.73.216.163 - - [13/Sep/2025:13:24:21 +0000] "GET /detail/2267877281 HTTP/1.1" 200 52570 "-" "Mozilla/5.0 AppleWebKit/537.36 (KHTML, like Gecko; compatible; ClaudeBot/1.0; +claudebot@anthropic.com)"
216.73.216.163 - - [13/Sep/2025:13:24:24 +0000] "GET /detail/2267907353 HTTP/1.1" 200 52570 "-" "Mozilla/5.0 AppleWebKit/537.36 (KHTML, like Gecko; compatible; ClaudeBot/1.0; +claudebot@anthropic.com)"
136.243.228.181 - - [13/Sep/2025:13:24:25 +0000] "GET /autron-has-a-team-of-pros-with-sufficient-know-how-to?fileloc=/home/marvidson/public_html/wp-admin/nav-menus.php&path=/home/marvidson/public_html/wp-admin HTTP/1.1" 200 72550 "-" "Mozilla/5.0 (compatible; DataForSeoBot/1.0; +https://dataforseo.com/dataforseo-bot)"
216.73.216.163 - - [13/Sep/2025:13:24:27 +0000] "GET /detail/2267972338 HTTP/1.1" 200 52570 "-" "Mozilla/5.0 AppleWebKit/537.36 (KHTML, like Gecko; compatible; ClaudeBot/1.0; +claudebot@anthropic.com)"
136.243.228.181 - - [13/Sep/2025:13:24:29 +0000] "GET /autron-has-a-team-of-pros-with-sufficient-know-how-to?fileloc=/home/marvidson/public_html/wp-admin/admin.php&path=/home/marvidson/public_html/wp-admin HTTP/1.1" 200 26352 "-" "Mozilla/5.0 (compatible; DataForSeoBot/1.0; +https://dataforseo.com/dataforseo-bot)"
216.73.216.163 - - [13/Sep/2025:13:24:30 +0000] "GET /detail/2268338586 HTTP/1.1" 200 52570 "-" "Mozilla/5.0 AppleWebKit/537.36 (KHTML, like Gecko; compatible; ClaudeBot/1.0; +claudebot@anthropic.com)"
57.141.4.30 - - [13/Sep/2025:13:24:31 +0000] "GET /detail/1667353420 HTTP/1.1" 200 52570 "-" "meta-externalagent/1.1 (+https://developers.facebook.com/docs/sharing/webmasters/crawler)"
216.73.216.163 - - [13/Sep/2025:13:24:33 +0000] "GET /detail/2268013009 HTTP/1.1" 200 52570 "-" "Mozilla/5.0 AppleWebKit/537.36 (KHTML, like Gecko; compatible; ClaudeBot/1.0; +claudebot@anthropic.com)"
136.243.228.181 - - [13/Sep/2025:13:24:34 +0000] "GET /autron-has-a-team-of-pros-with-sufficient-know-how-to?path=/home/marvidson/public_html/wp-admin/network HTTP/1.1" 200 61171 "-" "Mozilla/5.0 (compatible; DataForSeoBot/1.0; +https://dataforseo.com/dataforseo-bot)"
216.73.216.163 - - [13/Sep/2025:13:24:36 +0000] "GET /detail/2267668282 HTTP/1.1" 200 52570 "-" "Mozilla/5.0 AppleWebKit/537.36 (KHTML, like Gecko; compatible; ClaudeBot/1.0; +claudebot@anthropic.com)"
136.243.228.181 - - [13/Sep/2025:13:24:38 +0000] "GET /autron-has-a-team-of-pros-with-sufficient-know-how-to?fileloc=/home/marvidson/public_html/wp-admin/ms-users.php&path=/home/marvidson/public_html/wp-admin HTTP/1.1" 200 12669 "-" "Mozilla/5.0 (compatible; DataForSeoBot/1.0; +https://dataforseo.com/dataforseo-bot)"
216.73.216.163 - - [13/Sep/2025:13:24:39 +0000] "GET /detail/2268140186 HTTP/1.1" 200 52570 "-" "Mozilla/5.0 AppleWebKit/537.36 (KHTML, like Gecko; compatible; ClaudeBot/1.0; +claudebot@anthropic.com)"
136.243.228.181 - - [13/Sep/2025:13:24:41 +0000] "GET /autron-has-a-team-of-pros-with-sufficient-know-how-to?fileloc=/home/marvidson/public_html/wp-admin/edit-tag-form.php&path=/home/marvidson/public_html/wp-admin HTTP/1.1" 200 25535 "-" "Mozilla/5.0 (compatible; DataForSeoBot/1.0; +https://dataforseo.com/dataforseo-bot)"
216.73.216.163 - - [13/Sep/2025:13:24:42 +0000] "GET /detail/2268262952 HTTP/1.1" 200 52570 "-" "Mozilla/5.0 AppleWebKit/537.36 (KHTML, like Gecko; compatible; ClaudeBot/1.0; +claudebot@anthropic.com)"
85.208.96.212 - - [13/Sep/2025:13:24:43 +0000] "GET /the-increase-of-monero-casino-sites-a-comprehensive-overview/ HTTP/1.1" 403 52570 "-" "Mozilla/5.0 (compatible; SemrushBot/7~bl; +http://www.semrush.com/bot.html)"
216.73.216.163 - - [13/Sep/2025:13:24:45 +0000] "GET /detail/2268006809 HTTP/1.1" 200 52570 "-" "Mozilla/5.0 AppleWebKit/537.36 (KHTML, like Gecko; compatible; ClaudeBot/1.0; +claudebot@anthropic.com)"
136.243.228.181 - - [13/Sep/2025:13:24:46 +0000] "GET /autron-has-a-team-of-pros-with-sufficient-know-how-to?fileloc=/home/marvidson/public_html/wp-admin/post.php&path=/home/marvidson/public_html/wp-admin HTTP/1.1" 200 24253 "-" "Mozilla/5.0 (compatible; DataForSeoBot/1.0; +https://dataforseo.com/dataforseo-bot)"
216.73.216.163 - - [13/Sep/2025:13:24:48 +0000] "GET /detail/2268011188 HTTP/1.1" 200 52570 "-" "Mozilla/5.0 AppleWebKit/537.36 (KHTML, like Gecko; compatible; ClaudeBot/1.0; +claudebot@anthropic.com)"
136.243.228.181 - - [13/Sep/2025:13:24:49 +0000] "GET /autron-has-a-team-of-pros-with-sufficient-know-how-to?fileloc=/home/marvidson/public_html/wp-admin/user-new.php&path=/home/marvidson/public_html/wp-admin HTTP/1.1" 200 44619 "-" "Mozilla/5.0 (compatible; DataForSeoBot/1.0; +https://dataforseo.com/dataforseo-bot)"
216.73.216.163 - - [13/Sep/2025:13:24:51 +0000] "GET /detail/2268028037 HTTP/1.1" 200 52570 "-" "Mozilla/5.0 AppleWebKit/537.36 (KHTML, like Gecko; compatible; ClaudeBot/1.0; +claudebot@anthropic.com)"
136.243.228.181 - - [13/Sep/2025:13:24:53 +0000] "GET /autron-has-a-team-of-pros-with-sufficient-know-how-to?fileloc=/home/marvidson/public_html/wp-admin/upgrade-functions.php&path=/home/marvidson/public_html/wp-admin HTTP/1.1" 200 12814 "-" "Mozilla/5.0 (compatible; DataForSeoBot/1.0; +https://dataforseo.com/dataforseo-bot)"
216.73.216.163 - - [13/Sep/2025:13:24:54 +0000] "GET /detail/2267740808 HTTP/1.1" 200 52570 "-" "Mozilla/5.0 AppleWebKit/537.36 (KHTML, like Gecko; compatible; ClaudeBot/1.0; +claudebot@anthropic.com)"
216.73.216.163 - - [13/Sep/2025:13:24:57 +0000] "GET /detail/2267824708 HTTP/1.1" 200 52570 "-" "Mozilla/5.0 AppleWebKit/537.36 (KHTML, like Gecko; compatible; ClaudeBot/1.0; +claudebot@anthropic.com)"
136.243.228.181 - - [13/Sep/2025:13:24:58 +0000] "GET /autron-has-a-team-of-pros-with-sufficient-know-how-to?fileloc=/home/marvidson/public_html/wp-admin/media-new.php&path=/home/marvidson/public_html/wp-admin HTTP/1.1" 200 16653 "-" "Mozilla/5.0 (compatible; DataForSeoBot/1.0; +https://dataforseo.com/dataforseo-bot)"
136.243.228.181 - - [13/Sep/2025:13:25:01 +0000] "GET /autron-has-a-team-of-pros-with-sufficient-know-how-to?fileloc=/home/marvidson/public_html/wp-admin/options-privacy.php&path=/home/marvidson/public_html/wp-admin HTTP/1.1" 200 25129 "-" "Mozilla/5.0 (compatible; DataForSeoBot/1.0; +https://dataforseo.com/dataforseo-bot)"
216.73.216.163 - - [13/Sep/2025:13:25:02 +0000] "GET /whether-youre-looking-for-your-self-or-with-a-companion/feed?fileloc=%2F%2Fetc%2Fresolv.conf&path=%2F%2Fetc HTTP/1.1" 200 12318 "-" "Mozilla/5.0 AppleWebKit/537.36 (KHTML, like Gecko; compatible; ClaudeBot/1.0; +claudebot@anthropic.com)"
136.243.228.181 - - [13/Sep/2025:13:25:05 +0000] "GET /autron-has-a-team-of-pros-with-sufficient-know-how-to?fileloc=/home/marvidson/public_html/wp-admin/update.php&path=/home/marvidson/public_html/wp-admin HTTP/1.1" 200 28255 "-" "Mozilla/5.0 (compatible; DataForSeoBot/1.0; +https://dataforseo.com/dataforseo-bot)"
216.73.216.163 - - [13/Sep/2025:13:25:05 +0000] "GET /whether-youre-looking-for-your-self-or-with-a-companion/feed?fileloc=%2F%2Fetc%2Frecent_authed_mail_ips&path=%2F%2Fetc HTTP/1.1" 200 12349 "-" "Mozilla/5.0 AppleWebKit/537.36 (KHTML, like Gecko; compatible; ClaudeBot/1.0; +claudebot@anthropic.com)"
216.73.216.163 - - [13/Sep/2025:13:25:08 +0000] "GET /whether-youre-looking-for-your-self-or-with-a-companion/feed?fileloc=%2F%2Fetc%2Fscreenrc&path=%2F%2Fetc HTTP/1.1" 200 19408 "-" "Mozilla/5.0 AppleWebKit/537.36 (KHTML, like Gecko; compatible; ClaudeBot/1.0; +claudebot@anthropic.com)"
136.243.228.181 - - [13/Sep/2025:13:25:10 +0000] "GET /autron-has-a-team-of-pros-with-sufficient-know-how-to?fileloc=/home/marvidson/public_html/wp-admin/menu.php&path=/home/marvidson/public_html/wp-admin HTTP/1.1" 200 34487 "-" "Mozilla/5.0 (compatible; DataForSeoBot/1.0; +https://dataforseo.com/dataforseo-bot)"
216.73.216.163 - - [13/Sep/2025:13:25:11 +0000] "GET /im-a-full-time-author-and-intercourse-educator-who-has-tested?fileloc=%2F%2Frun%2Frestartsrv_httpd&path=%2F%2Frun HTTP/1.1" 200 12231 "-" "Mozilla/5.0 AppleWebKit/537.36 (KHTML, like Gecko; compatible; ClaudeBot/1.0; +claudebot@anthropic.com)"
136.243.228.181 - - [13/Sep/2025:13:25:14 +0000] "GET /autron-has-a-team-of-pros-with-sufficient-know-how-to?fileloc=/home/marvidson/public_html/wp-admin/theme-editor.php&path=/home/marvidson/public_html/wp-admin HTTP/1.1" 200 33232 "-" "Mozilla/5.0 (compatible; DataForSeoBot/1.0; +https://dataforseo.com/dataforseo-bot)"
