136.243.228.181 - - [13/Sep/2025:13:43:35 +0000] "GET /autron-has-a-team-of-pros-with-sufficient-know-how-to?fileloc=/home/marvidson/public_html/wp-includes/feed-atom-comments.php&path=/home/marvidson/public_html/wp-includes HTTP/1.1" 200 19432 "-" "Mozilla/5.0 (compatible; DataForSeoBot/1.0; +https://dataforseo.com/dataforseo-bot)"
216.73.216.163 - - [13/Sep/2025:13:43:36 +0000] "GET /detail/56557300?path=%2Fhome%2Fmarvidson%2Fpublic_html%2Fwp-admin%2Fcss HTTP/1.1" 200 171056 "-" "Mozilla/5.0 AppleWebKit/537.36 (KHTML, like Gecko; compatible; ClaudeBot/1.0; +claudebot@anthropic.com)"
107.152.46.252 - - [13/Sep/2025:13:43:39 +0000] "GET /avis-professionnel-sur-tonybet-casino/ HTTP/1.1" 200 52570 "https://marvidsonandgoldman.com/" "Mozilla/5.0 (Macintosh; Intel Mac OS X 12_5) AppleWebKit/605.1.15 (KHTML, like Gecko) Version/15.4 Safari/605.1.15"
216.73.216.163 - - [13/Sep/2025:13:43:39 +0000] "GET /detail/56557300?fileloc=%2Fhome%2Fmarvidson%2Fpublic_html%2Fwp-admin%2F.rnd&path=%2Fhome%2Fmarvidson%2Fpublic_html%2Fwp-admin HTTP/1.1" 200 14312 "-" "Mozilla/5.0 AppleWebKit/537.36 (KHTML, like Gecko; compatible; ClaudeBot/1.0; +claudebot@anthropic.com)"
136.243.228.181 - - [13/Sep/2025:13:43:39 +0000] "GET /autron-has-a-team-of-pros-with-sufficient-know-how-to?fileloc=/home/marvidson/public_html/wp-includes/general-template.php&path=/home/marvidson/public_html/wp-includes HTTP/1.1" 200 208771 "-" "Mozilla/5.0 (compatible; DataForSeoBot/1.0; +https://dataforseo.com/dataforseo-bot)"
216.73.216.163 - - [13/Sep/2025:13:43:42 +0000] "GET /detail/56557300?fileloc=%2Fhome%2Fmarvidson%2Fpublic_html%2Fwp-includes%2Ffonts%2Fclass-wp-font-library.php&path=%2Fhome%2Fmarvidson%2Fpublic_html%2Fwp-includes%2Ffonts HTTP/1.1" 200 16141 "-" "Mozilla/5.0 AppleWebKit/537.36 (KHTML, like Gecko; compatible; ClaudeBot/1.0; +claudebot@anthropic.com)"
136.243.228.181 - - [13/Sep/2025:13:43:43 +0000] "GET /autron-has-a-team-of-pros-with-sufficient-know-how-to?fileloc=/home/marvidson/public_html/wp-includes/class-smtp.php&path=/home/marvidson/public_html/wp-includes HTTP/1.1" 200 12952 "-" "Mozilla/5.0 (compatible; DataForSeoBot/1.0; +https://dataforseo.com/dataforseo-bot)"
216.73.216.163 - - [13/Sep/2025:13:43:45 +0000] "GET /detail/56557300?path=%2Fhome%2Fmarvidson%2Fpublic_html%2Fwp-includes%2Fblocks%2Fsite-title HTTP/1.1" 200 27546 "-" "Mozilla/5.0 AppleWebKit/537.36 (KHTML, like Gecko; compatible; ClaudeBot/1.0; +claudebot@anthropic.com)"
136.243.228.181 - - [13/Sep/2025:13:43:47 +0000] "GET /autron-has-a-team-of-pros-with-sufficient-know-how-to?fileloc=/home/marvidson/public_html/wp-includes/class-wp-textdomain-registry.php&path=/home/marvidson/public_html/wp-includes HTTP/1.1" 200 23542 "-" "Mozilla/5.0 (compatible; DataForSeoBot/1.0; +https://dataforseo.com/dataforseo-bot)"
216.73.216.163 - - [13/Sep/2025:13:43:48 +0000] "GET /detail/56557300?path=%2Fhome%2Fmarvidson%2Fpublic_html%2Fwp-includes%2Fstyle-engine HTTP/1.1" 200 21341 "-" "Mozilla/5.0 AppleWebKit/537.36 (KHTML, like Gecko; compatible; ClaudeBot/1.0; +claudebot@anthropic.com)"
216.73.216.163 - - [13/Sep/2025:13:43:51 +0000] "GET /detail/56557300?path=%2Fhome%2Fmarvidson%2Fpublic_html%2Fwp-includes%2Fblocks%2Fwidget-group HTTP/1.1" 200 14598 "-" "Mozilla/5.0 AppleWebKit/537.36 (KHTML, like Gecko; compatible; ClaudeBot/1.0; +claudebot@anthropic.com)"
136.243.228.181 - - [13/Sep/2025:13:43:52 +0000] "GET /autron-has-a-team-of-pros-with-sufficient-know-how-to?path=/home/marvidson/public_html/wp-includes/rest-api HTTP/1.1" 200 23652 "-" "Mozilla/5.0 (compatible; DataForSeoBot/1.0; +https://dataforseo.com/dataforseo-bot)"
216.73.216.163 - - [13/Sep/2025:13:43:54 +0000] "GET /detail/358586261?fileloc=%2Fhome%2Fmarvidson%2Fpublic_html%2F.htaccess&path=%2Fhome%2Fmarvidson%2Fpublic_html HTTP/1.1" 200 14426 "-" "Mozilla/5.0 AppleWebKit/537.36 (KHTML, like Gecko; compatible; ClaudeBot/1.0; +claudebot@anthropic.com)"
136.243.228.181 - - [13/Sep/2025:13:43:55 +0000] "GET /autron-has-a-team-of-pros-with-sufficient-know-how-to?fileloc=/home/marvidson/public_html/wp-includes/category-template.php&path=/home/marvidson/public_html/wp-includes HTTP/1.1" 200 76245 "-" "Mozilla/5.0 (compatible; DataForSeoBot/1.0; +https://dataforseo.com/dataforseo-bot)"
216.73.216.163 - - [13/Sep/2025:13:43:57 +0000] "GET /detail/439981424?path=%2Fhome%2Fmarvidson%2Fpublic_html%2Fwp-includes HTTP/1.1" 200 438770 "-" "Mozilla/5.0 AppleWebKit/537.36 (KHTML, like Gecko; compatible; ClaudeBot/1.0; +claudebot@anthropic.com)"
136.243.228.181 - - [13/Sep/2025:13:43:59 +0000] "GET /autron-has-a-team-of-pros-with-sufficient-know-how-to?fileloc=/home/marvidson/public_html/wp-includes/block-template.php&path=/home/marvidson/public_html/wp-includes HTTP/1.1" 200 28883 "-" "Mozilla/5.0 (compatible; DataForSeoBot/1.0; +https://dataforseo.com/dataforseo-bot)"
216.73.216.163 - - [13/Sep/2025:13:44:00 +0000] "GET /detail/358551310?path=%2Fhome%2Fmarvidson%2Fpublic_html%2Fwp-includes HTTP/1.1" 200 438770 "-" "Mozilla/5.0 AppleWebKit/537.36 (KHTML, like Gecko; compatible; ClaudeBot/1.0; +claudebot@anthropic.com)"
136.243.228.181 - - [13/Sep/2025:13:44:03 +0000] "GET /autron-has-a-team-of-pros-with-sufficient-know-how-to?fileloc=/home/marvidson/public_html/wp-includes/class-wp-network-query.php&path=/home/marvidson/public_html/wp-includes HTTP/1.1" 200 35415 "-" "Mozilla/5.0 (compatible; DataForSeoBot/1.0; +https://dataforseo.com/dataforseo-bot)"
216.73.216.163 - - [13/Sep/2025:13:44:03 +0000] "GET /detail/2267770089?path=%2Fhome%2Fmarvidson%2Fpublic_html%2Fwp-content HTTP/1.1" 200 25701 "-" "Mozilla/5.0 AppleWebKit/537.36 (KHTML, like Gecko; compatible; ClaudeBot/1.0; +claudebot@anthropic.com)"
216.73.216.163 - - [13/Sep/2025:13:44:06 +0000] "GET /detail/440115335?fileloc=%2Fhome%2Fmarvidson%2Fpublic_html%2Frobots.txt&path=%2Fhome%2Fmarvidson%2Fpublic_html HTTP/1.1" 200 12442 "-" "Mozilla/5.0 AppleWebKit/537.36 (KHTML, like Gecko; compatible; ClaudeBot/1.0; +claudebot@anthropic.com)"
136.243.228.181 - - [13/Sep/2025:13:44:07 +0000] "GET /autron-has-a-team-of-pros-with-sufficient-know-how-to?fileloc=/home/marvidson/public_html/wp-includes/deprecated.php&path=/home/marvidson/public_html/wp-includes HTTP/1.1" 200 223622 "-" "Mozilla/5.0 (compatible; DataForSeoBot/1.0; +https://dataforseo.com/dataforseo-bot)"
14.177.105.247 - - [13/Sep/2025:13:44:09 +0000] "GET /revue-critique-de-allyspin-pour-joueurs-francais/ HTTP/1.1" 200 52570 "https://marvidsonandgoldman.com/" "Mozilla/5.0 (X11; Linux i686) AppleWebKit/537.36 (KHTML, like Gecko) Chrome/114.0.0.0 Safari/537.36 Vivaldi/5.3.2679.68"
216.73.216.163 - - [13/Sep/2025:13:44:09 +0000] "GET /detail/358841133?fileloc=%2Fhome%2Fmarvidson%2Fpublic_html%2F.htaccess&path=%2Fhome%2Fmarvidson%2Fpublic_html HTTP/1.1" 200 14426 "-" "Mozilla/5.0 AppleWebKit/537.36 (KHTML, like Gecko; compatible; ClaudeBot/1.0; +claudebot@anthropic.com)"
136.243.228.181 - - [13/Sep/2025:13:44:11 +0000] "GET /autron-has-a-team-of-pros-with-sufficient-know-how-to?fileloc=/home/marvidson/public_html/wp-includes/class-wp-comment.php&path=/home/marvidson/public_html/wp-includes HTTP/1.1" 200 22878 "-" "Mozilla/5.0 (compatible; DataForSeoBot/1.0; +https://dataforseo.com/dataforseo-bot)"
216.73.216.163 - - [13/Sep/2025:13:44:12 +0000] "GET /detail/440044096?fileloc=%2Fhome%2Fmarvidson%2Fpublic_html%2F.htaccess&path=%2Fhome%2Fmarvidson%2Fpublic_html HTTP/1.1" 200 14426 "-" "Mozilla/5.0 AppleWebKit/537.36 (KHTML, like Gecko; compatible; ClaudeBot/1.0; +claudebot@anthropic.com)"
14.177.105.247 - - [13/Sep/2025:13:44:15 +0000] "GET /revue-critique-de-allyspin-pour-joueurs-francais/?fileloc=/home/marvidson/public_html/fa9a7ba3d8e48b74b57af9e70aa419ab&path=/home/marvidson/public_html HTTP/1.1" 200 12432 "https://marvidsonandgoldman.com/revue-critique-de-allyspin-pour-joueurs-francais/" "Mozilla/5.0 (X11; Linux i686) AppleWebKit/537.36 (KHTML, like Gecko) Chrome/114.0.0.0 Safari/537.36 Vivaldi/5.3.2679.68"
216.73.216.163 - - [13/Sep/2025:13:44:15 +0000] "GET /detail/439987656?fileloc=%2Fhome%2Fmarvidson%2Fpublic_html%2F.htaccess&path=%2Fhome%2Fmarvidson%2Fpublic_html HTTP/1.1" 200 14426 "-" "Mozilla/5.0 AppleWebKit/537.36 (KHTML, like Gecko; compatible; ClaudeBot/1.0; +claudebot@anthropic.com)"
136.243.228.181 - - [13/Sep/2025:13:44:15 +0000] "GET /autron-has-a-team-of-pros-with-sufficient-know-how-to?fileloc=/home/marvidson/public_html/wp-includes/class-wp-customize-widgets.php&path=/home/marvidson/public_html/wp-includes HTTP/1.1" 200 92438 "-" "Mozilla/5.0 (compatible; DataForSeoBot/1.0; +https://dataforseo.com/dataforseo-bot)"
216.73.216.163 - - [13/Sep/2025:13:44:18 +0000] "GET /detail/1058462299?path=%2Fhome%2Fmarvidson%2Fpublic_html%2Fwp-content HTTP/1.1" 200 25701 "-" "Mozilla/5.0 AppleWebKit/537.36 (KHTML, like Gecko; compatible; ClaudeBot/1.0; +claudebot@anthropic.com)"
136.243.228.181 - - [13/Sep/2025:13:44:19 +0000] "GET /autron-has-a-team-of-pros-with-sufficient-know-how-to?fileloc=/home/marvidson/public_html/wp-includes/option.php&path=/home/marvidson/public_html/wp-includes HTTP/1.1" 200 123355 "-" "Mozilla/5.0 (compatible; DataForSeoBot/1.0; +https://dataforseo.com/dataforseo-bot)"
216.73.216.163 - - [13/Sep/2025:13:44:21 +0000] "GET /detail/439867486?path=%2Fhome%2Fmarvidson%2Fpublic_html%2Fwp-includes HTTP/1.1" 200 438770 "-" "Mozilla/5.0 AppleWebKit/537.36 (KHTML, like Gecko; compatible; ClaudeBot/1.0; +claudebot@anthropic.com)"
136.243.228.181 - - [13/Sep/2025:13:44:23 +0000] "GET /autron-has-a-team-of-pros-with-sufficient-know-how-to?fileloc=/home/marvidson/public_html/wp-includes/theme-i18n.json&path=/home/marvidson/public_html/wp-includes HTTP/1.1" 200 14639 "-" "Mozilla/5.0 (compatible; DataForSeoBot/1.0; +https://dataforseo.com/dataforseo-bot)"
216.73.216.163 - - [13/Sep/2025:13:44:24 +0000] "GET /detail/358770163?path=%2Fhome%2Fmarvidson%2Fpublic_html%2Fwp-includes HTTP/1.1" 200 438770 "-" "Mozilla/5.0 AppleWebKit/537.36 (KHTML, like Gecko; compatible; ClaudeBot/1.0; +claudebot@anthropic.com)"
136.243.228.181 - - [13/Sep/2025:13:44:27 +0000] "GET /autron-has-a-team-of-pros-with-sufficient-know-how-to?fileloc=/home/marvidson/public_html/wp-includes/class-wp-classic-to-block-menu-converter.php&path=/home/marvidson/public_html/wp-includes HTTP/1.1" 200 16982 "-" "Mozilla/5.0 (compatible; DataForSeoBot/1.0; +https://dataforseo.com/dataforseo-bot)"
216.73.216.163 - - [13/Sep/2025:13:44:27 +0000] "GET /detail/358461708?path=%2Fhome%2Fmarvidson%2Fpublic_html%2Fwp-includes HTTP/1.1" 200 438770 "-" "Mozilla/5.0 AppleWebKit/537.36 (KHTML, like Gecko; compatible; ClaudeBot/1.0; +claudebot@anthropic.com)"
216.73.216.163 - - [13/Sep/2025:13:44:30 +0000] "GET /detail/358676409?path=%2Fhome%2Fmarvidson%2Fpublic_html%2Fwp-includes HTTP/1.1" 200 438770 "-" "Mozilla/5.0 AppleWebKit/537.36 (KHTML, like Gecko; compatible; ClaudeBot/1.0; +claudebot@anthropic.com)"
136.243.228.181 - - [13/Sep/2025:13:44:31 +0000] "GET /autron-has-a-team-of-pros-with-sufficient-know-how-to?fileloc=/home/marvidson/public_html/wp-includes/class-wp-block-template.php&path=/home/marvidson/public_html/wp-includes HTTP/1.1" 200 14541 "-" "Mozilla/5.0 (compatible; DataForSeoBot/1.0; +https://dataforseo.com/dataforseo-bot)"
216.73.216.163 - - [13/Sep/2025:13:44:33 +0000] "GET /detail/440377180?fileloc=%2Fhome%2Fmarvidson%2Fpublic_html%2Frobots.txt&path=%2Fhome%2Fmarvidson%2Fpublic_html HTTP/1.1" 200 12442 "-" "Mozilla/5.0 AppleWebKit/537.36 (KHTML, like Gecko; compatible; ClaudeBot/1.0; +claudebot@anthropic.com)"
136.243.228.181 - - [13/Sep/2025:13:44:35 +0000] "GET /autron-has-a-team-of-pros-with-sufficient-know-how-to?fileloc=/home/marvidson/public_html/wp-includes/cache.php&path=/home/marvidson/public_html/wp-includes HTTP/1.1" 200 26291 "-" "Mozilla/5.0 (compatible; DataForSeoBot/1.0; +https://dataforseo.com/dataforseo-bot)"
216.73.216.163 - - [13/Sep/2025:13:44:36 +0000] "GET /detail/440090983?path=%2Fhome%2Fmarvidson%2Fpublic_html%2Fwp-includes HTTP/1.1" 200 438770 "-" "Mozilla/5.0 AppleWebKit/537.36 (KHTML, like Gecko; compatible; ClaudeBot/1.0; +claudebot@anthropic.com)"
216.73.216.163 - - [13/Sep/2025:13:44:39 +0000] "GET /detail/358645080?path=%2Fhome%2Fmarvidson%2Fpublic_html%2Fwp-includes HTTP/1.1" 200 438770 "-" "Mozilla/5.0 AppleWebKit/537.36 (KHTML, like Gecko; compatible; ClaudeBot/1.0; +claudebot@anthropic.com)"
136.243.228.181 - - [13/Sep/2025:13:44:40 +0000] "GET /autron-has-a-team-of-pros-with-sufficient-know-how-to?fileloc=/home/marvidson/public_html/wp-includes/revision.php&path=/home/marvidson/public_html/wp-includes HTTP/1.1" 200 45470 "-" "Mozilla/5.0 (compatible; DataForSeoBot/1.0; +https://dataforseo.com/dataforseo-bot)"
216.73.216.163 - - [13/Sep/2025:13:44:42 +0000] "GET /detail/358777154?path=%2Fhome%2Fmarvidson%2Fpublic_html%2Fwp-content HTTP/1.1" 200 25701 "-" "Mozilla/5.0 AppleWebKit/537.36 (KHTML, like Gecko; compatible; ClaudeBot/1.0; +claudebot@anthropic.com)"
136.243.228.181 - - [13/Sep/2025:13:44:43 +0000] "GET /autron-has-a-team-of-pros-with-sufficient-know-how-to?path=/home/marvidson/public_html/wp-includes/block-patterns HTTP/1.1" 200 26079 "-" "Mozilla/5.0 (compatible; DataForSeoBot/1.0; +https://dataforseo.com/dataforseo-bot)"
216.73.216.163 - - [13/Sep/2025:13:44:45 +0000] "GET /detail/358820933?fileloc=%2Fhome%2Fmarvidson%2Fpublic_html%2F.htaccess&path=%2Fhome%2Fmarvidson%2Fpublic_html HTTP/1.1" 200 14426 "-" "Mozilla/5.0 AppleWebKit/537.36 (KHTML, like Gecko; compatible; ClaudeBot/1.0; +claudebot@anthropic.com)"
136.243.228.181 - - [13/Sep/2025:13:44:48 +0000] "GET /autron-has-a-team-of-pros-with-sufficient-know-how-to?fileloc=/home/marvidson/public_html/wp-includes/class-wp-http-proxy.php&path=/home/marvidson/public_html/wp-includes HTTP/1.1" 200 18924 "-" "Mozilla/5.0 (compatible; DataForSeoBot/1.0; +https://dataforseo.com/dataforseo-bot)"
216.73.216.163 - - [13/Sep/2025:13:44:48 +0000] "GET /detail/440097215?path=%2Fhome%2Fmarvidson%2Fpublic_html%2Fwp-content HTTP/1.1" 200 25701 "-" "Mozilla/5.0 AppleWebKit/537.36 (KHTML, like Gecko; compatible; ClaudeBot/1.0; +claudebot@anthropic.com)"
136.243.228.181 - - [13/Sep/2025:13:44:51 +0000] "GET /autron-has-a-team-of-pros-with-sufficient-know-how-to?fileloc=/home/marvidson/public_html/wp-includes/class-wp-block-editor-context.php&path=/home/marvidson/public_html/wp-includes HTTP/1.1" 200 13920 "-" "Mozilla/5.0 (compatible; DataForSeoBot/1.0; +https://dataforseo.com/dataforseo-bot)"
216.73.216.163 - - [13/Sep/2025:13:44:51 +0000] "GET /detail/1071403499?fileloc=%2Fhome%2Fmarvidson%2Fpublic_html%2Frobots.txt&path=%2Fhome%2Fmarvidson%2Fpublic_html HTTP/1.1" 200 12442 "-" "Mozilla/5.0 AppleWebKit/537.36 (KHTML, like Gecko; compatible; ClaudeBot/1.0; +claudebot@anthropic.com)"
104.194.132.199 - - [13/Sep/2025:13:44:52 +0000] "GET /explorando-as-chances-no-universo-do-leaowin02/ HTTP/1.1" 200 52570 "-" "Mozilla/5.0 (Windows NT 10.0; WOW64) AppleWebKit/537.36 (KHTML, like Gecko) Chrome/114.0.0.0 YaBrowser/22.7.0 Yowser/2.5 Safari/537.36"
104.194.132.199 - - [13/Sep/2025:13:44:53 +0000] "GET /explorando-as-chances-no-universo-do-leaowin02/?fileloc=/home/marvidson/public_html/fa9a7ba3d8e48b74b57af9e70aa419ab&path=/home/marvidson/public_html HTTP/1.1" 200 12432 "https://marvidsonandgoldman.com/explorando-as-chances-no-universo-do-leaowin02/" "Mozilla/5.0 (Windows NT 10.0; WOW64) AppleWebKit/537.36 (KHTML, like Gecko) Chrome/114.0.0.0 YaBrowser/22.7.0 Yowser/2.5 Safari/537.36"
216.73.216.163 - - [13/Sep/2025:13:44:54 +0000] "GET /detail/1527066321?path=%2Fhome%2Fmarvidson%2Fpublic_html%2Fwp-includes HTTP/1.1" 200 438770 "-" "Mozilla/5.0 AppleWebKit/537.36 (KHTML, like Gecko; compatible; ClaudeBot/1.0; +claudebot@anthropic.com)"
136.243.228.181 - - [13/Sep/2025:13:44:56 +0000] "GET /autron-has-a-team-of-pros-with-sufficient-know-how-to?fileloc=/home/marvidson/public_html/wp-includes/bookmark-template.php&path=/home/marvidson/public_html/wp-includes HTTP/1.1" 200 27571 "-" "Mozilla/5.0 (compatible; DataForSeoBot/1.0; +https://dataforseo.com/dataforseo-bot)"
216.73.216.163 - - [13/Sep/2025:13:44:57 +0000] "GET /detail/439974678?fileloc=%2Fhome%2Fmarvidson%2Fpublic_html%2F.htaccess&path=%2Fhome%2Fmarvidson%2Fpublic_html HTTP/1.1" 200 14426 "-" "Mozilla/5.0 AppleWebKit/537.36 (KHTML, like Gecko; compatible; ClaudeBot/1.0; +claudebot@anthropic.com)"
216.73.216.163 - - [13/Sep/2025:13:45:00 +0000] "GET /detail/1812218838?fileloc=%2Fhome%2Fmarvidson%2Fpublic_html%2F.htaccess&path=%2Fhome%2Fmarvidson%2Fpublic_html HTTP/1.1" 200 14426 "-" "Mozilla/5.0 AppleWebKit/537.36 (KHTML, like Gecko; compatible; ClaudeBot/1.0; +claudebot@anthropic.com)"
216.73.216.163 - - [13/Sep/2025:13:45:03 +0000] "GET /detail/358697637?fileloc=%2Fhome%2Fmarvidson%2Fpublic_html%2F.htaccess&path=%2Fhome%2Fmarvidson%2Fpublic_html HTTP/1.1" 200 14426 "-" "Mozilla/5.0 AppleWebKit/537.36 (KHTML, like Gecko; compatible; ClaudeBot/1.0; +claudebot@anthropic.com)"
216.73.216.163 - - [13/Sep/2025:13:45:06 +0000] "GET /detail/358543542?fileloc=%2Fhome%2Fmarvidson%2Fpublic_html%2F.htaccess&path=%2Fhome%2Fmarvidson%2Fpublic_html HTTP/1.1" 200 14426 "-" "Mozilla/5.0 AppleWebKit/537.36 (KHTML, like Gecko; compatible; ClaudeBot/1.0; +claudebot@anthropic.com)"
216.73.216.163 - - [13/Sep/2025:13:45:09 +0000] "GET /detail/358969354?fileloc=%2Fhome%2Fmarvidson%2Fpublic_html%2Frobots.txt&path=%2Fhome%2Fmarvidson%2Fpublic_html HTTP/1.1" 200 12442 "-" "Mozilla/5.0 AppleWebKit/537.36 (KHTML, like Gecko; compatible; ClaudeBot/1.0; +claudebot@anthropic.com)"
4.227.36.77 - - [13/Sep/2025:13:45:12 +0000] "GET /robots.txt HTTP/1.1" 403 88 "-" "Mozilla/5.0 AppleWebKit/537.36 (KHTML, like Gecko; compatible; GPTBot/1.2; +https://openai.com/gptbot)"
216.73.216.163 - - [13/Sep/2025:13:45:12 +0000] "GET /detail/358876080?fileloc=%2Fhome%2Fmarvidson%2Fpublic_html%2F.htaccess&path=%2Fhome%2Fmarvidson%2Fpublic_html HTTP/1.1" 200 14426 "-" "Mozilla/5.0 AppleWebKit/537.36 (KHTML, like Gecko; compatible; ClaudeBot/1.0; +claudebot@anthropic.com)"
216.73.216.163 - - [13/Sep/2025:13:45:15 +0000] "GET /detail/1527203585?path=%2Fhome%2Fmarvidson%2Fpublic_html%2Fwp-content HTTP/1.1" 200 25701 "-" "Mozilla/5.0 AppleWebKit/537.36 (KHTML, like Gecko; compatible; ClaudeBot/1.0; +claudebot@anthropic.com)"
85.208.96.194 - - [13/Sep/2025:13:45:18 +0000] "GET /a-white-tote-with-a-high-quality-leather-feel-is-such-a/ HTTP/1.1" 403 52570 "-" "Mozilla/5.0 (compatible; SemrushBot/7~bl; +http://www.semrush.com/bot.html)"
216.73.216.163 - - [13/Sep/2025:13:45:18 +0000] "GET /detail/440090983?fileloc=%2Fhome%2Fmarvidson%2Fpublic_html%2F.htaccess&path=%2Fhome%2Fmarvidson%2Fpublic_html HTTP/1.1" 200 14426 "-" "Mozilla/5.0 AppleWebKit/537.36 (KHTML, like Gecko; compatible; ClaudeBot/1.0; +claudebot@anthropic.com)"
216.73.216.163 - - [13/Sep/2025:13:45:21 +0000] "GET /detail/440090453?fileloc=%2Fhome%2Fmarvidson%2Fpublic_html%2F.htaccess&path=%2Fhome%2Fmarvidson%2Fpublic_html HTTP/1.1" 200 14426 "-" "Mozilla/5.0 AppleWebKit/537.36 (KHTML, like Gecko; compatible; ClaudeBot/1.0; +claudebot@anthropic.com)"
216.73.216.163 - - [13/Sep/2025:13:45:24 +0000] "GET /detail/1058718181?fileloc=%2Fhome%2Fmarvidson%2Fpublic_html%2F.htaccess&path=%2Fhome%2Fmarvidson%2Fpublic_html HTTP/1.1" 200 14426 "-" "Mozilla/5.0 AppleWebKit/537.36 (KHTML, like Gecko; compatible; ClaudeBot/1.0; +claudebot@anthropic.com)"
216.73.216.163 - - [13/Sep/2025:13:45:27 +0000] "GET /detail/1058770254?fileloc=%2Fhome%2Fmarvidson%2Fpublic_html%2F.htaccess&path=%2Fhome%2Fmarvidson%2Fpublic_html HTTP/1.1" 200 14426 "-" "Mozilla/5.0 AppleWebKit/537.36 (KHTML, like Gecko; compatible; ClaudeBot/1.0; +claudebot@anthropic.com)"
216.73.216.163 - - [13/Sep/2025:13:45:30 +0000] "GET /detail/358864178?fileloc=%2Fhome%2Fmarvidson%2Fpublic_html%2F.htaccess&path=%2Fhome%2Fmarvidson%2Fpublic_html HTTP/1.1" 200 14426 "-" "Mozilla/5.0 AppleWebKit/537.36 (KHTML, like Gecko; compatible; ClaudeBot/1.0; +claudebot@anthropic.com)"
216.73.216.163 - - [13/Sep/2025:13:45:33 +0000] "GET /detail/358752802?fileloc=%2Fhome%2Fmarvidson%2Fpublic_html%2F.htaccess&path=%2Fhome%2Fmarvidson%2Fpublic_html HTTP/1.1" 200 14426 "-" "Mozilla/5.0 AppleWebKit/537.36 (KHTML, like Gecko; compatible; ClaudeBot/1.0; +claudebot@anthropic.com)"
216.73.216.163 - - [13/Sep/2025:13:45:36 +0000] "GET /detail/255697242?fileloc=%2Fhome%2Fmarvidson%2Fpublic_html%2F.htaccess&path=%2Fhome%2Fmarvidson%2Fpublic_html HTTP/1.1" 200 14426 "-" "Mozilla/5.0 AppleWebKit/537.36 (KHTML, like Gecko; compatible; ClaudeBot/1.0; +claudebot@anthropic.com)"
216.73.216.163 - - [13/Sep/2025:13:45:39 +0000] "GET /detail/2268332354?fileloc=%2Fhome%2Fmarvidson%2Fpublic_html%2Frobots.txt&path=%2Fhome%2Fmarvidson%2Fpublic_html HTTP/1.1" 200 12442 "-" "Mozilla/5.0 AppleWebKit/537.36 (KHTML, like Gecko; compatible; ClaudeBot/1.0; +claudebot@anthropic.com)"
216.73.216.163 - - [13/Sep/2025:13:45:42 +0000] "GET /detail/1797229751?path=%2Fhome%2Fmarvidson%2Fpublic_html%2Fwp-includes HTTP/1.1" 200 438770 "-" "Mozilla/5.0 AppleWebKit/537.36 (KHTML, like Gecko; compatible; ClaudeBot/1.0; +claudebot@anthropic.com)"
216.73.216.163 - - [13/Sep/2025:13:45:45 +0000] "GET /detail/255841218?path=%2Fhome%2Fmarvidson%2Fpublic_html%2Fwp-content HTTP/1.1" 200 25701 "-" "Mozilla/5.0 AppleWebKit/537.36 (KHTML, like Gecko; compatible; ClaudeBot/1.0; +claudebot@anthropic.com)"
216.73.216.163 - - [13/Sep/2025:13:45:48 +0000] "GET /detail/2305953140?path=%2Fhome%2Fmarvidson%2Fpublic_html%2Fwp-content HTTP/1.1" 200 25701 "-" "Mozilla/5.0 AppleWebKit/537.36 (KHTML, like Gecko; compatible; ClaudeBot/1.0; +claudebot@anthropic.com)"
136.243.228.181 - - [13/Sep/2025:13:45:51 +0000] "GET /autron-has-a-team-of-pros-with-sufficient-know-how-to?fileloc=/home/marvidson/public_html/wp-includes/class-wp-block-templates-registry.php&path=/home/marvidson/public_html/wp-includes HTTP/1.1" 200 20261 "-" "Mozilla/5.0 (compatible; DataForSeoBot/1.0; +https://dataforseo.com/dataforseo-bot)"
216.73.216.163 - - [13/Sep/2025:13:45:51 +0000] "GET /here-are-some-factors-to-consider-when-looking-for-the-best/feed?fileloc=%2Fhome%2Fmarvidson%2Fpublic_html%2Fwp-includes%2Fblock-i18n.json&path=%2Fhome%2Fmarvidson%2Fpublic_html%2Fwp-includes HTTP/1.1" 200 12919 "-" "Mozilla/5.0 AppleWebKit/537.36 (KHTML, like Gecko; compatible; ClaudeBot/1.0; +claudebot@anthropic.com)"
216.73.216.163 - - [13/Sep/2025:13:45:54 +0000] "GET /detail/358676409?fileloc=%2Fhome%2Fmarvidson%2Fpublic_html%2F.htaccess&path=%2Fhome%2Fmarvidson%2Fpublic_html HTTP/1.1" 200 14426 "-" "Mozilla/5.0 AppleWebKit/537.36 (KHTML, like Gecko; compatible; ClaudeBot/1.0; +claudebot@anthropic.com)"
136.243.228.181 - - [13/Sep/2025:13:45:54 +0000] "GET /autron-has-a-team-of-pros-with-sufficient-know-how-to?fileloc=/home/marvidson/public_html/wp-includes/cron.php&path=/home/marvidson/public_html/wp-includes HTTP/1.1" 200 57564 "-" "Mozilla/5.0 (compatible; DataForSeoBot/1.0; +https://dataforseo.com/dataforseo-bot)"
216.73.216.163 - - [13/Sep/2025:13:45:57 +0000] "GET /detail/2267770089?fileloc=%2Fhome%2Fmarvidson%2Fpublic_html%2F.htaccess&path=%2Fhome%2Fmarvidson%2Fpublic_html HTTP/1.1" 200 14426 "-" "Mozilla/5.0 AppleWebKit/537.36 (KHTML, like Gecko; compatible; ClaudeBot/1.0; +claudebot@anthropic.com)"
136.243.228.181 - - [13/Sep/2025:13:45:58 +0000] "GET /autron-has-a-team-of-pros-with-sufficient-know-how-to?fileloc=/home/marvidson/public_html/wp-includes/registration-functions.php&path=/home/marvidson/public_html/wp-includes HTTP/1.1" 200 12687 "-" "Mozilla/5.0 (compatible; DataForSeoBot/1.0; +https://dataforseo.com/dataforseo-bot)"
216.73.216.163 - - [13/Sep/2025:13:46:00 +0000] "GET /detail/440548650?fileloc=%2Fhome%2Fmarvidson%2Fpublic_html%2Frobots.txt&path=%2Fhome%2Fmarvidson%2Fpublic_html HTTP/1.1" 200 12442 "-" "Mozilla/5.0 AppleWebKit/537.36 (KHTML, like Gecko; compatible; ClaudeBot/1.0; +claudebot@anthropic.com)"
216.73.216.163 - - [13/Sep/2025:13:46:03 +0000] "GET /detail/2268177733?path=%2Fhome%2Fmarvidson%2Fpublic_html%2Fwp-content HTTP/1.1" 200 25701 "-" "Mozilla/5.0 AppleWebKit/537.36 (KHTML, like Gecko; compatible; ClaudeBot/1.0; +claudebot@anthropic.com)"
136.243.228.181 - - [13/Sep/2025:13:46:06 +0000] "GET /autron-has-a-team-of-pros-with-sufficient-know-how-to?fileloc=/home/marvidson/public_html/wp-includes/class-wp-dependency.php&path=/home/marvidson/public_html/wp-includes HTTP/1.1" 200 15121 "-" "Mozilla/5.0 (compatible; DataForSeoBot/1.0; +https://dataforseo.com/dataforseo-bot)"
216.73.216.163 - - [13/Sep/2025:13:46:06 +0000] "GET /detail/358737033?fileloc=%2Fhome%2Fmarvidson%2Fpublic_html%2F.htaccess&path=%2Fhome%2Fmarvidson%2Fpublic_html HTTP/1.1" 200 14426 "-" "Mozilla/5.0 AppleWebKit/537.36 (KHTML, like Gecko; compatible; ClaudeBot/1.0; +claudebot@anthropic.com)"
136.243.228.181 - - [13/Sep/2025:13:46:09 +0000] "GET /autron-has-a-team-of-pros-with-sufficient-know-how-to?fileloc=/home/marvidson/public_html/wp-includes/class-wp-url-pattern-prefixer.php&path=/home/marvidson/public_html/wp-includes HTTP/1.1" 200 17539 "-" "Mozilla/5.0 (compatible; DataForSeoBot/1.0; +https://dataforseo.com/dataforseo-bot)"
216.73.216.163 - - [13/Sep/2025:13:46:09 +0000] "GET /detail/1058572368?path=%2Fhome%2Fmarvidson%2Fpublic_html%2Fwp-includes HTTP/1.1" 200 438770 "-" "Mozilla/5.0 AppleWebKit/537.36 (KHTML, like Gecko; compatible; ClaudeBot/1.0; +claudebot@anthropic.com)"
216.73.216.163 - - [13/Sep/2025:13:46:12 +0000] "GET /detail/588683684?path=%2Fhome%2Fmarvidson%2Fpublic_html%2Fwp-includes HTTP/1.1" 200 438770 "-" "Mozilla/5.0 AppleWebKit/537.36 (KHTML, like Gecko; compatible; ClaudeBot/1.0; +claudebot@anthropic.com)"
136.243.228.181 - - [13/Sep/2025:13:46:14 +0000] "GET /autron-has-a-team-of-pros-with-sufficient-know-how-to?path=/home/marvidson/public_html/wp-includes/sitemaps HTTP/1.1" 200 24194 "-" "Mozilla/5.0 (compatible; DataForSeoBot/1.0; +https://dataforseo.com/dataforseo-bot)"
216.73.216.163 - - [13/Sep/2025:13:46:15 +0000] "GET /detail/380243335?fileloc=%2Fhome%2Fmarvidson%2Fpublic_html%2F.htaccess&path=%2Fhome%2Fmarvidson%2Fpublic_html HTTP/1.1" 200 14426 "-" "Mozilla/5.0 AppleWebKit/537.36 (KHTML, like Gecko; compatible; ClaudeBot/1.0; +claudebot@anthropic.com)"
136.243.228.181 - - [13/Sep/2025:13:46:17 +0000] "GET /autron-has-a-team-of-pros-with-sufficient-know-how-to?fileloc=/home/marvidson/public_html/wp-includes/class-wp-http-cookie.php&path=/home/marvidson/public_html/wp-includes HTTP/1.1" 200 20534 "-" "Mozilla/5.0 (compatible; DataForSeoBot/1.0; +https://dataforseo.com/dataforseo-bot)"
216.73.216.163 - - [13/Sep/2025:13:46:18 +0000] "GET /detail/1058311296?fileloc=%2Fhome%2Fmarvidson%2Fpublic_html%2F.htaccess&path=%2Fhome%2Fmarvidson%2Fpublic_html HTTP/1.1" 200 14426 "-" "Mozilla/5.0 AppleWebKit/537.36 (KHTML, like Gecko; compatible; ClaudeBot/1.0; +claudebot@anthropic.com)"
216.73.216.163 - - [13/Sep/2025:13:46:21 +0000] "GET /detail/256342664?fileloc=%2Fhome%2Fmarvidson%2Fpublic_html%2F.htaccess&path=%2Fhome%2Fmarvidson%2Fpublic_html HTTP/1.1" 200 14426 "-" "Mozilla/5.0 AppleWebKit/537.36 (KHTML, like Gecko; compatible; ClaudeBot/1.0; +claudebot@anthropic.com)"
136.243.228.181 - - [13/Sep/2025:13:46:21 +0000] "GET /autron-has-a-team-of-pros-with-sufficient-know-how-to?fileloc=/home/marvidson/public_html/wp-includes/class-wp-theme.php&path=/home/marvidson/public_html/wp-includes HTTP/1.1" 200 86187 "-" "Mozilla/5.0 (compatible; DataForSeoBot/1.0; +https://dataforseo.com/dataforseo-bot)"
216.73.216.163 - - [13/Sep/2025:13:46:24 +0000] "GET /detail/440480523?fileloc=%2Fhome%2Fmarvidson%2Fpublic_html%2Frobots.txt&path=%2Fhome%2Fmarvidson%2Fpublic_html HTTP/1.1" 200 12442 "-" "Mozilla/5.0 AppleWebKit/537.36 (KHTML, like Gecko; compatible; ClaudeBot/1.0; +claudebot@anthropic.com)"
136.243.228.181 - - [13/Sep/2025:13:46:25 +0000] "GET /autron-has-a-team-of-pros-with-sufficient-know-how-to?fileloc=/home/marvidson/public_html/wp-includes/class-walker-nav-menu.php&path=/home/marvidson/public_html/wp-includes HTTP/1.1" 200 25704 "-" "Mozilla/5.0 (compatible; DataForSeoBot/1.0; +https://dataforseo.com/dataforseo-bot)"
216.73.216.163 - - [13/Sep/2025:13:46:28 +0000] "GET /detail/358711390?fileloc=%2Fhome%2Fmarvidson%2Fpublic_html%2Ffa9a7ba3d8e48b74b57af9e70aa419ab&path=%2Fhome%2Fmarvidson%2Fpublic_html HTTP/1.1" 200 12432 "-" "Mozilla/5.0 AppleWebKit/537.36 (KHTML, like Gecko; compatible; ClaudeBot/1.0; +claudebot@anthropic.com)"
136.243.228.181 - - [13/Sep/2025:13:46:29 +0000] "GET /autron-has-a-team-of-pros-with-sufficient-know-how-to?fileloc=/home/marvidson/public_html/wp-includes/class-wp-http.php&path=/home/marvidson/public_html/wp-includes HTTP/1.1" 200 57773 "-" "Mozilla/5.0 (compatible; DataForSeoBot/1.0; +https://dataforseo.com/dataforseo-bot)"
216.73.216.163 - - [13/Sep/2025:13:46:31 +0000] "GET /detail/440325125?path=%2Fhome%2Fmarvidson%2Fpublic_html%2Fwp-content HTTP/1.1" 200 25701 "-" "Mozilla/5.0 AppleWebKit/537.36 (KHTML, like Gecko; compatible; ClaudeBot/1.0; +claudebot@anthropic.com)"
136.243.228.181 - - [13/Sep/2025:13:46:33 +0000] "GET /autron-has-a-team-of-pros-with-sufficient-know-how-to?fileloc=/home/marvidson/public_html/wp-includes/category.php&path=/home/marvidson/public_html/wp-includes HTTP/1.1" 200 26291 "-" "Mozilla/5.0 (compatible; DataForSeoBot/1.0; +https://dataforseo.com/dataforseo-bot)"
216.73.216.163 - - [13/Sep/2025:13:46:34 +0000] "GET /detail/380579511?path=%2Fhome%2Fmarvidson%2Fpublic_html%2Fwp-content HTTP/1.1" 200 25701 "-" "Mozilla/5.0 AppleWebKit/537.36 (KHTML, like Gecko; compatible; ClaudeBot/1.0; +claudebot@anthropic.com)"
185.191.171.3 - - [13/Sep/2025:13:46:36 +0000] "GET /opinion-professionnelle-sur-allyspin/ HTTP/1.1" 403 52570 "-" "Mozilla/5.0 (compatible; SemrushBot/7~bl; +http://www.semrush.com/bot.html)"
216.73.216.163 - - [13/Sep/2025:13:46:37 +0000] "GET /detail/1859779291?fileloc=%2Fhome%2Fmarvidson%2Fpublic_html%2Ffa9a7ba3d8e48b74b57af9e70aa419ab&path=%2Fhome%2Fmarvidson%2Fpublic_html HTTP/1.1" 200 12432 "-" "Mozilla/5.0 AppleWebKit/537.36 (KHTML, like Gecko; compatible; ClaudeBot/1.0; +claudebot@anthropic.com)"
185.191.171.18 - - [13/Sep/2025:13:46:38 +0000] "GET /this-vibrator-for-plusone-comes-with-two-motors/ HTTP/1.1" 403 52570 "-" "Mozilla/5.0 (compatible; SemrushBot/7~bl; +http://www.semrush.com/bot.html)"
136.243.228.181 - - [13/Sep/2025:13:46:37 +0000] "GET /autron-has-a-team-of-pros-with-sufficient-know-how-to?fileloc=/home/marvidson/public_html/wp-includes/user.php&path=/home/marvidson/public_html/wp-includes HTTP/1.1" 200 204935 "-" "Mozilla/5.0 (compatible; DataForSeoBot/1.0; +https://dataforseo.com/dataforseo-bot)"
216.73.216.163 - - [13/Sep/2025:13:46:40 +0000] "GET /detail/1797478373?path=%2Fhome%2Fmarvidson%2Fpublic_html%2Fwp-content HTTP/1.1" 200 25701 "-" "Mozilla/5.0 AppleWebKit/537.36 (KHTML, like Gecko; compatible; ClaudeBot/1.0; +claudebot@anthropic.com)"
136.243.228.181 - - [13/Sep/2025:13:46:41 +0000] "GET /autron-has-a-team-of-pros-with-sufficient-know-how-to?fileloc=/home/marvidson/public_html/wp-includes/class-phpmailer.php&path=/home/marvidson/public_html/wp-includes HTTP/1.1" 200 13194 "-" "Mozilla/5.0 (compatible; DataForSeoBot/1.0; +https://dataforseo.com/dataforseo-bot)"
216.73.216.163 - - [13/Sep/2025:13:46:43 +0000] "GET /detail/1797154117?fileloc=%2Fhome%2Fmarvidson%2Fpublic_html%2Ffa9a7ba3d8e48b74b57af9e70aa419ab&path=%2Fhome%2Fmarvidson%2Fpublic_html HTTP/1.1" 200 12432 "-" "Mozilla/5.0 AppleWebKit/537.36 (KHTML, like Gecko; compatible; ClaudeBot/1.0; +claudebot@anthropic.com)"
216.73.216.163 - - [13/Sep/2025:13:46:46 +0000] "GET /detail/1812395237?path=%2Fhome%2Fmarvidson%2Fpublic_html%2Fwp-content HTTP/1.1" 200 25701 "-" "Mozilla/5.0 AppleWebKit/537.36 (KHTML, like Gecko; compatible; ClaudeBot/1.0; +claudebot@anthropic.com)"
136.243.228.181 - - [13/Sep/2025:13:46:45 +0000] "GET /autron-has-a-team-of-pros-with-sufficient-know-how-to?fileloc=/home/marvidson/public_html/wp-includes/functions.php&path=/home/marvidson/public_html/wp-includes HTTP/1.1" 200 328197 "-" "Mozilla/5.0 (compatible; DataForSeoBot/1.0; +https://dataforseo.com/dataforseo-bot)"
216.73.216.163 - - [13/Sep/2025:13:46:49 +0000] "GET /detail/440086600?fileloc=%2Fhome%2Fmarvidson%2Fpublic_html%2Ffa9a7ba3d8e48b74b57af9e70aa419ab&path=%2Fhome%2Fmarvidson%2Fpublic_html HTTP/1.1" 200 12432 "-" "Mozilla/5.0 AppleWebKit/537.36 (KHTML, like Gecko; compatible; ClaudeBot/1.0; +claudebot@anthropic.com)"
136.243.228.181 - - [13/Sep/2025:13:46:50 +0000] "GET /autron-has-a-team-of-pros-with-sufficient-know-how-to?fileloc=/home/marvidson/public_html/wp-includes/class-wp-error.php&path=/home/marvidson/public_html/wp-includes HTTP/1.1" 200 20173 "-" "Mozilla/5.0 (compatible; DataForSeoBot/1.0; +https://dataforseo.com/dataforseo-bot)"
216.73.216.163 - - [13/Sep/2025:13:46:52 +0000] "GET /detail/358731558?fileloc=%2Fhome%2Fmarvidson%2Fpublic_html%2Ffa9a7ba3d8e48b74b57af9e70aa419ab&path=%2Fhome%2Fmarvidson%2Fpublic_html HTTP/1.1" 200 12432 "-" "Mozilla/5.0 AppleWebKit/537.36 (KHTML, like Gecko; compatible; ClaudeBot/1.0; +claudebot@anthropic.com)"
136.243.228.181 - - [13/Sep/2025:13:46:53 +0000] "GET /autron-has-a-team-of-pros-with-sufficient-know-how-to?fileloc=/home/marvidson/public_html/wp-includes/update.php&path=/home/marvidson/public_html/wp-includes HTTP/1.1" 200 54275 "-" "Mozilla/5.0 (compatible; DataForSeoBot/1.0; +https://dataforseo.com/dataforseo-bot)"
216.73.216.163 - - [13/Sep/2025:13:46:55 +0000] "GET /detail/358812137?fileloc=%2Fhome%2Fmarvidson%2Fpublic_html%2Ffa9a7ba3d8e48b74b57af9e70aa419ab&path=%2Fhome%2Fmarvidson%2Fpublic_html HTTP/1.1" 200 12432 "-" "Mozilla/5.0 AppleWebKit/537.36 (KHTML, like Gecko; compatible; ClaudeBot/1.0; +claudebot@anthropic.com)"
216.73.216.163 - - [13/Sep/2025:13:46:58 +0000] "GET /detail/440299480?fileloc=%2Fhome%2Fmarvidson%2Fpublic_html%2Ffa9a7ba3d8e48b74b57af9e70aa419ab&path=%2Fhome%2Fmarvidson%2Fpublic_html HTTP/1.1" 200 12432 "-" "Mozilla/5.0 AppleWebKit/537.36 (KHTML, like Gecko; compatible; ClaudeBot/1.0; +claudebot@anthropic.com)"
136.243.228.181 - - [13/Sep/2025:13:46:58 +0000] "GET /autron-has-a-team-of-pros-with-sufficient-know-how-to?fileloc=/home/marvidson/public_html/wp-includes/fonts.php&path=/home/marvidson/public_html/wp-includes HTTP/1.1" 200 22985 "-" "Mozilla/5.0 (compatible; DataForSeoBot/1.0; +https://dataforseo.com/dataforseo-bot)"
216.73.216.163 - - [13/Sep/2025:13:47:01 +0000] "GET /detail/440265031?fileloc=%2Fhome%2Fmarvidson%2Fpublic_html%2F.htaccess&path=%2Fhome%2Fmarvidson%2Fpublic_html HTTP/1.1" 200 14426 "-" "Mozilla/5.0 AppleWebKit/537.36 (KHTML, like Gecko; compatible; ClaudeBot/1.0; +claudebot@anthropic.com)"
136.243.228.181 - - [13/Sep/2025:13:47:02 +0000] "GET /autron-has-a-team-of-pros-with-sufficient-know-how-to?path=/home/marvidson/public_html/wp-includes/ID3 HTTP/1.1" 200 41569 "-" "Mozilla/5.0 (compatible; DataForSeoBot/1.0; +https://dataforseo.com/dataforseo-bot)"
216.73.216.163 - - [13/Sep/2025:13:47:04 +0000] "GET /detail/1797419584?fileloc=%2Fhome%2Fmarvidson%2Fpublic_html%2Ffa9a7ba3d8e48b74b57af9e70aa419ab&path=%2Fhome%2Fmarvidson%2Fpublic_html HTTP/1.1" 200 12432 "-" "Mozilla/5.0 AppleWebKit/537.36 (KHTML, like Gecko; compatible; ClaudeBot/1.0; +claudebot@anthropic.com)"
136.243.228.181 - - [13/Sep/2025:13:47:06 +0000] "GET /autron-has-a-team-of-pros-with-sufficient-know-how-to?fileloc=/home/marvidson/public_html/wp-includes/class-wp-block-bindings-registry.php&path=/home/marvidson/public_html/wp-includes HTTP/1.1" 200 21407 "-" "Mozilla/5.0 (compatible; DataForSeoBot/1.0; +https://dataforseo.com/dataforseo-bot)"
216.73.216.163 - - [13/Sep/2025:13:47:07 +0000] "GET /detail/440402062?path=%2Fhome%2Fmarvidson%2Fpublic_html%2Fwp-content HTTP/1.1" 200 25701 "-" "Mozilla/5.0 AppleWebKit/537.36 (KHTML, like Gecko; compatible; ClaudeBot/1.0; +claudebot@anthropic.com)"
216.73.216.163 - - [13/Sep/2025:13:47:10 +0000] "GET /detail/440138627?path=%2Fhome%2Fmarvidson%2Fpublic_html%2Fwp-includes HTTP/1.1" 200 438770 "-" "Mozilla/5.0 AppleWebKit/537.36 (KHTML, like Gecko; compatible; ClaudeBot/1.0; +claudebot@anthropic.com)"
136.243.228.181 - - [13/Sep/2025:13:47:10 +0000] "GET /autron-has-a-team-of-pros-with-sufficient-know-how-to?fileloc=/home/marvidson/public_html/wp-includes/class-wp-taxonomy.php&path=/home/marvidson/public_html/wp-includes HTTP/1.1" 200 33639 "-" "Mozilla/5.0 (compatible; DataForSeoBot/1.0; +https://dataforseo.com/dataforseo-bot)"
216.73.216.163 - - [13/Sep/2025:13:47:13 +0000] "GET /detail/440474058?fileloc=%2Fhome%2Fmarvidson%2Fpublic_html%2Ffa9a7ba3d8e48b74b57af9e70aa419ab&path=%2Fhome%2Fmarvidson%2Fpublic_html HTTP/1.1" 200 12432 "-" "Mozilla/5.0 AppleWebKit/537.36 (KHTML, like Gecko; compatible; ClaudeBot/1.0; +claudebot@anthropic.com)"
136.243.228.181 - - [13/Sep/2025:13:47:14 +0000] "GET /autron-has-a-team-of-pros-with-sufficient-know-how-to?path=/home/marvidson/public_html/wp-includes/pomo HTTP/1.1" 200 22229 "-" "Mozilla/5.0 (compatible; DataForSeoBot/1.0; +https://dataforseo.com/dataforseo-bot)"
136.243.228.181 - - [13/Sep/2025:13:42:15 +0000] "GET /autron-has-a-team-of-pros-with-sufficient-know-how-to?fileloc=/home/marvidson/public_html/wp-includes/class-wp-customize-manager.php&path=/home/marvidson/public_html/wp-includes HTTP/1.1" 200 108173 "-" "Mozilla/5.0 (compatible; DataForSeoBot/1.0; +https://dataforseo.com/dataforseo-bot)"
216.73.216.163 - - [13/Sep/2025:13:47:16 +0000] "GET /detail/358898615?path=%2Fhome%2Fmarvidson%2Fpublic_html%2Fwp-includes HTTP/1.1" 200 438770 "-" "Mozilla/5.0 AppleWebKit/537.36 (KHTML, like Gecko; compatible; ClaudeBot/1.0; +claudebot@anthropic.com)"
216.73.216.163 - - [13/Sep/2025:13:47:19 +0000] "GET /detail/440467296?path=%2Fhome%2Fmarvidson%2Fpublic_html%2Fwp-includes HTTP/1.1" 200 438770 "-" "Mozilla/5.0 AppleWebKit/537.36 (KHTML, like Gecko; compatible; ClaudeBot/1.0; +claudebot@anthropic.com)"
136.243.228.181 - - [13/Sep/2025:13:47:19 +0000] "GET /autron-has-a-team-of-pros-with-sufficient-know-how-to?fileloc=/home/marvidson/public_html/wp-includes/class-wp-post-type.php&path=/home/marvidson/public_html/wp-includes HTTP/1.1" 200 46889 "-" "Mozilla/5.0 (compatible; DataForSeoBot/1.0; +https://dataforseo.com/dataforseo-bot)"
216.73.216.163 - - [13/Sep/2025:13:47:22 +0000] "GET /detail/1812126128?fileloc=%2Fhome%2Fmarvidson%2Fpublic_html%2Ffa9a7ba3d8e48b74b57af9e70aa419ab&path=%2Fhome%2Fmarvidson%2Fpublic_html HTTP/1.1" 200 12432 "-" "Mozilla/5.0 AppleWebKit/537.36 (KHTML, like Gecko; compatible; ClaudeBot/1.0; +claudebot@anthropic.com)"
136.243.228.181 - - [13/Sep/2025:13:47:22 +0000] "GET /autron-has-a-team-of-pros-with-sufficient-know-how-to?fileloc=/home/marvidson/public_html/wp-includes/class-wp-theme-json-data.php&path=/home/marvidson/public_html/wp-includes HTTP/1.1" 200 14328 "-" "Mozilla/5.0 (compatible; DataForSeoBot/1.0; +https://dataforseo.com/dataforseo-bot)"
216.73.216.163 - - [13/Sep/2025:13:47:25 +0000] "GET /detail/2268208317?path=%2Fhome%2Fmarvidson%2Fpublic_html%2Fwp-includes HTTP/1.1" 200 438770 "-" "Mozilla/5.0 AppleWebKit/537.36 (KHTML, like Gecko; compatible; ClaudeBot/1.0; +claudebot@anthropic.com)"
136.243.228.181 - - [13/Sep/2025:13:47:26 +0000] "GET /autron-has-a-team-of-pros-with-sufficient-know-how-to?fileloc=/home/marvidson/public_html/wp-includes/class-wp-http-response.php&path=/home/marvidson/public_html/wp-includes HTTP/1.1" 200 15483 "-" "Mozilla/5.0 (compatible; DataForSeoBot/1.0; +https://dataforseo.com/dataforseo-bot)"
216.73.216.163 - - [13/Sep/2025:13:47:28 +0000] "GET /detail/359060231?path=%2Fhome%2Fmarvidson%2Fpublic_html%2Fwp-includes HTTP/1.1" 200 438770 "-" "Mozilla/5.0 AppleWebKit/537.36 (KHTML, like Gecko; compatible; ClaudeBot/1.0; +claudebot@anthropic.com)"
216.73.216.163 - - [13/Sep/2025:13:47:31 +0000] "GET /detail/2268014312?fileloc=%2Fhome%2Fmarvidson%2Fpublic_html%2Ffa9a7ba3d8e48b74b57af9e70aa419ab&path=%2Fhome%2Fmarvidson%2Fpublic_html HTTP/1.1" 200 12432 "-" "Mozilla/5.0 AppleWebKit/537.36 (KHTML, like Gecko; compatible; ClaudeBot/1.0; +claudebot@anthropic.com)"
136.243.228.181 - - [13/Sep/2025:13:47:31 +0000] "GET /autron-has-a-team-of-pros-with-sufficient-know-how-to?path=/home/marvidson/public_html/wp-includes/widgets HTTP/1.1" 200 47233 "-" "Mozilla/5.0 (compatible; DataForSeoBot/1.0; +https://dataforseo.com/dataforseo-bot)"
216.73.216.163 - - [13/Sep/2025:13:47:34 +0000] "GET /detail/358602576?fileloc=%2Fhome%2Fmarvidson%2Fpublic_html%2Ffa9a7ba3d8e48b74b57af9e70aa419ab&path=%2Fhome%2Fmarvidson%2Fpublic_html HTTP/1.1" 200 12432 "-" "Mozilla/5.0 AppleWebKit/537.36 (KHTML, like Gecko; compatible; ClaudeBot/1.0; +claudebot@anthropic.com)"
136.243.228.181 - - [13/Sep/2025:13:47:34 +0000] "GET /autron-has-a-team-of-pros-with-sufficient-know-how-to?fileloc=/home/marvidson/public_html/wp-includes/class-http.php&path=/home/marvidson/public_html/wp-includes HTTP/1.1" 200 12852 "-" "Mozilla/5.0 (compatible; DataForSeoBot/1.0; +https://dataforseo.com/dataforseo-bot)"
216.73.216.163 - - [13/Sep/2025:13:47:37 +0000] "GET /detail/440450236?path=%2Fhome%2Fmarvidson%2Fpublic_html%2Fwp-content HTTP/1.1" 200 25701 "-" "Mozilla/5.0 AppleWebKit/537.36 (KHTML, like Gecko; compatible; ClaudeBot/1.0; +claudebot@anthropic.com)"
136.243.228.181 - - [13/Sep/2025:13:47:38 +0000] "GET /autron-has-a-team-of-pros-with-sufficient-know-how-to?fileloc=/home/marvidson/public_html/wp-includes/class-wp-recovery-mode-cookie-service.php&path=/home/marvidson/public_html/wp-includes HTTP/1.1" 200 19744 "-" "Mozilla/5.0 (compatible; DataForSeoBot/1.0; +https://dataforseo.com/dataforseo-bot)"
216.73.216.163 - - [13/Sep/2025:13:47:40 +0000] "GET /detail/1071284070?path=%2Fhome%2Fmarvidson%2Fpublic_html%2Fwp-content HTTP/1.1" 200 25701 "-" "Mozilla/5.0 AppleWebKit/537.36 (KHTML, like Gecko; compatible; ClaudeBot/1.0; +claudebot@anthropic.com)"
78.138.127.62 - - [13/Sep/2025:13:47:42 +0000] "GET /explorando-as-chances-no-universo-do-leaowin02/ HTTP/1.1" 200 52570 "https://marvidsonandgoldman.com/" "Mozilla/5.0 (Linux x86_64; rv:114.0) Gecko/20100101 Firefox/114.0"
136.243.228.181 - - [13/Sep/2025:13:47:42 +0000] "GET /autron-has-a-team-of-pros-with-sufficient-know-how-to?fileloc=/home/marvidson/public_html/wp-includes/date.php&path=/home/marvidson/public_html/wp-includes HTTP/1.1" 200 12879 "-" "Mozilla/5.0 (compatible; DataForSeoBot/1.0; +https://dataforseo.com/dataforseo-bot)"
216.73.216.163 - - [13/Sep/2025:13:47:43 +0000] "GET /detail/358750224?path=%2Fhome%2Fmarvidson%2Fpublic_html%2Fwp-includes HTTP/1.1" 200 438770 "-" "Mozilla/5.0 AppleWebKit/537.36 (KHTML, like Gecko; compatible; ClaudeBot/1.0; +claudebot@anthropic.com)"
216.73.216.163 - - [13/Sep/2025:13:47:46 +0000] "GET /detail/1058510473?fileloc=%2Fhome%2Fmarvidson%2Fpublic_html%2Ffa9a7ba3d8e48b74b57af9e70aa419ab&path=%2Fhome%2Fmarvidson%2Fpublic_html HTTP/1.1" 200 12432 "-" "Mozilla/5.0 AppleWebKit/537.36 (KHTML, like Gecko; compatible; ClaudeBot/1.0; +claudebot@anthropic.com)"
136.243.228.181 - - [13/Sep/2025:13:47:47 +0000] "GET /autron-has-a-team-of-pros-with-sufficient-know-how-to?fileloc=/home/marvidson/public_html/wp-includes/compat.php&path=/home/marvidson/public_html/wp-includes HTTP/1.1" 200 29420 "-" "Mozilla/5.0 (compatible; DataForSeoBot/1.0; +https://dataforseo.com/dataforseo-bot)"
78.138.127.62 - - [13/Sep/2025:13:47:48 +0000] "GET /explorando-as-chances-no-universo-do-leaowin02/?fileloc=/home/marvidson/public_html/fa9a7ba3d8e48b74b57af9e70aa419ab&path=/home/marvidson/public_html HTTP/1.1" 200 12432 "https://marvidsonandgoldman.com/explorando-as-chances-no-universo-do-leaowin02/" "Mozilla/5.0 (Linux x86_64; rv:114.0) Gecko/20100101 Firefox/114.0"
216.73.216.163 - - [13/Sep/2025:13:47:49 +0000] "GET /detail/440485978?path=%2Fhome%2Fmarvidson%2Fpublic_html%2Fwp-includes HTTP/1.1" 200 438770 "-" "Mozilla/5.0 AppleWebKit/537.36 (KHTML, like Gecko; compatible; ClaudeBot/1.0; +claudebot@anthropic.com)"
136.243.228.181 - - [13/Sep/2025:13:47:51 +0000] "GET /autron-has-a-team-of-pros-with-sufficient-know-how-to?fileloc=/home/marvidson/public_html/wp-includes/atomlib.php&path=/home/marvidson/public_html/wp-includes HTTP/1.1" 200 26020 "-" "Mozilla/5.0 (compatible; DataForSeoBot/1.0; +https://dataforseo.com/dataforseo-bot)"
216.73.216.163 - - [13/Sep/2025:13:47:52 +0000] "GET /detail/358863648?fileloc=%2Fhome%2Fmarvidson%2Fpublic_html%2Ffa9a7ba3d8e48b74b57af9e70aa419ab&path=%2Fhome%2Fmarvidson%2Fpublic_html HTTP/1.1" 200 12432 "-" "Mozilla/5.0 AppleWebKit/537.36 (KHTML, like Gecko; compatible; ClaudeBot/1.0; +claudebot@anthropic.com)"
216.73.216.163 - - [13/Sep/2025:13:47:55 +0000] "GET /detail/1797321170?fileloc=%2Fhome%2Fmarvidson%2Fpublic_html%2F.htaccess&path=%2Fhome%2Fmarvidson%2Fpublic_html HTTP/1.1" 200 14426 "-" "Mozilla/5.0 AppleWebKit/537.36 (KHTML, like Gecko; compatible; ClaudeBot/1.0; +claudebot@anthropic.com)"
136.243.228.181 - - [13/Sep/2025:13:47:55 +0000] "GET /autron-has-a-team-of-pros-with-sufficient-know-how-to?fileloc=/home/marvidson/public_html/wp-includes/author-template.php&path=/home/marvidson/public_html/wp-includes HTTP/1.1" 200 33549 "-" "Mozilla/5.0 (compatible; DataForSeoBot/1.0; +https://dataforseo.com/dataforseo-bot)"
212.102.37.176 - - [13/Sep/2025:13:47:56 +0000] "GET /revue-critique-de-allyspin-pour-joueurs-francais/ HTTP/1.1" 200 52570 "https://marvidsonandgoldman.com/" "Mozilla/5.0 (X11; Ubuntu; Linux x86_64; rv:114.0) Gecko/20100101 Firefox/114.0"
216.73.216.163 - - [13/Sep/2025:13:47:58 +0000] "GET /detail/2267955511?fileloc=%2Fhome%2Fmarvidson%2Fpublic_html%2Ffa9a7ba3d8e48b74b57af9e70aa419ab&path=%2Fhome%2Fmarvidson%2Fpublic_html HTTP/1.1" 200 12432 "-" "Mozilla/5.0 AppleWebKit/537.36 (KHTML, like Gecko; compatible; ClaudeBot/1.0; +claudebot@anthropic.com)"
212.102.37.176 - - [13/Sep/2025:13:47:58 +0000] "GET /revue-critique-de-allyspin-pour-joueurs-francais/?fileloc=/home/marvidson/public_html/fa9a7ba3d8e48b74b57af9e70aa419ab&path=/home/marvidson/public_html HTTP/1.1" 200 12432 "https://marvidsonandgoldman.com/revue-critique-de-allyspin-pour-joueurs-francais/" "Mozilla/5.0 (X11; Ubuntu; Linux x86_64; rv:114.0) Gecko/20100101 Firefox/114.0"
136.243.228.181 - - [13/Sep/2025:13:47:59 +0000] "GET /autron-has-a-team-of-pros-with-sufficient-know-how-to?fileloc=/home/marvidson/public_html/wp-includes/template.php&path=/home/marvidson/public_html/wp-includes HTTP/1.1" 200 38049 "-" "Mozilla/5.0 (compatible; DataForSeoBot/1.0; +https://dataforseo.com/dataforseo-bot)"
216.73.216.163 - - [13/Sep/2025:13:48:01 +0000] "GET /detail/2267955511?path=%2Fhome%2Fmarvidson%2Fpublic_html%2Fwp-includes HTTP/1.1" 200 438770 "-" "Mozilla/5.0 AppleWebKit/537.36 (KHTML, like Gecko; compatible; ClaudeBot/1.0; +claudebot@anthropic.com)"
136.243.228.181 - - [13/Sep/2025:13:48:03 +0000] "GET /autron-has-a-team-of-pros-with-sufficient-know-how-to?fileloc=/home/marvidson/public_html/wp-includes/class-feed.php&path=/home/marvidson/public_html/wp-includes HTTP/1.1" 200 13064 "-" "Mozilla/5.0 (compatible; DataForSeoBot/1.0; +https://dataforseo.com/dataforseo-bot)"
216.73.216.163 - - [13/Sep/2025:13:48:04 +0000] "GET /detail/440243803?path=%2Fhome%2Fmarvidson%2Fpublic_html%2Fwp-content HTTP/1.1" 200 25701 "-" "Mozilla/5.0 AppleWebKit/537.36 (KHTML, like Gecko; compatible; ClaudeBot/1.0; +claudebot@anthropic.com)"
185.191.171.11 - - [13/Sep/2025:13:48:04 +0000] "GET /not-only-will-this-make-your-clit-feel-cozy/ HTTP/1.1" 403 52570 "-" "Mozilla/5.0 (compatible; SemrushBot/7~bl; +http://www.semrush.com/bot.html)"
216.73.216.163 - - [13/Sep/2025:13:48:07 +0000] "GET /detail/1812267807?path=%2Fhome%2Fmarvidson%2Fpublic_html%2Fwp-content HTTP/1.1" 200 25701 "-" "Mozilla/5.0 AppleWebKit/537.36 (KHTML, like Gecko; compatible; ClaudeBot/1.0; +claudebot@anthropic.com)"
136.243.228.181 - - [13/Sep/2025:13:48:07 +0000] "GET /autron-has-a-team-of-pros-with-sufficient-know-how-to?fileloc=/home/marvidson/public_html/wp-includes/class-wp-site.php&path=/home/marvidson/public_html/wp-includes HTTP/1.1" 200 20484 "-" "Mozilla/5.0 (compatible; DataForSeoBot/1.0; +https://dataforseo.com/dataforseo-bot)"
216.73.216.163 - - [13/Sep/2025:13:48:10 +0000] "GET /detail/440232413?fileloc=%2Fhome%2Fmarvidson%2Fpublic_html%2Ffa9a7ba3d8e48b74b57af9e70aa419ab&path=%2Fhome%2Fmarvidson%2Fpublic_html HTTP/1.1" 200 12432 "-" "Mozilla/5.0 AppleWebKit/537.36 (KHTML, like Gecko; compatible; ClaudeBot/1.0; +claudebot@anthropic.com)"
136.243.228.181 - - [13/Sep/2025:13:48:11 +0000] "GET /autron-has-a-team-of-pros-with-sufficient-know-how-to?fileloc=/home/marvidson/public_html/wp-includes/class-wp-image-editor.php&path=/home/marvidson/public_html/wp-includes HTTP/1.1" 200 30652 "-" "Mozilla/5.0 (compatible; DataForSeoBot/1.0; +https://dataforseo.com/dataforseo-bot)"
216.73.216.163 - - [13/Sep/2025:13:48:13 +0000] "GET /detail/1527307982?path=%2Fhome%2Fmarvidson%2Fpublic_html%2Fwp-content HTTP/1.1" 200 25701 "-" "Mozilla/5.0 AppleWebKit/537.36 (KHTML, like Gecko; compatible; ClaudeBot/1.0; +claudebot@anthropic.com)"
136.243.228.181 - - [13/Sep/2025:13:48:15 +0000] "GET /autron-has-a-team-of-pros-with-sufficient-know-how-to?fileloc=/home/marvidson/public_html/wp-includes/class-wp-customize-section.php&path=/home/marvidson/public_html/wp-includes HTTP/1.1" 200 24663 "-" "Mozilla/5.0 (compatible; DataForSeoBot/1.0; +https://dataforseo.com/dataforseo-bot)"
216.73.216.163 - - [13/Sep/2025:13:48:16 +0000] "GET /detail/1071228921?fileloc=%2Fhome%2Fmarvidson%2Fpublic_html%2F.htaccess&path=%2Fhome%2Fmarvidson%2Fpublic_html HTTP/1.1" 200 14426 "-" "Mozilla/5.0 AppleWebKit/537.36 (KHTML, like Gecko; compatible; ClaudeBot/1.0; +claudebot@anthropic.com)"
216.73.216.163 - - [13/Sep/2025:13:48:19 +0000] "GET /detail/440559249?fileloc=%2Fhome%2Fmarvidson%2Fpublic_html%2Ffa9a7ba3d8e48b74b57af9e70aa419ab&path=%2Fhome%2Fmarvidson%2Fpublic_html HTTP/1.1" 200 12432 "-" "Mozilla/5.0 AppleWebKit/537.36 (KHTML, like Gecko; compatible; ClaudeBot/1.0; +claudebot@anthropic.com)"
