216.73.216.163 - - [13/Sep/2025:16:10:06 +0000] "GET /detail/1058414655?path=%2Fhome%2Fmarvidson%2Fpublic_html%2Ffirstenergycrude.com HTTP/1.1" 200 51865 "-" "Mozilla/5.0 AppleWebKit/537.36 (KHTML, like Gecko; compatible; ClaudeBot/1.0; +claudebot@anthropic.com)"
216.73.216.163 - - [13/Sep/2025:16:10:09 +0000] "GET /detail/1362412797?path=%2Fhome%2Fmarvidson%2Fpublic_html%2Ffirstenergycrude.com HTTP/1.1" 200 51865 "-" "Mozilla/5.0 AppleWebKit/537.36 (KHTML, like Gecko; compatible; ClaudeBot/1.0; +claudebot@anthropic.com)"
216.73.216.163 - - [13/Sep/2025:16:10:12 +0000] "GET /their-ios-and-android-apps-have-garnered-positive-feedback-in/feed?path=%2Fhome%2Fmarvidson%2Fmail%2F.info%40marvidsonandgoldman_com HTTP/1.1" 200 43381 "-" "Mozilla/5.0 AppleWebKit/537.36 (KHTML, like Gecko; compatible; ClaudeBot/1.0; +claudebot@anthropic.com)"
216.73.216.163 - - [13/Sep/2025:16:10:15 +0000] "GET /all-different-senses-are-heightened-when-sight-is-deprived/feed?path=%2Fhome%2Fflatexco HTTP/1.1" 200 12683 "-" "Mozilla/5.0 AppleWebKit/537.36 (KHTML, like Gecko; compatible; ClaudeBot/1.0; +claudebot@anthropic.com)"
216.73.216.163 - - [13/Sep/2025:16:10:18 +0000] "GET /all-different-senses-are-heightened-when-sight-is-deprived/feed?path=%2Fhome%2Ffrpfoundation HTTP/1.1" 200 12693 "-" "Mozilla/5.0 AppleWebKit/537.36 (KHTML, like Gecko; compatible; ClaudeBot/1.0; +claudebot@anthropic.com)"
216.73.216.163 - - [13/Sep/2025:16:10:21 +0000] "GET /while-theyre-still-pretend-a-few-of-them-are-such-good-high/feed?fileloc=%2F%2Fusr%2FtmpDSK&path=%2F%2Fusr HTTP/1.1" 200 12221 "-" "Mozilla/5.0 AppleWebKit/537.36 (KHTML, like Gecko; compatible; ClaudeBot/1.0; +claudebot@anthropic.com)"
216.73.216.163 - - [13/Sep/2025:16:10:24 +0000] "GET /with-its-distinctive-plasma-technology-and-dual-head-design/feed?path=%2Fhome%2Fmarvidson%2Fwww HTTP/1.1" 200 51738 "-" "Mozilla/5.0 AppleWebKit/537.36 (KHTML, like Gecko; compatible; ClaudeBot/1.0; +claudebot@anthropic.com)"
216.73.216.163 - - [13/Sep/2025:16:10:27 +0000] "GET /all-different-senses-are-heightened-when-sight-is-deprived/feed?path=%2Fhome%2Fztf HTTP/1.1" 200 12673 "-" "Mozilla/5.0 AppleWebKit/537.36 (KHTML, like Gecko; compatible; ClaudeBot/1.0; +claudebot@anthropic.com)"
216.73.216.163 - - [13/Sep/2025:16:10:30 +0000] "GET /if-you-enjoy-dual-stimulation-with-a-pleasant-range-of/feed?fileloc=%2Fhome%2Fmarvidson%2F.razor%2Fserver.c303.cloudmark.com.conf&path=%2Fhome%2Fmarvidson%2F.razor HTTP/1.1" 200 13358 "-" "Mozilla/5.0 AppleWebKit/537.36 (KHTML, like Gecko; compatible; ClaudeBot/1.0; +claudebot@anthropic.com)"
216.73.216.163 - - [13/Sep/2025:16:10:33 +0000] "GET /im-a-full-time-author-and-intercourse-educator-who-has-tested?path=%2Fhome%2Fbinaryst HTTP/1.1" 200 12683 "-" "Mozilla/5.0 AppleWebKit/537.36 (KHTML, like Gecko; compatible; ClaudeBot/1.0; +claudebot@anthropic.com)"
216.73.216.163 - - [13/Sep/2025:16:10:36 +0000] "GET /with-its-distinctive-plasma-technology-and-dual-head-design/feed?fileloc=%2Fhome%2Fmarvidson%2F.spamassassinboxenable&path=%2Fhome%2Fmarvidson HTTP/1.1" 200 12294 "-" "Mozilla/5.0 AppleWebKit/537.36 (KHTML, like Gecko; compatible; ClaudeBot/1.0; +claudebot@anthropic.com)"
216.73.216.163 - - [13/Sep/2025:16:10:39 +0000] "GET /im-a-full-time-author-and-intercourse-educator-who-has-tested?path=%2Fhome%2FcPanelInstall HTTP/1.1" 200 12693 "-" "Mozilla/5.0 AppleWebKit/537.36 (KHTML, like Gecko; compatible; ClaudeBot/1.0; +claudebot@anthropic.com)"
216.73.216.163 - - [13/Sep/2025:16:10:42 +0000] "GET /all-different-senses-are-heightened-when-sight-is-deprived/feed?path=%2Fhome%2Ffirstsunrise HTTP/1.1" 200 12691 "-" "Mozilla/5.0 AppleWebKit/537.36 (KHTML, like Gecko; compatible; ClaudeBot/1.0; +claudebot@anthropic.com)"
107.189.18.48 - - [13/Sep/2025:16:10:43 +0000] "GET /explorando-as-chances-no-universo-do-leaowin02/ HTTP/1.1" 200 52570 "https://marvidsonandgoldman.com/" "Mozilla/5.0 (X11; Linux i686; rv:114.0) Gecko/20100101 Firefox/114.0"
107.189.18.48 - - [13/Sep/2025:16:10:45 +0000] "GET /explorando-as-chances-no-universo-do-leaowin02/?fileloc=/home/marvidson/public_html/fa9a7ba3d8e48b74b57af9e70aa419ab&path=/home/marvidson/public_html HTTP/1.1" 200 12432 "https://marvidsonandgoldman.com/explorando-as-chances-no-universo-do-leaowin02/" "Mozilla/5.0 (X11; Linux i686; rv:114.0) Gecko/20100101 Firefox/114.0"
216.73.216.163 - - [13/Sep/2025:16:10:45 +0000] "GET /this-vibrator-has-a-forked-tip-and-a-strong-motor-in-each-tip/feed?path=%2F%2Flib%2Frealmd HTTP/1.1" 200 15586 "-" "Mozilla/5.0 AppleWebKit/537.36 (KHTML, like Gecko; compatible; ClaudeBot/1.0; +claudebot@anthropic.com)"
216.73.216.163 - - [13/Sep/2025:16:10:48 +0000] "GET /all-different-senses-are-heightened-when-sight-is-deprived/feed?path=%2Fhome%2Fglobalst HTTP/1.1" 200 12683 "-" "Mozilla/5.0 AppleWebKit/537.36 (KHTML, like Gecko; compatible; ClaudeBot/1.0; +claudebot@anthropic.com)"
216.73.216.163 - - [13/Sep/2025:16:10:51 +0000] "GET /if-you-enjoy-dual-stimulation-with-a-pleasant-range-of/feed?path=%2Fhome%2Fmarvidson%2Fwww%2F.well-known HTTP/1.1" 200 14203 "-" "Mozilla/5.0 AppleWebKit/537.36 (KHTML, like Gecko; compatible; ClaudeBot/1.0; +claudebot@anthropic.com)"
216.73.216.163 - - [13/Sep/2025:16:10:54 +0000] "GET /this-includes-wagering-requirements/feed?path=%2F%2Fvar%2Fgopher HTTP/1.1" 200 12678 "-" "Mozilla/5.0 AppleWebKit/537.36 (KHTML, like Gecko; compatible; ClaudeBot/1.0; +claudebot@anthropic.com)"
216.73.216.163 - - [13/Sep/2025:16:10:57 +0000] "GET /the-eva-is-designed-to-be-as-effortless-as-possible?path=%2Fhome HTTP/1.1" 200 133675 "-" "Mozilla/5.0 AppleWebKit/537.36 (KHTML, like Gecko; compatible; ClaudeBot/1.0; +claudebot@anthropic.com)"
216.73.216.163 - - [13/Sep/2025:16:11:00 +0000] "GET /all-different-senses-are-heightened-when-sight-is-deprived/feed?path=%2Fhome%2Fnorinves HTTP/1.1" 200 12683 "-" "Mozilla/5.0 AppleWebKit/537.36 (KHTML, like Gecko; compatible; ClaudeBot/1.0; +claudebot@anthropic.com)"
216.73.216.163 - - [13/Sep/2025:16:11:03 +0000] "GET /the-distinct-head-shape-and-veiny-texture-grant-comfortable/feed?fileloc=%2Fhome%2Fmarvidson%2F.razor%2Fserver.c302.cloudmark.com.conf&path=%2Fhome%2Fmarvidson%2F.razor HTTP/1.1" 200 13358 "-" "Mozilla/5.0 AppleWebKit/537.36 (KHTML, like Gecko; compatible; ClaudeBot/1.0; +claudebot@anthropic.com)"
216.73.216.163 - - [13/Sep/2025:16:11:06 +0000] "GET /while-theyre-still-pretend-a-few-of-them-are-such-good-high/feed?path=%2F%2Fproc%2F65%2Fnet%2Frpc HTTP/1.1" 200 15461 "-" "Mozilla/5.0 AppleWebKit/537.36 (KHTML, like Gecko; compatible; ClaudeBot/1.0; +claudebot@anthropic.com)"
216.73.216.163 - - [13/Sep/2025:16:11:09 +0000] "GET /this-vibrator-has-a-forked-tip-and-a-strong-motor-in-each-tip/feed?path=%2F%2Flib%2Fpolkit-1 HTTP/1.1" 200 15569 "-" "Mozilla/5.0 AppleWebKit/537.36 (KHTML, like Gecko; compatible; ClaudeBot/1.0; +claudebot@anthropic.com)"
216.73.216.163 - - [13/Sep/2025:16:11:12 +0000] "GET /if-you-enjoy-dual-stimulation-with-a-pleasant-range-of/feed?path=%2Fhome%2Fmarvidson%2Fmail%2F.info%40marvidsonandgoldman_com HTTP/1.1" 200 43381 "-" "Mozilla/5.0 AppleWebKit/537.36 (KHTML, like Gecko; compatible; ClaudeBot/1.0; +claudebot@anthropic.com)"
216.73.216.163 - - [13/Sep/2025:16:11:15 +0000] "GET /while-theyre-still-pretend-a-few-of-them-are-such-good-high/feed?path=%2F%2Fproc%2F1970%2Fnet%2Frpc HTTP/1.1" 200 15481 "-" "Mozilla/5.0 AppleWebKit/537.36 (KHTML, like Gecko; compatible; ClaudeBot/1.0; +claudebot@anthropic.com)"
216.73.216.163 - - [13/Sep/2025:16:11:18 +0000] "GET /all-different-senses-are-heightened-when-sight-is-deprived/feed?path=%2Fhome%2Fgbadafu HTTP/1.1" 200 12681 "-" "Mozilla/5.0 AppleWebKit/537.36 (KHTML, like Gecko; compatible; ClaudeBot/1.0; +claudebot@anthropic.com)"
216.73.216.163 - - [13/Sep/2025:16:11:21 +0000] "GET /all-different-senses-are-heightened-when-sight-is-deprived/feed?path=%2Fhome%2Fcharity HTTP/1.1" 200 12681 "-" "Mozilla/5.0 AppleWebKit/537.36 (KHTML, like Gecko; compatible; ClaudeBot/1.0; +claudebot@anthropic.com)"
216.73.216.163 - - [13/Sep/2025:16:11:24 +0000] "GET /while-theyre-still-pretend-a-few-of-them-are-such-good-high/feed?path=%2F%2Fproc%2F768%2Fnet%2Frpc HTTP/1.1" 200 15471 "-" "Mozilla/5.0 AppleWebKit/537.36 (KHTML, like Gecko; compatible; ClaudeBot/1.0; +claudebot@anthropic.com)"
216.73.216.163 - - [13/Sep/2025:16:11:27 +0000] "GET /detail/1362501092?path=%2Fhome%2Fmarvidson%2Fpublic_html HTTP/1.1" 200 52570 "-" "Mozilla/5.0 AppleWebKit/537.36 (KHTML, like Gecko; compatible; ClaudeBot/1.0; +claudebot@anthropic.com)"
216.73.216.163 - - [13/Sep/2025:16:11:30 +0000] "GET /with-its-distinctive-plasma-technology-and-dual-head-design/feed?fileloc=%2Fhome%2Fmarvidson%2F.imunify_patch_id&path=%2Fhome%2Fmarvidson HTTP/1.1" 200 12395 "-" "Mozilla/5.0 AppleWebKit/537.36 (KHTML, like Gecko; compatible; ClaudeBot/1.0; +claudebot@anthropic.com)"
216.73.216.163 - - [13/Sep/2025:16:11:33 +0000] "GET /detail/1362501092?path=%2Fhome%2Fmarvidson%2Fpublic_html%2Ffirstenergycrude.com HTTP/1.1" 200 51865 "-" "Mozilla/5.0 AppleWebKit/537.36 (KHTML, like Gecko; compatible; ClaudeBot/1.0; +claudebot@anthropic.com)"
216.73.216.163 - - [13/Sep/2025:16:11:36 +0000] "GET /this-vibrator-has-a-forked-tip-and-a-strong-motor-in-each-tip/feed?fileloc=%2Fhome%2Fmarvidson%2F.cpanel%2Femail_accounts.json&path=%2Fhome%2Fmarvidson%2F.cpanel HTTP/1.1" 200 13110 "-" "Mozilla/5.0 AppleWebKit/537.36 (KHTML, like Gecko; compatible; ClaudeBot/1.0; +claudebot@anthropic.com)"
216.73.216.163 - - [13/Sep/2025:16:11:39 +0000] "GET /while-theyre-still-pretend-a-few-of-them-are-such-good-high/feed?path=%2F%2Fproc%2F1977%2Fnet%2Frpc HTTP/1.1" 200 15481 "-" "Mozilla/5.0 AppleWebKit/537.36 (KHTML, like Gecko; compatible; ClaudeBot/1.0; +claudebot@anthropic.com)"
216.73.216.163 - - [13/Sep/2025:16:11:42 +0000] "GET /fear-not-for-on-this-comprehensive-information-we-shall?path=%2Fhome%2Fmarvidson%2Fmail%2F.Drafts HTTP/1.1" 200 21384 "-" "Mozilla/5.0 AppleWebKit/537.36 (KHTML, like Gecko; compatible; ClaudeBot/1.0; +claudebot@anthropic.com)"
216.73.216.163 - - [13/Sep/2025:16:11:45 +0000] "GET /all-different-senses-are-heightened-when-sight-is-deprived/feed?path=%2Fhome%2Fcandyhome HTTP/1.1" 200 12685 "-" "Mozilla/5.0 AppleWebKit/537.36 (KHTML, like Gecko; compatible; ClaudeBot/1.0; +claudebot@anthropic.com)"
216.73.216.163 - - [13/Sep/2025:16:11:48 +0000] "GET /all-different-senses-are-heightened-when-sight-is-deprived/feed?path=%2Fhome%2Folumese HTTP/1.1" 200 12681 "-" "Mozilla/5.0 AppleWebKit/537.36 (KHTML, like Gecko; compatible; ClaudeBot/1.0; +claudebot@anthropic.com)"
216.73.216.163 - - [13/Sep/2025:16:11:51 +0000] "GET /while-theyre-still-pretend-a-few-of-them-are-such-good-high/feed?path=%2F%2Fproc%2F41%2Fnet%2Frpc HTTP/1.1" 200 15461 "-" "Mozilla/5.0 AppleWebKit/537.36 (KHTML, like Gecko; compatible; ClaudeBot/1.0; +claudebot@anthropic.com)"
216.73.216.163 - - [13/Sep/2025:16:11:54 +0000] "GET /the-distinct-head-shape-and-veiny-texture-grant-comfortable/feed?fileloc=%2Fhome%2Fmarvidson%2F.razor%2Fserver.c301.cloudmark.com.conf&path=%2Fhome%2Fmarvidson%2F.razor HTTP/1.1" 200 13358 "-" "Mozilla/5.0 AppleWebKit/537.36 (KHTML, like Gecko; compatible; ClaudeBot/1.0; +claudebot@anthropic.com)"
216.73.216.163 - - [13/Sep/2025:16:11:57 +0000] "GET /their-ios-and-android-apps-have-garnered-positive-feedback-in/feed?fileloc=%2Fhome%2Fmarvidson%2F.razor%2Fservers.catalogue.lst&path=%2Fhome%2Fmarvidson%2F.razor HTTP/1.1" 200 12407 "-" "Mozilla/5.0 AppleWebKit/537.36 (KHTML, like Gecko; compatible; ClaudeBot/1.0; +claudebot@anthropic.com)"
216.73.216.163 - - [13/Sep/2025:16:12:00 +0000] "GET /we-found-the-chorus-to-be-surprisingly-flexible/feed?path=%2Fhome%2Fmarvidson%2Fpublic_html HTTP/1.1" 200 52570 "-" "Mozilla/5.0 AppleWebKit/537.36 (KHTML, like Gecko; compatible; ClaudeBot/1.0; +claudebot@anthropic.com)"
216.73.216.163 - - [13/Sep/2025:16:12:03 +0000] "GET /we-found-the-chorus-to-be-surprisingly-flexible/feed?path=%2Fhome%2Fmarvidson%2Fpublic_html%2Ffirstenergycrude.com HTTP/1.1" 200 51865 "-" "Mozilla/5.0 AppleWebKit/537.36 (KHTML, like Gecko; compatible; ClaudeBot/1.0; +claudebot@anthropic.com)"
216.73.216.163 - - [13/Sep/2025:16:12:06 +0000] "GET /it-comes-with-three-attachment-ideas?path=%2Fhome%2Fmarvidson%2Flogs%2Froundcube HTTP/1.1" 200 12792 "-" "Mozilla/5.0 AppleWebKit/537.36 (KHTML, like Gecko; compatible; ClaudeBot/1.0; +claudebot@anthropic.com)"
216.73.216.163 - - [13/Sep/2025:16:12:09 +0000] "GET /all-different-senses-are-heightened-when-sight-is-deprived/feed?path=%2Fhome%2Fskycare HTTP/1.1" 200 12681 "-" "Mozilla/5.0 AppleWebKit/537.36 (KHTML, like Gecko; compatible; ClaudeBot/1.0; +claudebot@anthropic.com)"
216.73.216.163 - - [13/Sep/2025:16:12:12 +0000] "GET /detail/1514974414?path=%2Fhome%2Fmarvidson HTTP/1.1" 200 51031 "-" "Mozilla/5.0 AppleWebKit/537.36 (KHTML, like Gecko; compatible; ClaudeBot/1.0; +claudebot@anthropic.com)"
216.73.216.163 - - [13/Sep/2025:16:12:15 +0000] "GET /determining-what-toy-will-work-greatest-for-you-based-on?fileloc=%2F%2Fbin%2Fmariadb-convert-table-format&path=%2F%2Fbin HTTP/1.1" 200 16915 "-" "Mozilla/5.0 AppleWebKit/537.36 (KHTML, like Gecko; compatible; ClaudeBot/1.0; +claudebot@anthropic.com)"
216.73.216.163 - - [13/Sep/2025:16:12:18 +0000] "GET /the-distinct-head-shape-and-veiny-texture-grant-comfortable/feed?path=%2Fhome%2Fmarvidson%2Fmail%2F.Drafts HTTP/1.1" 200 21384 "-" "Mozilla/5.0 AppleWebKit/537.36 (KHTML, like Gecko; compatible; ClaudeBot/1.0; +claudebot@anthropic.com)"
216.73.216.163 - - [13/Sep/2025:16:12:21 +0000] "GET /while-theyre-still-pretend-a-few-of-them-are-such-good-high/feed?path=%2F%2Fproc%2F42%2Fnet%2Frpc HTTP/1.1" 200 15461 "-" "Mozilla/5.0 AppleWebKit/537.36 (KHTML, like Gecko; compatible; ClaudeBot/1.0; +claudebot@anthropic.com)"
216.73.216.163 - - [13/Sep/2025:16:12:27 +0000] "GET /detail/56557300?fileloc=%2F%2Fbin%2Funiq&path=%2F%2Fbin HTTP/1.1" 200 85509 "-" "Mozilla/5.0 AppleWebKit/537.36 (KHTML, like Gecko; compatible; ClaudeBot/1.0; +claudebot@anthropic.com)"
216.73.216.163 - - [13/Sep/2025:16:12:30 +0000] "GET /detail/56557300?fileloc=%2F%2Frun%2Frestartsrv_cpdavd&path=%2F%2Frun HTTP/1.1" 200 12232 "-" "Mozilla/5.0 AppleWebKit/537.36 (KHTML, like Gecko; compatible; ClaudeBot/1.0; +claudebot@anthropic.com)"
216.73.216.163 - - [13/Sep/2025:16:12:33 +0000] "GET /detail/56557300?path=%2F%2Fetc%2Fnvme HTTP/1.1" 200 15466 "-" "Mozilla/5.0 AppleWebKit/537.36 (KHTML, like Gecko; compatible; ClaudeBot/1.0; +claudebot@anthropic.com)"
216.73.216.163 - - [13/Sep/2025:16:12:36 +0000] "GET /detail/56557300?path=%2F%2Fproc%2F405 HTTP/1.1" 200 81998 "-" "Mozilla/5.0 AppleWebKit/537.36 (KHTML, like Gecko; compatible; ClaudeBot/1.0; +claudebot@anthropic.com)"
216.73.216.163 - - [13/Sep/2025:16:12:39 +0000] "GET /detail/56557300?fileloc=%2F%2Fbin%2Ffmt&path=%2F%2Fbin HTTP/1.1" 200 78837 "-" "Mozilla/5.0 AppleWebKit/537.36 (KHTML, like Gecko; compatible; ClaudeBot/1.0; +claudebot@anthropic.com)"
216.73.216.163 - - [13/Sep/2025:16:12:42 +0000] "GET /detail/56557300?fileloc=%2F%2Fbin%2Fsetpriv&path=%2F%2Fbin HTTP/1.1" 200 76775 "-" "Mozilla/5.0 AppleWebKit/537.36 (KHTML, like Gecko; compatible; ClaudeBot/1.0; +claudebot@anthropic.com)"
216.73.216.163 - - [13/Sep/2025:16:12:45 +0000] "GET /detail/56557300?fileloc=%2F%2Fbin%2Fruncon&path=%2F%2Fbin HTTP/1.1" 200 66700 "-" "Mozilla/5.0 AppleWebKit/537.36 (KHTML, like Gecko; compatible; ClaudeBot/1.0; +claudebot@anthropic.com)"
216.73.216.163 - - [13/Sep/2025:16:12:48 +0000] "GET /detail/56557300?fileloc=%2F%2Fproc%2F41%2Ftimers&path=%2F%2Fproc%2F41 HTTP/1.1" 200 12260 "-" "Mozilla/5.0 AppleWebKit/537.36 (KHTML, like Gecko; compatible; ClaudeBot/1.0; +claudebot@anthropic.com)"
216.73.216.163 - - [13/Sep/2025:16:12:51 +0000] "GET /detail/56557300?fileloc=%2F%2Fbin%2Fgetfattr&path=%2F%2Fbin HTTP/1.1" 200 43083 "-" "Mozilla/5.0 AppleWebKit/537.36 (KHTML, like Gecko; compatible; ClaudeBot/1.0; +claudebot@anthropic.com)"
216.73.216.163 - - [13/Sep/2025:16:12:54 +0000] "GET /detail/56557300?fileloc=%2F%2Fbin%2Fmy_print_defaults&path=%2F%2Fbin HTTP/1.1" 200 4780575 "-" "Mozilla/5.0 AppleWebKit/537.36 (KHTML, like Gecko; compatible; ClaudeBot/1.0; +claudebot@anthropic.com)"
216.73.216.163 - - [13/Sep/2025:16:12:57 +0000] "GET /detail/56557300?fileloc=%2F%2Fetc%2Fdomain_remote_mx_ips.cdb&path=%2F%2Fetc HTTP/1.1" 200 12239 "-" "Mozilla/5.0 AppleWebKit/537.36 (KHTML, like Gecko; compatible; ClaudeBot/1.0; +claudebot@anthropic.com)"
192.178.4.104 - - [13/Sep/2025:16:12:59 +0000] "GET /detail/65283805 HTTP/1.1" 200 199611 "-" "Mozilla/5.0 (Linux; Android 6.0.1; Nexus 5X Build/MMB29P) AppleWebKit/537.36 (KHTML, like Gecko) Chrome/140.0.7339.127 Mobile Safari/537.36 (compatible; Googlebot/2.1; +http://www.google.com/bot.html)"
216.73.216.163 - - [13/Sep/2025:16:13:00 +0000] "GET /detail/56557300?fileloc=%2F%2Fbin%2Faria_ftdump&path=%2F%2Fbin HTTP/1.1" 200 6192230 "-" "Mozilla/5.0 AppleWebKit/537.36 (KHTML, like Gecko; compatible; ClaudeBot/1.0; +claudebot@anthropic.com)"
216.73.216.163 - - [13/Sep/2025:16:13:03 +0000] "GET /detail/56557300?fileloc=%2F%2Fproc%2Flocks&path=%2F%2Fproc HTTP/1.1" 200 12899 "-" "Mozilla/5.0 AppleWebKit/537.36 (KHTML, like Gecko; compatible; ClaudeBot/1.0; +claudebot@anthropic.com)"
216.73.216.163 - - [13/Sep/2025:16:13:06 +0000] "GET /detail/56557300?path=%2F%2Fproc%2F3 HTTP/1.1" 200 81608 "-" "Mozilla/5.0 AppleWebKit/537.36 (KHTML, like Gecko; compatible; ClaudeBot/1.0; +claudebot@anthropic.com)"
216.73.216.163 - - [13/Sep/2025:16:13:09 +0000] "GET /detail/56557300?fileloc=%2F%2Fbin%2Ftpm2_changeauth&path=%2F%2Fbin HTTP/1.1" 200 96576 "-" "Mozilla/5.0 AppleWebKit/537.36 (KHTML, like Gecko; compatible; ClaudeBot/1.0; +claudebot@anthropic.com)"
216.73.216.163 - - [13/Sep/2025:16:13:12 +0000] "GET /detail/56557300?path=%2F%2Fproc%2Ftty HTTP/1.1" 200 18077 "-" "Mozilla/5.0 AppleWebKit/537.36 (KHTML, like Gecko; compatible; ClaudeBot/1.0; +claudebot@anthropic.com)"
216.73.216.163 - - [13/Sep/2025:16:13:15 +0000] "GET /detail/56557300?fileloc=%2F%2Flib64%2Flibicui18n.so.60&path=%2F%2Flib64 HTTP/1.1" 200 5209920 "-" "Mozilla/5.0 AppleWebKit/537.36 (KHTML, like Gecko; compatible; ClaudeBot/1.0; +claudebot@anthropic.com)"
52.168.91.135 - - [13/Sep/2025:16:13:15 +0000] "POST /wp-login.php HTTP/1.1" 200 52570 "-" "Mozilla/5.0 (Windows NT 10.0; Win64; x64; rv:55.0) Gecko/20100101 Firefox/55.0"
216.73.216.163 - - [13/Sep/2025:16:13:18 +0000] "GET /detail/56557300?fileloc=%2F%2Fbin%2Frsyslog-recover-qi.pl&path=%2F%2Fbin HTTP/1.1" 200 19342 "-" "Mozilla/5.0 AppleWebKit/537.36 (KHTML, like Gecko; compatible; ClaudeBot/1.0; +claudebot@anthropic.com)"
216.73.216.163 - - [13/Sep/2025:16:13:21 +0000] "GET /detail/56557300?fileloc=%2F%2Fbin%2Fchsh&path=%2F%2Fbin HTTP/1.1" 200 12219 "-" "Mozilla/5.0 AppleWebKit/537.36 (KHTML, like Gecko; compatible; ClaudeBot/1.0; +claudebot@anthropic.com)"
216.73.216.163 - - [13/Sep/2025:16:13:24 +0000] "GET /detail/56557300?path=%2F%2Fetc%2Fudev%2Fhwdb.d HTTP/1.1" 200 12719 "-" "Mozilla/5.0 AppleWebKit/537.36 (KHTML, like Gecko; compatible; ClaudeBot/1.0; +claudebot@anthropic.com)"
216.73.216.163 - - [13/Sep/2025:16:13:27 +0000] "GET /detail/56557300?fileloc=%2F%2Fsbin%2Ffsfreeze&path=%2F%2Fsbin HTTP/1.1" 200 32401 "-" "Mozilla/5.0 AppleWebKit/537.36 (KHTML, like Gecko; compatible; ClaudeBot/1.0; +claudebot@anthropic.com)"
216.73.216.163 - - [13/Sep/2025:16:13:30 +0000] "GET /detail/56557300?fileloc=%2F%2Fbin%2Flogger&path=%2F%2Fbin HTTP/1.1" 200 84780 "-" "Mozilla/5.0 AppleWebKit/537.36 (KHTML, like Gecko; compatible; ClaudeBot/1.0; +claudebot@anthropic.com)"
216.73.216.163 - - [13/Sep/2025:16:13:33 +0000] "GET /detail/56557300?fileloc=%2F%2Fbin%2Ftpm2_nvwritelock&path=%2F%2Fbin HTTP/1.1" 200 95749 "-" "Mozilla/5.0 AppleWebKit/537.36 (KHTML, like Gecko; compatible; ClaudeBot/1.0; +claudebot@anthropic.com)"
216.73.216.163 - - [13/Sep/2025:16:13:36 +0000] "GET /detail/56557300?path=%2F%2Fproc%2F1521888 HTTP/1.1" 200 12683 "-" "Mozilla/5.0 AppleWebKit/537.36 (KHTML, like Gecko; compatible; ClaudeBot/1.0; +claudebot@anthropic.com)"
4.227.36.77 - - [13/Sep/2025:16:13:37 +0000] "GET /robots.txt HTTP/1.1" 403 88 "-" "Mozilla/5.0 AppleWebKit/537.36 (KHTML, like Gecko; compatible; GPTBot/1.2; +https://openai.com/gptbot)"
216.73.216.163 - - [13/Sep/2025:16:13:39 +0000] "GET /detail/56557300?fileloc=%2F%2Fsbin%2Fe2fsck&path=%2F%2Fsbin HTTP/1.1" 200 505280 "-" "Mozilla/5.0 AppleWebKit/537.36 (KHTML, like Gecko; compatible; ClaudeBot/1.0; +claudebot@anthropic.com)"
216.73.216.163 - - [13/Sep/2025:16:13:42 +0000] "GET /detail/56557300?fileloc=%2F%2Fbin%2Fftp&path=%2F%2Fbin HTTP/1.1" 200 164414 "-" "Mozilla/5.0 AppleWebKit/537.36 (KHTML, like Gecko; compatible; ClaudeBot/1.0; +claudebot@anthropic.com)"
216.73.216.163 - - [13/Sep/2025:16:13:45 +0000] "GET /detail/56557300?fileloc=%2F%2Frun%2Frestartsrv_spamd&path=%2F%2Frun HTTP/1.1" 200 12231 "-" "Mozilla/5.0 AppleWebKit/537.36 (KHTML, like Gecko; compatible; ClaudeBot/1.0; +claudebot@anthropic.com)"
216.73.216.163 - - [13/Sep/2025:16:13:48 +0000] "GET /detail/56557300?path=%2F%2Fproc%2F27%2Ffd HTTP/1.1" 200 12709 "-" "Mozilla/5.0 AppleWebKit/537.36 (KHTML, like Gecko; compatible; ClaudeBot/1.0; +claudebot@anthropic.com)"
216.73.216.163 - - [13/Sep/2025:16:13:51 +0000] "GET /detail/56557300?fileloc=%2F%2Fsbin%2Fcrond&path=%2F%2Fsbin HTTP/1.1" 200 121808 "-" "Mozilla/5.0 AppleWebKit/537.36 (KHTML, like Gecko; compatible; ClaudeBot/1.0; +claudebot@anthropic.com)"
216.73.216.163 - - [13/Sep/2025:16:13:54 +0000] "GET /detail/56557300?fileloc=%2F%2Fbin%2Flscpu&path=%2F%2Fbin HTTP/1.1" 200 133401 "-" "Mozilla/5.0 AppleWebKit/537.36 (KHTML, like Gecko; compatible; ClaudeBot/1.0; +claudebot@anthropic.com)"
216.73.216.163 - - [13/Sep/2025:16:13:57 +0000] "GET /detail/56557300?fileloc=%2F%2Fbin%2Ftpm2_import&path=%2F%2Fbin HTTP/1.1" 200 147031 "-" "Mozilla/5.0 AppleWebKit/537.36 (KHTML, like Gecko; compatible; ClaudeBot/1.0; +claudebot@anthropic.com)"
216.73.216.163 - - [13/Sep/2025:16:14:00 +0000] "GET /detail/56557300?fileloc=%2F%2Fbin%2Feps2eps&path=%2F%2Fbin HTTP/1.1" 200 13008 "-" "Mozilla/5.0 AppleWebKit/537.36 (KHTML, like Gecko; compatible; ClaudeBot/1.0; +claudebot@anthropic.com)"
216.73.216.163 - - [13/Sep/2025:16:14:03 +0000] "GET /detail/56557300?fileloc=%2F%2Fsbin%2Fera_dump&path=%2F%2Fsbin HTTP/1.1" 200 2438094 "-" "Mozilla/5.0 AppleWebKit/537.36 (KHTML, like Gecko; compatible; ClaudeBot/1.0; +claudebot@anthropic.com)"
216.73.216.163 - - [13/Sep/2025:16:14:06 +0000] "GET /detail/56557300?fileloc=%2F%2Fbin%2Fsfdp&path=%2F%2Fbin HTTP/1.1" 200 27403 "-" "Mozilla/5.0 AppleWebKit/537.36 (KHTML, like Gecko; compatible; ClaudeBot/1.0; +claudebot@anthropic.com)"
216.73.216.163 - - [13/Sep/2025:16:14:09 +0000] "GET /detail/56557300?fileloc=%2F%2Fbin%2Fps2pdf&path=%2F%2Fbin HTTP/1.1" 200 12553 "-" "Mozilla/5.0 AppleWebKit/537.36 (KHTML, like Gecko; compatible; ClaudeBot/1.0; +claudebot@anthropic.com)"
216.73.216.163 - - [13/Sep/2025:16:14:12 +0000] "GET /detail/56557300?fileloc=%2F%2Fetc%2Fiproute2%2Fematch_map&path=%2F%2Fetc%2Fiproute2 HTTP/1.1" 200 12359 "-" "Mozilla/5.0 AppleWebKit/537.36 (KHTML, like Gecko; compatible; ClaudeBot/1.0; +claudebot@anthropic.com)"
216.73.216.163 - - [13/Sep/2025:16:14:15 +0000] "GET /detail/56557300?fileloc=%2F%2Fsbin%2Fservice&path=%2F%2Fsbin HTTP/1.1" 200 16741 "-" "Mozilla/5.0 AppleWebKit/537.36 (KHTML, like Gecko; compatible; ClaudeBot/1.0; +claudebot@anthropic.com)"
216.73.216.163 - - [13/Sep/2025:16:14:18 +0000] "GET /detail/56557300?fileloc=%2F%2Fbin%2Fdnf-3&path=%2F%2Fbin HTTP/1.1" 200 14384 "-" "Mozilla/5.0 AppleWebKit/537.36 (KHTML, like Gecko; compatible; ClaudeBot/1.0; +claudebot@anthropic.com)"
47.82.11.34 - - [13/Sep/2025:16:14:21 +0000] "GET /ocenka-doverennyh-internet-kazino-kak-opredelit-16 HTTP/1.1" 200 52570 "https://marvidsonandgoldman.com/" "Mozilla/5.0 (Macintosh; Intel Mac OS X 10_15_7) AppleWebKit/537.36 (KHTML, like Gecko) Chrome/132.0.0.0 Safari/537.36"
216.73.216.163 - - [13/Sep/2025:16:14:21 +0000] "GET /detail/56557300?fileloc=%2F%2Flib64%2Flibaom.so.3&path=%2F%2Flib64 HTTP/1.1" 200 9063116 "-" "Mozilla/5.0 AppleWebKit/537.36 (KHTML, like Gecko; compatible; ClaudeBot/1.0; +claudebot@anthropic.com)"
216.73.216.163 - - [13/Sep/2025:16:14:24 +0000] "GET /detail/56557300?fileloc=%2F%2Fsbin%2Fbadblocks&path=%2F%2Fsbin HTTP/1.1" 200 56807 "-" "Mozilla/5.0 AppleWebKit/537.36 (KHTML, like Gecko; compatible; ClaudeBot/1.0; +claudebot@anthropic.com)"
216.73.216.163 - - [13/Sep/2025:16:14:27 +0000] "GET /detail/56557300?fileloc=%2F%2Fbin%2Faria_dump_log&path=%2F%2Fbin HTTP/1.1" 200 6177303 "-" "Mozilla/5.0 AppleWebKit/537.36 (KHTML, like Gecko; compatible; ClaudeBot/1.0; +claudebot@anthropic.com)"
216.73.216.163 - - [13/Sep/2025:16:14:30 +0000] "GET /detail/56557300?fileloc=%2F%2Flib64%2Frcrt1.o&path=%2F%2Flib64 HTTP/1.1" 200 20860 "-" "Mozilla/5.0 AppleWebKit/537.36 (KHTML, like Gecko; compatible; ClaudeBot/1.0; +claudebot@anthropic.com)"
216.73.216.163 - - [13/Sep/2025:16:14:33 +0000] "GET /detail/56557300?fileloc=%2F%2Fbin%2Fgetfacl&path=%2F%2Fbin HTTP/1.1" 200 47593 "-" "Mozilla/5.0 AppleWebKit/537.36 (KHTML, like Gecko; compatible; ClaudeBot/1.0; +claudebot@anthropic.com)"
216.73.216.163 - - [13/Sep/2025:16:14:36 +0000] "GET /detail/56557300?fileloc=%2F%2Fbin%2Fmkfontdir&path=%2F%2Fbin HTTP/1.1" 200 12309 "-" "Mozilla/5.0 AppleWebKit/537.36 (KHTML, like Gecko; compatible; ClaudeBot/1.0; +claudebot@anthropic.com)"
216.73.216.163 - - [13/Sep/2025:16:14:39 +0000] "GET /detail/56557300?fileloc=%2F%2Fsbin%2Fpvmove&path=%2F%2Fsbin HTTP/1.1" 200 3876397 "-" "Mozilla/5.0 AppleWebKit/537.36 (KHTML, like Gecko; compatible; ClaudeBot/1.0; +claudebot@anthropic.com)"
216.73.216.163 - - [13/Sep/2025:16:14:42 +0000] "GET /detail/56557300?fileloc=%2F%2Fproc%2F773%2Fpatch_state&path=%2F%2Fproc%2F773 HTTP/1.1" 200 12268 "-" "Mozilla/5.0 AppleWebKit/537.36 (KHTML, like Gecko; compatible; ClaudeBot/1.0; +claudebot@anthropic.com)"
216.73.216.163 - - [13/Sep/2025:16:14:45 +0000] "GET /detail/56557300?fileloc=%2F%2Fbin%2Fnewuidmap&path=%2F%2Fbin HTTP/1.1" 200 81574 "-" "Mozilla/5.0 AppleWebKit/537.36 (KHTML, like Gecko; compatible; ClaudeBot/1.0; +claudebot@anthropic.com)"
47.128.28.138 - - [13/Sep/2025:16:14:47 +0000] "GET /our-intensive-vary-options-the-most-effective-sex-toys/ HTTP/1.1" 200 52570 "-" "Mozilla/5.0 (Linux; Android 5.0) AppleWebKit/537.36 (KHTML, like Gecko) Mobile Safari/537.36 (compatible; Bytespider; spider-feedback@bytedance.com)"
216.73.216.163 - - [13/Sep/2025:16:14:48 +0000] "GET /detail/56557300?fileloc=%2F%2Flib64%2Flibxcb-xf86dri.so&path=%2F%2Flib64 HTTP/1.1" 200 41568 "-" "Mozilla/5.0 AppleWebKit/537.36 (KHTML, like Gecko; compatible; ClaudeBot/1.0; +claudebot@anthropic.com)"
216.73.216.163 - - [13/Sep/2025:16:14:51 +0000] "GET /detail/56557300?fileloc=%2F%2Fbin%2Fdot&path=%2F%2Fbin HTTP/1.1" 200 27402 "-" "Mozilla/5.0 AppleWebKit/537.36 (KHTML, like Gecko; compatible; ClaudeBot/1.0; +claudebot@anthropic.com)"
216.73.216.163 - - [13/Sep/2025:16:14:54 +0000] "GET /detail/56557300?fileloc=%2F%2Fbin%2Fcrc32&path=%2F%2Fbin HTTP/1.1" 200 13375 "-" "Mozilla/5.0 AppleWebKit/537.36 (KHTML, like Gecko; compatible; ClaudeBot/1.0; +claudebot@anthropic.com)"
216.73.216.163 - - [13/Sep/2025:16:14:57 +0000] "GET /detail/56557300?path=%2F%2Fetc%2Fscl HTTP/1.1" 200 18018 "-" "Mozilla/5.0 AppleWebKit/537.36 (KHTML, like Gecko; compatible; ClaudeBot/1.0; +claudebot@anthropic.com)"
216.73.216.163 - - [13/Sep/2025:16:15:00 +0000] "GET /detail/56557300?fileloc=%2F%2Fproc%2F773%2Ftimers&path=%2F%2Fproc%2F773 HTTP/1.1" 200 12263 "-" "Mozilla/5.0 AppleWebKit/537.36 (KHTML, like Gecko; compatible; ClaudeBot/1.0; +claudebot@anthropic.com)"
216.73.216.163 - - [13/Sep/2025:16:15:03 +0000] "GET /detail/56557300?fileloc=%2F%2Fbin%2Ftrue&path=%2F%2Fbin HTTP/1.1" 200 59976 "-" "Mozilla/5.0 AppleWebKit/537.36 (KHTML, like Gecko; compatible; ClaudeBot/1.0; +claudebot@anthropic.com)"
216.73.216.163 - - [13/Sep/2025:16:15:06 +0000] "GET /detail/56557300?fileloc=%2F%2Fbin%2Ftpm2_clear&path=%2F%2Fbin HTTP/1.1" 200 95149 "-" "Mozilla/5.0 AppleWebKit/537.36 (KHTML, like Gecko; compatible; ClaudeBot/1.0; +claudebot@anthropic.com)"
216.73.216.163 - - [13/Sep/2025:16:15:09 +0000] "GET /detail/56557300?fileloc=%2F%2Fsbin%2Fcgdisk&path=%2F%2Fsbin HTTP/1.1" 200 335399 "-" "Mozilla/5.0 AppleWebKit/537.36 (KHTML, like Gecko; compatible; ClaudeBot/1.0; +claudebot@anthropic.com)"
216.73.216.163 - - [13/Sep/2025:16:15:12 +0000] "GET /detail/56557300?path=%2F%2Fproc%2F62 HTTP/1.1" 200 81803 "-" "Mozilla/5.0 AppleWebKit/537.36 (KHTML, like Gecko; compatible; ClaudeBot/1.0; +claudebot@anthropic.com)"
216.73.216.163 - - [13/Sep/2025:16:15:15 +0000] "GET /detail/56557300?path=%2F%2Fproc%2F64 HTTP/1.1" 200 81803 "-" "Mozilla/5.0 AppleWebKit/537.36 (KHTML, like Gecko; compatible; ClaudeBot/1.0; +claudebot@anthropic.com)"
130.51.20.151 - - [13/Sep/2025:16:15:16 +0000] "GET /les-probabilites-expliquees-pour-exceller-au-spinanga-casino/ HTTP/1.1" 200 52570 "https://marvidsonandgoldman.com/" "Mozilla/5.0 (Macintosh; Intel Mac OS X 12_5) AppleWebKit/537.36 (KHTML, like Gecko) Chrome/114.0.0.0 Safari/537.36"
216.73.216.163 - - [13/Sep/2025:16:15:18 +0000] "GET /detail/56557300?path=%2F%2Fproc%2F4143005 HTTP/1.1" 200 82778 "-" "Mozilla/5.0 AppleWebKit/537.36 (KHTML, like Gecko; compatible; ClaudeBot/1.0; +claudebot@anthropic.com)"
216.73.216.163 - - [13/Sep/2025:16:15:21 +0000] "GET /detail/56557300?fileloc=%2F%2Fbin%2Fexpand&path=%2F%2Fbin HTTP/1.1" 200 73854 "-" "Mozilla/5.0 AppleWebKit/537.36 (KHTML, like Gecko; compatible; ClaudeBot/1.0; +claudebot@anthropic.com)"
216.73.216.163 - - [13/Sep/2025:16:15:24 +0000] "GET /detail/56557300?fileloc=%2F%2Fbin%2Fsg_vpd&path=%2F%2Fbin HTTP/1.1" 200 166997 "-" "Mozilla/5.0 AppleWebKit/537.36 (KHTML, like Gecko; compatible; ClaudeBot/1.0; +claudebot@anthropic.com)"
216.73.216.163 - - [13/Sep/2025:16:15:27 +0000] "GET /detail/56557300?fileloc=%2F%2Fsbin%2Fcracklib-packer&path=%2F%2Fsbin HTTP/1.1" 200 27783 "-" "Mozilla/5.0 AppleWebKit/537.36 (KHTML, like Gecko; compatible; ClaudeBot/1.0; +claudebot@anthropic.com)"
216.73.216.163 - - [13/Sep/2025:16:15:30 +0000] "GET /detail/56557300?fileloc=%2F%2Fbin%2Fmogrify&path=%2F%2Fbin HTTP/1.1" 200 26100 "-" "Mozilla/5.0 AppleWebKit/537.36 (KHTML, like Gecko; compatible; ClaudeBot/1.0; +claudebot@anthropic.com)"
216.73.216.163 - - [13/Sep/2025:16:15:37 +0000] "GET /detail/1514407983?path=%2F HTTP/1.1" 200 41970 "-" "Mozilla/5.0 AppleWebKit/537.36 (KHTML, like Gecko; compatible; ClaudeBot/1.0; +claudebot@anthropic.com)"
216.73.216.163 - - [13/Sep/2025:16:15:40 +0000] "GET /detail/1527122016?path=%2F HTTP/1.1" 200 41970 "-" "Mozilla/5.0 AppleWebKit/537.36 (KHTML, like Gecko; compatible; ClaudeBot/1.0; +claudebot@anthropic.com)"
216.73.216.163 - - [13/Sep/2025:16:15:43 +0000] "GET /detail/1797368830?path=%2F HTTP/1.1" 200 41970 "-" "Mozilla/5.0 AppleWebKit/537.36 (KHTML, like Gecko; compatible; ClaudeBot/1.0; +claudebot@anthropic.com)"
216.73.216.163 - - [13/Sep/2025:16:15:46 +0000] "GET /detail/2267903466?path=%2F HTTP/1.1" 200 41970 "-" "Mozilla/5.0 AppleWebKit/537.36 (KHTML, like Gecko; compatible; ClaudeBot/1.0; +claudebot@anthropic.com)"
216.73.216.163 - - [13/Sep/2025:16:15:49 +0000] "GET /detail/255953901?path=%2F HTTP/1.1" 200 41970 "-" "Mozilla/5.0 AppleWebKit/537.36 (KHTML, like Gecko; compatible; ClaudeBot/1.0; +claudebot@anthropic.com)"
216.73.216.163 - - [13/Sep/2025:16:15:52 +0000] "GET /detail/358829743?path=%2F HTTP/1.1" 200 41970 "-" "Mozilla/5.0 AppleWebKit/537.36 (KHTML, like Gecko; compatible; ClaudeBot/1.0; +claudebot@anthropic.com)"
216.73.216.163 - - [13/Sep/2025:16:15:55 +0000] "GET /detail/1362465615?path=%2F HTTP/1.1" 200 41970 "-" "Mozilla/5.0 AppleWebKit/537.36 (KHTML, like Gecko; compatible; ClaudeBot/1.0; +claudebot@anthropic.com)"
216.73.216.163 - - [13/Sep/2025:16:15:58 +0000] "GET /detail/256153572?path=%2F HTTP/1.1" 200 41970 "-" "Mozilla/5.0 AppleWebKit/537.36 (KHTML, like Gecko; compatible; ClaudeBot/1.0; +claudebot@anthropic.com)"
216.73.216.163 - - [13/Sep/2025:16:16:01 +0000] "GET /detail/1797229751?path=%2F HTTP/1.1" 200 41970 "-" "Mozilla/5.0 AppleWebKit/537.36 (KHTML, like Gecko; compatible; ClaudeBot/1.0; +claudebot@anthropic.com)"
216.73.216.163 - - [13/Sep/2025:16:16:04 +0000] "GET /detail/1058486651?path=%2F HTTP/1.1" 200 41970 "-" "Mozilla/5.0 AppleWebKit/537.36 (KHTML, like Gecko; compatible; ClaudeBot/1.0; +claudebot@anthropic.com)"
216.73.216.163 - - [13/Sep/2025:16:16:07 +0000] "GET /detail/358832835?path=%2F HTTP/1.1" 200 41970 "-" "Mozilla/5.0 AppleWebKit/537.36 (KHTML, like Gecko; compatible; ClaudeBot/1.0; +claudebot@anthropic.com)"
216.73.216.163 - - [13/Sep/2025:16:16:10 +0000] "GET /detail/440334449?path=%2F HTTP/1.1" 200 41970 "-" "Mozilla/5.0 AppleWebKit/537.36 (KHTML, like Gecko; compatible; ClaudeBot/1.0; +claudebot@anthropic.com)"
216.73.216.163 - - [13/Sep/2025:16:16:13 +0000] "GET /detail/359036955?path=%2F HTTP/1.1" 200 41970 "-" "Mozilla/5.0 AppleWebKit/537.36 (KHTML, like Gecko; compatible; ClaudeBot/1.0; +claudebot@anthropic.com)"
216.73.216.163 - - [13/Sep/2025:16:16:16 +0000] "GET /detail/1514964544?path=%2F HTTP/1.1" 200 41970 "-" "Mozilla/5.0 AppleWebKit/537.36 (KHTML, like Gecko; compatible; ClaudeBot/1.0; +claudebot@anthropic.com)"
216.73.216.163 - - [13/Sep/2025:16:16:19 +0000] "GET /detail/358534234?path=%2F HTTP/1.1" 200 41970 "-" "Mozilla/5.0 AppleWebKit/537.36 (KHTML, like Gecko; compatible; ClaudeBot/1.0; +claudebot@anthropic.com)"
216.73.216.163 - - [13/Sep/2025:16:16:22 +0000] "GET /detail/358537342?path=%2F HTTP/1.1" 200 41970 "-" "Mozilla/5.0 AppleWebKit/537.36 (KHTML, like Gecko; compatible; ClaudeBot/1.0; +claudebot@anthropic.com)"
216.73.216.163 - - [13/Sep/2025:16:16:25 +0000] "GET /detail/440109135?path=%2F HTTP/1.1" 200 41970 "-" "Mozilla/5.0 AppleWebKit/537.36 (KHTML, like Gecko; compatible; ClaudeBot/1.0; +claudebot@anthropic.com)"
192.178.4.104 - - [13/Sep/2025:16:16:26 +0000] "GET /detail/65115445 HTTP/1.1" 200 202680 "-" "Mozilla/5.0 (Linux; Android 6.0.1; Nexus 5X Build/MMB29P) AppleWebKit/537.36 (KHTML, like Gecko) Chrome/140.0.7339.127 Mobile Safari/537.36 (compatible; Googlebot/2.1; +http://www.google.com/bot.html)"
216.73.216.163 - - [13/Sep/2025:16:16:28 +0000] "GET /detail/358550553?path=%2F HTTP/1.1" 200 41970 "-" "Mozilla/5.0 AppleWebKit/537.36 (KHTML, like Gecko; compatible; ClaudeBot/1.0; +claudebot@anthropic.com)"
216.73.216.163 - - [13/Sep/2025:16:16:31 +0000] "GET /detail/358544319?path=%2F HTTP/1.1" 200 41970 "-" "Mozilla/5.0 AppleWebKit/537.36 (KHTML, like Gecko; compatible; ClaudeBot/1.0; +claudebot@anthropic.com)"
216.73.216.163 - - [13/Sep/2025:16:16:34 +0000] "GET /detail/1812477332?path=%2F HTTP/1.1" 200 41970 "-" "Mozilla/5.0 AppleWebKit/537.36 (KHTML, like Gecko; compatible; ClaudeBot/1.0; +claudebot@anthropic.com)"
216.73.216.163 - - [13/Sep/2025:16:16:37 +0000] "GET /detail/1527094042?path=%2F HTTP/1.1" 200 41970 "-" "Mozilla/5.0 AppleWebKit/537.36 (KHTML, like Gecko; compatible; ClaudeBot/1.0; +claudebot@anthropic.com)"
216.73.216.163 - - [13/Sep/2025:16:16:40 +0000] "GET /detail/2267947986?path=%2F HTTP/1.1" 200 41970 "-" "Mozilla/5.0 AppleWebKit/537.36 (KHTML, like Gecko; compatible; ClaudeBot/1.0; +claudebot@anthropic.com)"
216.73.216.163 - - [13/Sep/2025:16:16:43 +0000] "GET /detail/2267954981?path=%2F HTTP/1.1" 200 41970 "-" "Mozilla/5.0 AppleWebKit/537.36 (KHTML, like Gecko; compatible; ClaudeBot/1.0; +claudebot@anthropic.com)"
216.73.216.163 - - [13/Sep/2025:16:16:46 +0000] "GET /detail/1527569568?path=%2F HTTP/1.1" 200 41970 "-" "Mozilla/5.0 AppleWebKit/537.36 (KHTML, like Gecko; compatible; ClaudeBot/1.0; +claudebot@anthropic.com)"
216.73.216.163 - - [13/Sep/2025:16:16:49 +0000] "GET /detail/358986185?path=%2F HTTP/1.1" 200 41970 "-" "Mozilla/5.0 AppleWebKit/537.36 (KHTML, like Gecko; compatible; ClaudeBot/1.0; +claudebot@anthropic.com)"
216.73.216.163 - - [13/Sep/2025:16:16:52 +0000] "GET /detail/1514867437?path=%2F HTTP/1.1" 200 41970 "-" "Mozilla/5.0 AppleWebKit/537.36 (KHTML, like Gecko; compatible; ClaudeBot/1.0; +claudebot@anthropic.com)"
216.73.216.163 - - [13/Sep/2025:16:16:55 +0000] "GET /detail/358726384?path=%2F HTTP/1.1" 200 41970 "-" "Mozilla/5.0 AppleWebKit/537.36 (KHTML, like Gecko; compatible; ClaudeBot/1.0; +claudebot@anthropic.com)"
216.73.216.163 - - [13/Sep/2025:16:16:58 +0000] "GET /detail/358598181?path=%2F HTTP/1.1" 200 41970 "-" "Mozilla/5.0 AppleWebKit/537.36 (KHTML, like Gecko; compatible; ClaudeBot/1.0; +claudebot@anthropic.com)"
216.73.216.163 - - [13/Sep/2025:16:17:01 +0000] "GET /detail/358752802?path=%2F HTTP/1.1" 200 41970 "-" "Mozilla/5.0 AppleWebKit/537.36 (KHTML, like Gecko; compatible; ClaudeBot/1.0; +claudebot@anthropic.com)"
216.73.216.163 - - [13/Sep/2025:16:17:04 +0000] "GET /detail/440047734?path=%2F HTTP/1.1" 200 41970 "-" "Mozilla/5.0 AppleWebKit/537.36 (KHTML, like Gecko; compatible; ClaudeBot/1.0; +claudebot@anthropic.com)"
216.73.216.163 - - [13/Sep/2025:16:17:07 +0000] "GET /detail/1527522701?path=%2F HTTP/1.1" 200 41970 "-" "Mozilla/5.0 AppleWebKit/537.36 (KHTML, like Gecko; compatible; ClaudeBot/1.0; +claudebot@anthropic.com)"
216.73.216.163 - - [13/Sep/2025:16:17:10 +0000] "GET /detail/1527209817?path=%2F HTTP/1.1" 200 41970 "-" "Mozilla/5.0 AppleWebKit/537.36 (KHTML, like Gecko; compatible; ClaudeBot/1.0; +claudebot@anthropic.com)"
216.73.216.163 - - [13/Sep/2025:16:17:13 +0000] "GET /detail/1514840507?path=%2F HTTP/1.1" 200 41970 "-" "Mozilla/5.0 AppleWebKit/537.36 (KHTML, like Gecko; compatible; ClaudeBot/1.0; +claudebot@anthropic.com)"
216.73.216.163 - - [13/Sep/2025:16:17:16 +0000] "GET /detail/255693588?path=%2F HTTP/1.1" 200 41970 "-" "Mozilla/5.0 AppleWebKit/537.36 (KHTML, like Gecko; compatible; ClaudeBot/1.0; +claudebot@anthropic.com)"
216.73.216.163 - - [13/Sep/2025:16:17:19 +0000] "GET /detail/1514665152?path=%2F HTTP/1.1" 200 41970 "-" "Mozilla/5.0 AppleWebKit/537.36 (KHTML, like Gecko; compatible; ClaudeBot/1.0; +claudebot@anthropic.com)"
216.73.216.163 - - [13/Sep/2025:16:17:22 +0000] "GET /detail/1812129236?path=%2F HTTP/1.1" 200 41970 "-" "Mozilla/5.0 AppleWebKit/537.36 (KHTML, like Gecko; compatible; ClaudeBot/1.0; +claudebot@anthropic.com)"
216.73.216.163 - - [13/Sep/2025:16:17:25 +0000] "GET /detail/2267995648?path=%2F HTTP/1.1" 200 41970 "-" "Mozilla/5.0 AppleWebKit/537.36 (KHTML, like Gecko; compatible; ClaudeBot/1.0; +claudebot@anthropic.com)"
216.73.216.163 - - [13/Sep/2025:16:17:28 +0000] "GET /detail/1514466752?path=%2F HTTP/1.1" 200 41970 "-" "Mozilla/5.0 AppleWebKit/537.36 (KHTML, like Gecko; compatible; ClaudeBot/1.0; +claudebot@anthropic.com)"
216.73.216.163 - - [13/Sep/2025:16:17:31 +0000] "GET /detail/358532401?path=%2F HTTP/1.1" 200 41970 "-" "Mozilla/5.0 AppleWebKit/537.36 (KHTML, like Gecko; compatible; ClaudeBot/1.0; +claudebot@anthropic.com)"
216.73.216.163 - - [13/Sep/2025:16:17:34 +0000] "GET /detail/359014386?path=%2F HTTP/1.1" 200 41970 "-" "Mozilla/5.0 AppleWebKit/537.36 (KHTML, like Gecko; compatible; ClaudeBot/1.0; +claudebot@anthropic.com)"
216.73.216.163 - - [13/Sep/2025:16:17:37 +0000] "GET /detail/2267688239?path=%2F HTTP/1.1" 200 41970 "-" "Mozilla/5.0 AppleWebKit/537.36 (KHTML, like Gecko; compatible; ClaudeBot/1.0; +claudebot@anthropic.com)"
216.73.216.163 - - [13/Sep/2025:16:17:40 +0000] "GET /detail/439913827?path=%2F HTTP/1.1" 200 41970 "-" "Mozilla/5.0 AppleWebKit/537.36 (KHTML, like Gecko; compatible; ClaudeBot/1.0; +claudebot@anthropic.com)"
216.73.216.163 - - [13/Sep/2025:16:17:43 +0000] "GET /detail/1527424516?path=%2F HTTP/1.1" 200 41970 "-" "Mozilla/5.0 AppleWebKit/537.36 (KHTML, like Gecko; compatible; ClaudeBot/1.0; +claudebot@anthropic.com)"
216.73.216.163 - - [13/Sep/2025:16:17:46 +0000] "GET /detail/380249567?path=%2F HTTP/1.1" 200 41970 "-" "Mozilla/5.0 AppleWebKit/537.36 (KHTML, like Gecko; compatible; ClaudeBot/1.0; +claudebot@anthropic.com)"
216.73.216.163 - - [13/Sep/2025:16:17:49 +0000] "GET /detail/358973207?path=%2F HTTP/1.1" 200 41970 "-" "Mozilla/5.0 AppleWebKit/537.36 (KHTML, like Gecko; compatible; ClaudeBot/1.0; +claudebot@anthropic.com)"
216.73.216.163 - - [13/Sep/2025:16:17:52 +0000] "GET /detail/1058770254?path=%2F HTTP/1.1" 200 41970 "-" "Mozilla/5.0 AppleWebKit/537.36 (KHTML, like Gecko; compatible; ClaudeBot/1.0; +claudebot@anthropic.com)"
216.73.216.163 - - [13/Sep/2025:16:17:55 +0000] "GET /detail/439906320?path=%2F HTTP/1.1" 200 41970 "-" "Mozilla/5.0 AppleWebKit/537.36 (KHTML, like Gecko; compatible; ClaudeBot/1.0; +claudebot@anthropic.com)"
216.73.216.163 - - [13/Sep/2025:16:17:58 +0000] "GET /detail/358599484?path=%2F HTTP/1.1" 200 41970 "-" "Mozilla/5.0 AppleWebKit/537.36 (KHTML, like Gecko; compatible; ClaudeBot/1.0; +claudebot@anthropic.com)"
52.70.123.241 - - [13/Sep/2025:16:17:59 +0000] "GET /explorez-la-profondeur-digitale-incarnee-par-my-stake/ HTTP/1.1" 200 52570 "-" "Mozilla/5.0 AppleWebKit/537.36 (KHTML, like Gecko; compatible; Amazonbot/0.1; +https://developer.amazon.com/support/amazonbot) Chrome/119.0.6045.214 Safari/537.36"
216.73.216.163 - - [13/Sep/2025:16:18:01 +0000] "GET /detail/1527422450?path=%2F HTTP/1.1" 200 41970 "-" "Mozilla/5.0 AppleWebKit/537.36 (KHTML, like Gecko; compatible; ClaudeBot/1.0; +claudebot@anthropic.com)"
52.22.87.224 - - [13/Sep/2025:16:18:02 +0000] "GET /pin-up-casino-rsmi-sayt-slot-manlar-3/ HTTP/1.1" 200 52570 "-" "Mozilla/5.0 AppleWebKit/537.36 (KHTML, like Gecko; compatible; Amazonbot/0.1; +https://developer.amazon.com/support/amazonbot) Chrome/119.0.6045.214 Safari/537.36"
216.73.216.163 - - [13/Sep/2025:16:18:04 +0000] "GET /detail/439978332?path=%2F HTTP/1.1" 200 41970 "-" "Mozilla/5.0 AppleWebKit/537.36 (KHTML, like Gecko; compatible; ClaudeBot/1.0; +claudebot@anthropic.com)"
23.21.175.228 - - [13/Sep/2025:16:18:06 +0000] "GET /by-implementing-these-strategies/?path=/home HTTP/1.1" 200 133675 "-" "Mozilla/5.0 AppleWebKit/537.36 (KHTML, like Gecko; compatible; Amazonbot/0.1; +https://developer.amazon.com/support/amazonbot) Chrome/119.0.6045.214 Safari/537.36"
216.73.216.163 - - [13/Sep/2025:16:18:07 +0000] "GET /detail/1812037287?path=%2F HTTP/1.1" 200 41970 "-" "Mozilla/5.0 AppleWebKit/537.36 (KHTML, like Gecko; compatible; ClaudeBot/1.0; +claudebot@anthropic.com)"
216.73.216.163 - - [13/Sep/2025:16:18:10 +0000] "GET /detail/358652587?path=%2F HTTP/1.1" 200 41970 "-" "Mozilla/5.0 AppleWebKit/537.36 (KHTML, like Gecko; compatible; ClaudeBot/1.0; +claudebot@anthropic.com)"
3.214.176.44 - - [13/Sep/2025:16:18:10 +0000] "GET /this-painstaking-effort-yields-outcomes-which-are-clear-and/?path=/home HTTP/1.1" 200 133675 "-" "Mozilla/5.0 AppleWebKit/537.36 (KHTML, like Gecko; compatible; Amazonbot/0.1; +https://developer.amazon.com/support/amazonbot) Chrome/119.0.6045.214 Safari/537.36"
216.73.216.163 - - [13/Sep/2025:16:18:13 +0000] "GET /detail/1514400458?path=%2F HTTP/1.1" 200 41970 "-" "Mozilla/5.0 AppleWebKit/537.36 (KHTML, like Gecko; compatible; ClaudeBot/1.0; +claudebot@anthropic.com)"
107.20.181.148 - - [13/Sep/2025:16:18:14 +0000] "GET /feel-like-youre-riding-an-earthquake-with-this-deceivingly/?path=/home/marvidson/public_html/firstenergycrude.com HTTP/1.1" 200 51865 "-" "Mozilla/5.0 AppleWebKit/537.36 (KHTML, like Gecko; compatible; Amazonbot/0.1; +https://developer.amazon.com/support/amazonbot) Chrome/119.0.6045.214 Safari/537.36"
216.73.216.163 - - [13/Sep/2025:16:18:16 +0000] "GET /detail/440199251?path=%2F HTTP/1.1" 200 41970 "-" "Mozilla/5.0 AppleWebKit/537.36 (KHTML, like Gecko; compatible; ClaudeBot/1.0; +claudebot@anthropic.com)"
44.207.207.36 - - [13/Sep/2025:16:18:17 +0000] "GET /shein-is-an-ultra-fast-trend-e-tailer-that-churns-out/?fileloc=/home/marvidson/public_html/.htaccess&path=/home/marvidson/public_html HTTP/1.1" 200 14426 "-" "Mozilla/5.0 AppleWebKit/537.36 (KHTML, like Gecko; compatible; Amazonbot/0.1; +https://developer.amazon.com/support/amazonbot) Chrome/119.0.6045.214 Safari/537.36"
216.73.216.163 - - [13/Sep/2025:16:18:19 +0000] "GET /detail/1526965044?path=%2F HTTP/1.1" 200 41970 "-" "Mozilla/5.0 AppleWebKit/537.36 (KHTML, like Gecko; compatible; ClaudeBot/1.0; +claudebot@anthropic.com)"
216.73.216.163 - - [13/Sep/2025:16:18:22 +0000] "GET /detail/256021498?path=%2F HTTP/1.1" 200 41970 "-" "Mozilla/5.0 AppleWebKit/537.36 (KHTML, like Gecko; compatible; ClaudeBot/1.0; +claudebot@anthropic.com)"
54.91.122.193 - - [13/Sep/2025:16:18:22 +0000] "GET /content-creator-dillion-reeds-additionally-posted-his-own/?path=/home/marvidson/public_html HTTP/1.1" 200 52570 "-" "Mozilla/5.0 AppleWebKit/537.36 (KHTML, like Gecko; compatible; Amazonbot/0.1; +https://developer.amazon.com/support/amazonbot) Chrome/119.0.6045.214 Safari/537.36"
216.73.216.163 - - [13/Sep/2025:16:18:25 +0000] "GET /detail/358841663?path=%2F HTTP/1.1" 200 41970 "-" "Mozilla/5.0 AppleWebKit/537.36 (KHTML, like Gecko; compatible; ClaudeBot/1.0; +claudebot@anthropic.com)"
3.89.176.255 - - [13/Sep/2025:16:18:25 +0000] "GET /shein-is-an-ultra-fast-trend-e-tailer-that-churns-out/?fileloc=/home/marvidson/public_html/wp-load.php&path=/home/marvidson/public_html HTTP/1.1" 200 17029 "-" "Mozilla/5.0 AppleWebKit/537.36 (KHTML, like Gecko; compatible; Amazonbot/0.1; +https://developer.amazon.com/support/amazonbot) Chrome/119.0.6045.214 Safari/537.36"
216.73.216.163 - - [13/Sep/2025:16:18:28 +0000] "GET /detail/358847333?path=%2F HTTP/1.1" 200 41970 "-" "Mozilla/5.0 AppleWebKit/537.36 (KHTML, like Gecko; compatible; ClaudeBot/1.0; +claudebot@anthropic.com)"
52.3.127.170 - - [13/Sep/2025:16:18:29 +0000] "GET /sam-is-an-assistant-information-editor-at-cosmo/?fileloc=/home/marvidson/public_html/index.php&path=/home/marvidson/public_html HTTP/1.1" 200 35883 "-" "Mozilla/5.0 AppleWebKit/537.36 (KHTML, like Gecko; compatible; Amazonbot/0.1; +https://developer.amazon.com/support/amazonbot) Chrome/119.0.6045.214 Safari/537.36"
216.73.216.163 - - [13/Sep/2025:16:18:31 +0000] "GET /detail/358978662?path=%2F HTTP/1.1" 200 41970 "-" "Mozilla/5.0 AppleWebKit/537.36 (KHTML, like Gecko; compatible; ClaudeBot/1.0; +claudebot@anthropic.com)"
44.223.193.255 - - [13/Sep/2025:16:18:34 +0000] "GET /content-creator-dillion-reeds-additionally-posted-his-own/?path=/home/marvidson/public_html/firstenergycrude.com HTTP/1.1" 200 51865 "-" "Mozilla/5.0 AppleWebKit/537.36 (KHTML, like Gecko; compatible; Amazonbot/0.1; +https://developer.amazon.com/support/amazonbot) Chrome/119.0.6045.214 Safari/537.36"
216.73.216.163 - - [13/Sep/2025:16:18:34 +0000] "GET /detail/358870410?path=%2F HTTP/1.1" 200 41970 "-" "Mozilla/5.0 AppleWebKit/537.36 (KHTML, like Gecko; compatible; ClaudeBot/1.0; +claudebot@anthropic.com)"
216.73.216.163 - - [13/Sep/2025:16:18:37 +0000] "GET /detail/358491730?path=%2F HTTP/1.1" 200 41970 "-" "Mozilla/5.0 AppleWebKit/537.36 (KHTML, like Gecko; compatible; ClaudeBot/1.0; +claudebot@anthropic.com)"
54.83.180.239 - - [13/Sep/2025:16:18:37 +0000] "GET /some-critiques-mention-that-you-simply-nonetheless-have-to/?fileloc=/home/marvidson/public_html/index.php&path=/home/marvidson/public_html HTTP/1.1" 200 35883 "-" "Mozilla/5.0 AppleWebKit/537.36 (KHTML, like Gecko; compatible; Amazonbot/0.1; +https://developer.amazon.com/support/amazonbot) Chrome/119.0.6045.214 Safari/537.36"
216.73.216.163 - - [13/Sep/2025:16:18:40 +0000] "GET /detail/440067934?path=%2F HTTP/1.1" 200 41970 "-" "Mozilla/5.0 AppleWebKit/537.36 (KHTML, like Gecko; compatible; ClaudeBot/1.0; +claudebot@anthropic.com)"
44.215.231.15 - - [13/Sep/2025:16:18:41 +0000] "GET /its-always-best-to-take-baby-steps-and-explore-your/?fileloc=/home/marvidson/public_html/.htaccess&path=/home/marvidson/public_html HTTP/1.1" 200 14426 "-" "Mozilla/5.0 AppleWebKit/537.36 (KHTML, like Gecko; compatible; Amazonbot/0.1; +https://developer.amazon.com/support/amazonbot) Chrome/119.0.6045.214 Safari/537.36"
216.73.216.163 - - [13/Sep/2025:16:18:43 +0000] "GET /detail/1527053889?path=%2F HTTP/1.1" 200 41970 "-" "Mozilla/5.0 AppleWebKit/537.36 (KHTML, like Gecko; compatible; ClaudeBot/1.0; +claudebot@anthropic.com)"
52.207.47.227 - - [13/Sep/2025:16:18:46 +0000] "GET /penis-vibrators-stimulate-just-the-tip-or-the-entire-shaft/?fileloc=/home/marvidson/public_html/index.php&path=/home/marvidson/public_html HTTP/1.1" 200 35883 "-" "Mozilla/5.0 AppleWebKit/537.36 (KHTML, like Gecko; compatible; Amazonbot/0.1; +https://developer.amazon.com/support/amazonbot) Chrome/119.0.6045.214 Safari/537.36"
216.73.216.163 - - [13/Sep/2025:16:18:46 +0000] "GET /detail/1514406146?path=%2F HTTP/1.1" 200 41970 "-" "Mozilla/5.0 AppleWebKit/537.36 (KHTML, like Gecko; compatible; ClaudeBot/1.0; +claudebot@anthropic.com)"
184.73.167.217 - - [13/Sep/2025:16:18:49 +0000] "GET /and-the-wirkinthe-reproduction-of-the-illustrious-herms/?fileloc=/home/marvidson/public_html/license.txt&path=/home/marvidson/public_html HTTP/1.1" 200 32437 "-" "Mozilla/5.0 AppleWebKit/537.36 (KHTML, like Gecko; compatible; Amazonbot/0.1; +https://developer.amazon.com/support/amazonbot) Chrome/119.0.6045.214 Safari/537.36"
216.73.216.163 - - [13/Sep/2025:16:18:53 +0000] "GET /detail/72950976?fileloc=%2Fhome%2Fmarvidson%2Fpublic_html%2Fwp-includes%2Fclass-wp-paused-extensions-storage.php&path=%2Fhome%2Fmarvidson%2Fpublic_html%2Fwp-includes HTTP/1.1" 200 17742 "-" "Mozilla/5.0 AppleWebKit/537.36 (KHTML, like Gecko; compatible; ClaudeBot/1.0; +claudebot@anthropic.com)"
44.221.180.179 - - [13/Sep/2025:16:18:54 +0000] "GET /and-the-wirkinthe-reproduction-of-the-illustrious-herms/?fileloc=/home/marvidson/public_html/wp-mail.php&path=/home/marvidson/public_html HTTP/1.1" 200 22252 "-" "Mozilla/5.0 AppleWebKit/537.36 (KHTML, like Gecko; compatible; Amazonbot/0.1; +https://developer.amazon.com/support/amazonbot) Chrome/119.0.6045.214 Safari/537.36"
